216.73.216.139 - - [21/Mar/2026:23:21:40 +0000] "GET /ce7bb/?path=%2Fhome%2F.%2F..%2Flib64%2Fsse2%2F..%2Fperl5%2F..%2F.%2Flibtinfo.so.6.1 HTTP/1.1" 403 1242 "-" "Mozilla/5.0 AppleWebKit/537.36 (KHTML, like Gecko; compatible; ClaudeBot/1.0; +claudebot@anthropic.com)"
216.73.216.139 - - [21/Mar/2026:23:21:43 +0000] "GET /ce7bb/?path=%2Fhome%2F.%2F..%2Flib64%2Fsse2%2F..%2Fperl5%2F..%2F.%2Flibsodium.so.23.3.0 HTTP/1.1" 403 1242 "-" "Mozilla/5.0 AppleWebKit/537.36 (KHTML, like Gecko; compatible; ClaudeBot/1.0; +claudebot@anthropic.com)"
216.73.216.139 - - [21/Mar/2026:23:21:46 +0000] "GET /ce7bb/?path=%2Fhome%2F.%2F..%2Flib64%2Fsse2%2F..%2Fperl5%2F..%2F.%2Flibresolv-2.28.so HTTP/1.1" 403 1242 "-" "Mozilla/5.0 AppleWebKit/537.36 (KHTML, like Gecko; compatible; ClaudeBot/1.0; +claudebot@anthropic.com)"
216.73.216.139 - - [21/Mar/2026:23:21:49 +0000] "GET /ce7bb/?path=%2Fhome%2F.%2F..%2Flib64%2Fsse2%2F..%2Fperl5%2F..%2F.%2Flibicui18n.so.60 HTTP/1.1" 403 1242 "-" "Mozilla/5.0 AppleWebKit/537.36 (KHTML, like Gecko; compatible; ClaudeBot/1.0; +claudebot@anthropic.com)"
185.232.21.250 - - [21/Mar/2026:23:21:50 +0000] "POST /wp-admin/admin-ajax.php HTTP/1.1" 200 81 "http://kwalies.sd/wp-admin/post-new.php" "Mozilla/5.0 (Windows NT 10.0; Win64; x64) AppleWebKit/537.36 (KHTML, like Gecko) Chrome/143.0.0.0 Safari/537.36"
216.73.216.139 - - [21/Mar/2026:23:21:52 +0000] "GET /ce7bb/?path=%2Fhome%2F.%2F..%2Flib64%2Fsse2%2F..%2Fperl5%2F..%2F.%2Flibpq.so.5.13 HTTP/1.1" 403 1242 "-" "Mozilla/5.0 AppleWebKit/537.36 (KHTML, like Gecko; compatible; ClaudeBot/1.0; +claudebot@anthropic.com)"
216.73.216.139 - - [21/Mar/2026:23:21:55 +0000] "GET /ce7bb/?path=%2Fhome%2F.%2F..%2Flib64%2Fsse2%2F..%2Fperl5%2F..%2F.%2Flibdw-0.190.so HTTP/1.1" 403 1242 "-" "Mozilla/5.0 AppleWebKit/537.36 (KHTML, like Gecko; compatible; ClaudeBot/1.0; +claudebot@anthropic.com)"
216.73.216.139 - - [21/Mar/2026:23:21:58 +0000] "GET /ce7bb/?path=%2Fhome%2F.%2F..%2Flib64%2Fsse2%2F..%2Fperl5%2F.%2FSDBM_File.pm HTTP/1.1" 200 2701 "-" "Mozilla/5.0 AppleWebKit/537.36 (KHTML, like Gecko; compatible; ClaudeBot/1.0; +claudebot@anthropic.com)"
185.232.21.250 - - [21/Mar/2026:23:22:00 +0000] "POST /wp-admin/admin-ajax.php HTTP/1.1" 200 81 "http://kwalies.sd/wp-admin/post-new.php" "Mozilla/5.0 (Windows NT 10.0; Win64; x64) AppleWebKit/537.36 (KHTML, like Gecko) Chrome/143.0.0.0 Safari/537.36"
216.73.216.139 - - [21/Mar/2026:23:22:01 +0000] "GET /ce7bb/?path=%2Fhome%2F.%2F..%2Flib64%2Fsse2%2F..%2Fperl5%2F..%2F.%2Fliblwres.so HTTP/1.1" 403 1242 "-" "Mozilla/5.0 AppleWebKit/537.36 (KHTML, like Gecko; compatible; ClaudeBot/1.0; +claudebot@anthropic.com)"
216.73.216.139 - - [21/Mar/2026:23:22:04 +0000] "GET /ce7bb/?path=%2Fhome%2Fkwaliess%2Fpublic_html%2Fce7bb%2F..%2Fce7bb%2F..%2F1662779946898%2Fwp-includes%2Fjs%2Ftinymce HTTP/1.1" 403 1242 "-" "Mozilla/5.0 AppleWebKit/537.36 (KHTML, like Gecko; compatible; ClaudeBot/1.0; +claudebot@anthropic.com)"
216.73.216.139 - - [21/Mar/2026:23:22:07 +0000] "GET /ce7bb/?path=%2Fhome%2F.%2F..%2Flib64%2Fsse2%2F..%2Fperl5%2F..%2F.%2Flibverto-libevent.so.1 HTTP/1.1" 403 1242 "-" "Mozilla/5.0 AppleWebKit/537.36 (KHTML, like Gecko; compatible; ClaudeBot/1.0; +claudebot@anthropic.com)"
185.232.21.250 - - [21/Mar/2026:23:22:10 +0000] "POST /wp-admin/admin-ajax.php HTTP/1.1" 200 81 "http://kwalies.sd/wp-admin/post-new.php" "Mozilla/5.0 (Windows NT 10.0; Win64; x64) AppleWebKit/537.36 (KHTML, like Gecko) Chrome/143.0.0.0 Safari/537.36"
216.73.216.139 - - [21/Mar/2026:23:22:10 +0000] "GET /ce7bb/?path=%2Fhome%2F.%2F..%2Flib64%2Fsse2%2F..%2Fperl5%2F..%2F.%2Fp11-kit-trust.so HTTP/1.1" 403 1242 "-" "Mozilla/5.0 AppleWebKit/537.36 (KHTML, like Gecko; compatible; ClaudeBot/1.0; +claudebot@anthropic.com)"
216.73.216.139 - - [21/Mar/2026:23:22:13 +0000] "GET /ce7bb/?path=%2Fhome%2F.%2F..%2Flib64%2Fsse2%2F..%2Fperl5%2F..%2F.%2FlibXxf86vm.so.1 HTTP/1.1" 403 1242 "-" "Mozilla/5.0 AppleWebKit/537.36 (KHTML, like Gecko; compatible; ClaudeBot/1.0; +claudebot@anthropic.com)"
113.168.75.66 - - [21/Mar/2026:23:22:14 +0000] "GET /poniewaz-wyplacic-zarobki-ktorzy-maja-kasyno-w-prawdziwa-gotowka-zasady-szczegoly/ HTTP/1.1" 404 1251 "-" "Mozilla/5.0 (X11; U; Linux i686; en-US; rv:1.9.2.14pre) Gecko/20110105 Firefox/3.6.14pre"
216.73.216.139 - - [21/Mar/2026:23:22:16 +0000] "GET /ce7bb/?path=%2Fhome%2F.%2F..%2Flib64%2Fsse2%2F..%2Fperl5%2F..%2F.%2Flibply-boot-client.so.5 HTTP/1.1" 403 1242 "-" "Mozilla/5.0 AppleWebKit/537.36 (KHTML, like Gecko; compatible; ClaudeBot/1.0; +claudebot@anthropic.com)"
216.73.216.139 - - [21/Mar/2026:23:22:19 +0000] "GET /ce7bb/?path=%2Fhome%2F.%2F..%2Flib64%2Fsse2%2F..%2Fperl5%2F..%2F.%2Flibicuuc.so.60 HTTP/1.1" 403 1242 "-" "Mozilla/5.0 AppleWebKit/537.36 (KHTML, like Gecko; compatible; ClaudeBot/1.0; +claudebot@anthropic.com)"
185.232.21.250 - - [21/Mar/2026:23:22:20 +0000] "POST /wp-admin/admin-ajax.php HTTP/1.1" 200 81 "http://kwalies.sd/wp-admin/post-new.php" "Mozilla/5.0 (Windows NT 10.0; Win64; x64) AppleWebKit/537.36 (KHTML, like Gecko) Chrome/143.0.0.0 Safari/537.36"
216.73.216.139 - - [21/Mar/2026:23:22:22 +0000] "GET /ce7bb/?path=%2Fhome%2F.%2F..%2Flib64%2Fsse2%2F..%2Fperl5%2F..%2F.%2FlibEGL.so.1.1.0 HTTP/1.1" 403 1242 "-" "Mozilla/5.0 AppleWebKit/537.36 (KHTML, like Gecko; compatible; ClaudeBot/1.0; +claudebot@anthropic.com)"
216.73.216.139 - - [21/Mar/2026:23:22:25 +0000] "GET /ce7bb/?path=%2Fhome%2F.%2F..%2Flib64%2Fsse2%2F..%2Fperl5%2F..%2F.%2Flibblkid.so.1.1.0 HTTP/1.1" 403 1242 "-" "Mozilla/5.0 AppleWebKit/537.36 (KHTML, like Gecko; compatible; ClaudeBot/1.0; +claudebot@anthropic.com)"
216.73.216.139 - - [21/Mar/2026:23:22:28 +0000] "GET /ce7bb/?path=%2Fhome%2Fkwaliess%2Fpublic_html%2Fce7bb%2F..%2Fce7bb%2F..%2F1662779946898%2Fwp-includes%2Fjs%2Futils.js HTTP/1.1" 403 1242 "-" "Mozilla/5.0 AppleWebKit/537.36 (KHTML, like Gecko; compatible; ClaudeBot/1.0; +claudebot@anthropic.com)"
185.232.21.250 - - [21/Mar/2026:23:22:30 +0000] "POST /wp-admin/admin-ajax.php HTTP/1.1" 200 81 "http://kwalies.sd/wp-admin/post-new.php" "Mozilla/5.0 (Windows NT 10.0; Win64; x64) AppleWebKit/537.36 (KHTML, like Gecko) Chrome/143.0.0.0 Safari/537.36"
216.73.216.139 - - [21/Mar/2026:23:22:31 +0000] "GET /ce7bb/?path=%2Fhome%2F.%2F..%2Flib64%2Fsse2%2F..%2Fperl5%2F..%2F.%2Flibndp.so.0.1.1 HTTP/1.1" 403 1242 "-" "Mozilla/5.0 AppleWebKit/537.36 (KHTML, like Gecko; compatible; ClaudeBot/1.0; +claudebot@anthropic.com)"
216.73.216.139 - - [21/Mar/2026:23:22:34 +0000] "GET /ce7bb/?path=%2Fhome%2F.%2F..%2Flib64%2Fsse2%2F..%2Fperl5%2F..%2F.%2Flibavahi-common.so.3.5.3 HTTP/1.1" 403 1242 "-" "Mozilla/5.0 AppleWebKit/537.36 (KHTML, like Gecko; compatible; ClaudeBot/1.0; +claudebot@anthropic.com)"
216.73.216.139 - - [21/Mar/2026:23:22:37 +0000] "GET /ce7bb/?path=%2Fhome%2F.%2F..%2Flib64%2Fsse2%2F..%2Fperl5%2F..%2F.%2Flibldap_r-2.4.so.2 HTTP/1.1" 403 1242 "-" "Mozilla/5.0 AppleWebKit/537.36 (KHTML, like Gecko; compatible; ClaudeBot/1.0; +claudebot@anthropic.com)"
185.232.21.250 - - [21/Mar/2026:23:22:40 +0000] "POST /wp-admin/admin-ajax.php HTTP/1.1" 200 81 "http://kwalies.sd/wp-admin/post-new.php" "Mozilla/5.0 (Windows NT 10.0; Win64; x64) AppleWebKit/537.36 (KHTML, like Gecko) Chrome/143.0.0.0 Safari/537.36"
216.73.216.139 - - [21/Mar/2026:23:22:40 +0000] "GET /ce7bb/?path=%2Fhome%2F.%2F..%2Flib64%2Fsse2%2F..%2Fperl5%2F..%2F.%2Flibavif.so.14 HTTP/1.1" 403 1242 "-" "Mozilla/5.0 AppleWebKit/537.36 (KHTML, like Gecko; compatible; ClaudeBot/1.0; +claudebot@anthropic.com)"
216.73.216.139 - - [21/Mar/2026:23:22:44 +0000] "GET /ce7bb/?path=%2Fhome%2F.%2F..%2Flib64%2Fsse2%2F..%2Fperl5%2F..%2F.%2Fliblapack.so.3.8.0 HTTP/1.1" 200 2793138 "-" "Mozilla/5.0 AppleWebKit/537.36 (KHTML, like Gecko; compatible; ClaudeBot/1.0; +claudebot@anthropic.com)"
216.73.216.139 - - [21/Mar/2026:23:22:46 +0000] "GET /ce7bb/?path=%2Fhome%2F.%2F..%2Flib64%2Fsse2%2F..%2Fperl5%2F..%2F.%2Flibtinfo.so.5.9 HTTP/1.1" 403 1242 "-" "Mozilla/5.0 AppleWebKit/537.36 (KHTML, like Gecko; compatible; ClaudeBot/1.0; +claudebot@anthropic.com)"
216.73.216.139 - - [21/Mar/2026:23:22:49 +0000] "GET /ce7bb/?path=%2Fhome%2F.%2F..%2Flib64%2Fsse2%2F..%2Fperl5%2F..%2F.%2Flibxcb-present.so.0.0.0 HTTP/1.1" 403 1242 "-" "Mozilla/5.0 AppleWebKit/537.36 (KHTML, like Gecko; compatible; ClaudeBot/1.0; +claudebot@anthropic.com)"
185.232.21.250 - - [21/Mar/2026:23:22:50 +0000] "POST /wp-admin/admin-ajax.php HTTP/1.1" 200 81 "http://kwalies.sd/wp-admin/post-new.php" "Mozilla/5.0 (Windows NT 10.0; Win64; x64) AppleWebKit/537.36 (KHTML, like Gecko) Chrome/143.0.0.0 Safari/537.36"
216.73.216.139 - - [21/Mar/2026:23:22:52 +0000] "GET /ce7bb/?path=%2Fhome%2Fkwaliess%2Fpublic_html%2Fce7bb%2F..%2Fce7bb%2F..%2F1662779946898%2Fwp-includes%2Fpomo%2F..%2Fblocks%2Favatar HTTP/1.1" 403 1242 "-" "Mozilla/5.0 AppleWebKit/537.36 (KHTML, like Gecko; compatible; ClaudeBot/1.0; +claudebot@anthropic.com)"
216.73.216.139 - - [21/Mar/2026:23:22:55 +0000] "GET /ce7bb/?path=%2Fhome%2F.%2F..%2Flib64%2Fsse2%2F..%2Fperl5%2F..%2F.%2Flibenchant-2.so.2.2.3 HTTP/1.1" 403 1242 "-" "Mozilla/5.0 AppleWebKit/537.36 (KHTML, like Gecko; compatible; ClaudeBot/1.0; +claudebot@anthropic.com)"
216.73.216.139 - - [21/Mar/2026:23:22:58 +0000] "GET /ce7bb/?path=%2Fhome%2F.%2F..%2Flib64%2Fsse2%2F..%2Fperl5%2F..%2F.%2Flibxcb-xinput.so.0.1.0 HTTP/1.1" 403 1242 "-" "Mozilla/5.0 AppleWebKit/537.36 (KHTML, like Gecko; compatible; ClaudeBot/1.0; +claudebot@anthropic.com)"
185.232.21.250 - - [21/Mar/2026:23:23:00 +0000] "POST /wp-admin/admin-ajax.php HTTP/1.1" 200 81 "http://kwalies.sd/wp-admin/post-new.php" "Mozilla/5.0 (Windows NT 10.0; Win64; x64) AppleWebKit/537.36 (KHTML, like Gecko) Chrome/143.0.0.0 Safari/537.36"
216.73.216.139 - - [21/Mar/2026:23:23:01 +0000] "GET /ce7bb/?path=%2Fhome%2F.%2F..%2Flib64%2Fsse2%2F..%2Fperl5%2F..%2F.%2Flibwayland-server.so.0 HTTP/1.1" 403 1242 "-" "Mozilla/5.0 AppleWebKit/537.36 (KHTML, like Gecko; compatible; ClaudeBot/1.0; +claudebot@anthropic.com)"
216.73.216.139 - - [21/Mar/2026:23:23:04 +0000] "GET /ce7bb/?path=%2Fhome%2Fkwaliess%2Fpublic_html%2Fce7bb%2F..%2Fce7bb%2F..%2F1662779946898%2Fwp-includes%2Fpomo%2F..%2Fblocks%2Fgallery HTTP/1.1" 403 1242 "-" "Mozilla/5.0 AppleWebKit/537.36 (KHTML, like Gecko; compatible; ClaudeBot/1.0; +claudebot@anthropic.com)"
216.73.216.139 - - [21/Mar/2026:23:23:07 +0000] "GET /ce7bb/?path=%2Fhome%2F.%2F..%2Flib64%2Fsse2%2F..%2Fperl5%2F..%2F.%2Flibpanelw.so.6.1 HTTP/1.1" 403 1242 "-" "Mozilla/5.0 AppleWebKit/537.36 (KHTML, like Gecko; compatible; ClaudeBot/1.0; +claudebot@anthropic.com)"
185.232.21.250 - - [21/Mar/2026:23:23:10 +0000] "POST /wp-admin/admin-ajax.php HTTP/1.1" 200 81 "http://kwalies.sd/wp-admin/post-new.php" "Mozilla/5.0 (Windows NT 10.0; Win64; x64) AppleWebKit/537.36 (KHTML, like Gecko) Chrome/143.0.0.0 Safari/537.36"
216.73.216.139 - - [21/Mar/2026:23:23:10 +0000] "GET /ce7bb/?path=%2Fhome%2F.%2F..%2Flib64%2Fsse2%2F..%2Fperl5%2F..%2F.%2Flibicuio.so.60 HTTP/1.1" 403 1242 "-" "Mozilla/5.0 AppleWebKit/537.36 (KHTML, like Gecko; compatible; ClaudeBot/1.0; +claudebot@anthropic.com)"
216.73.216.139 - - [21/Mar/2026:23:23:14 +0000] "GET /ce7bb/?path=%2Fhome%2Fkwaliess%2F.subaccounts%2F..%2Fetc%2F..%2F.sitepad%2F.%2F..%2F.myimunify_id HTTP/1.1" 403 1242 "-" "Mozilla/5.0 AppleWebKit/537.36 (KHTML, like Gecko; compatible; ClaudeBot/1.0; +claudebot@anthropic.com)"
216.73.216.139 - - [21/Mar/2026:23:23:16 +0000] "GET /ce7bb/?path=%2Fhome%2F.%2F..%2Flib64%2Fsse2%2F..%2Fperl5%2F..%2F.%2Flibply.so.5 HTTP/1.1" 403 1242 "-" "Mozilla/5.0 AppleWebKit/537.36 (KHTML, like Gecko; compatible; ClaudeBot/1.0; +claudebot@anthropic.com)"
216.73.216.139 - - [21/Mar/2026:23:23:19 +0000] "GET /ce7bb/?path=%2Fhome%2F.%2F..%2Flib64%2Fsse2%2F..%2Fperl5%2F..%2F.%2Flibgovernor.so.1.2 HTTP/1.1" 403 1242 "-" "Mozilla/5.0 AppleWebKit/537.36 (KHTML, like Gecko; compatible; ClaudeBot/1.0; +claudebot@anthropic.com)"
185.232.21.250 - - [21/Mar/2026:23:23:20 +0000] "POST /wp-admin/admin-ajax.php HTTP/1.1" 200 81 "http://kwalies.sd/wp-admin/post-new.php" "Mozilla/5.0 (Windows NT 10.0; Win64; x64) AppleWebKit/537.36 (KHTML, like Gecko) Chrome/143.0.0.0 Safari/537.36"
216.73.216.139 - - [21/Mar/2026:23:23:22 +0000] "GET /ce7bb/?path=%2Fhome%2Fkwaliess%2Fpublic_html%2Fce7bb%2F..%2Fce7bb%2F..%2F1662779946898%2Fwp-includes%2Fpomo%2F..%2Ftheme-i18n.json HTTP/1.1" 403 1242 "-" "Mozilla/5.0 AppleWebKit/537.36 (KHTML, like Gecko; compatible; ClaudeBot/1.0; +claudebot@anthropic.com)"
216.73.216.139 - - [21/Mar/2026:23:23:25 +0000] "GET /ce7bb/?path=%2Fhome%2F.%2F..%2Flib64%2Fsse2%2F..%2Fperl5%2F..%2F.%2Flibteam.so.5.6.1 HTTP/1.1" 403 1242 "-" "Mozilla/5.0 AppleWebKit/537.36 (KHTML, like Gecko; compatible; ClaudeBot/1.0; +claudebot@anthropic.com)"
216.73.216.139 - - [21/Mar/2026:23:23:28 +0000] "GET /ce7bb/?path=%2Fhome%2F.%2F..%2Flib64%2Fsse2%2F..%2Fperl5%2F..%2F.%2Flibsigsegv.so.2 HTTP/1.1" 200 6294 "-" "Mozilla/5.0 AppleWebKit/537.36 (KHTML, like Gecko; compatible; ClaudeBot/1.0; +claudebot@anthropic.com)"
185.232.21.250 - - [21/Mar/2026:23:23:30 +0000] "POST /wp-admin/admin-ajax.php HTTP/1.1" 200 81 "http://kwalies.sd/wp-admin/post-new.php" "Mozilla/5.0 (Windows NT 10.0; Win64; x64) AppleWebKit/537.36 (KHTML, like Gecko) Chrome/143.0.0.0 Safari/537.36"
216.73.216.139 - - [21/Mar/2026:23:23:31 +0000] "GET /ce7bb/?path=%2Fhome%2Fkwaliess%2Fpublic_html%2Fce7bb%2F..%2Fce7bb%2F..%2F1662779946898%2Fwp-includes%2Fpomo%2F..%2Fcertificates HTTP/1.1" 403 1242 "-" "Mozilla/5.0 AppleWebKit/537.36 (KHTML, like Gecko; compatible; ClaudeBot/1.0; +claudebot@anthropic.com)"
216.73.216.139 - - [21/Mar/2026:23:23:34 +0000] "GET /ce7bb/?path=%2Fhome%2F.%2F..%2Flib64%2Fsse2%2F..%2Fperl5%2F..%2F.%2Flibdwarf.so.1.20180129.0 HTTP/1.1" 403 1242 "-" "Mozilla/5.0 AppleWebKit/537.36 (KHTML, like Gecko; compatible; ClaudeBot/1.0; +claudebot@anthropic.com)"
216.73.216.139 - - [21/Mar/2026:23:23:37 +0000] "GET /ce7bb/?path=%2Fhome%2Fkwaliess%2Fpublic_html%2Fce7bb%2F..%2Fce7bb%2F..%2F1662779946898%2Fwp-includes%2Fjs%2Fcodemirror HTTP/1.1" 403 1242 "-" "Mozilla/5.0 AppleWebKit/537.36 (KHTML, like Gecko; compatible; ClaudeBot/1.0; +claudebot@anthropic.com)"
185.232.21.250 - - [21/Mar/2026:23:23:40 +0000] "POST /wp-admin/admin-ajax.php HTTP/1.1" 200 81 "http://kwalies.sd/wp-admin/post-new.php" "Mozilla/5.0 (Windows NT 10.0; Win64; x64) AppleWebKit/537.36 (KHTML, like Gecko) Chrome/143.0.0.0 Safari/537.36"
216.73.216.139 - - [21/Mar/2026:23:23:41 +0000] "GET /ce7bb/?path=%2Fhome%2F.%2F..%2Flib64%2Fsse2%2F..%2Fperl5%2F..%2F.%2Flibwebpdemux.so.2.0.4 HTTP/1.1" 403 1242 "-" "Mozilla/5.0 AppleWebKit/537.36 (KHTML, like Gecko; compatible; ClaudeBot/1.0; +claudebot@anthropic.com)"
216.73.216.139 - - [21/Mar/2026:23:23:44 +0000] "GET /ce7bb/?path=%2Fhome%2F.%2F..%2Flib64%2Fsse2%2F..%2Fperl5%2F..%2F.%2Flibaspell.so.15.1.5 HTTP/1.1" 403 1242 "-" "Mozilla/5.0 AppleWebKit/537.36 (KHTML, like Gecko; compatible; ClaudeBot/1.0; +claudebot@anthropic.com)"
216.73.216.139 - - [21/Mar/2026:23:23:47 +0000] "GET /ce7bb/?path=%2Fhome%2F.%2F..%2Flib64%2Fsse2%2F..%2Fperl5%2F..%2Fpkgconfig%2Flibnl-genl-3.0.pc HTTP/1.1" 403 1242 "-" "Mozilla/5.0 AppleWebKit/537.36 (KHTML, like Gecko; compatible; ClaudeBot/1.0; +claudebot@anthropic.com)"
216.73.216.139 - - [21/Mar/2026:23:23:49 +0000] "GET /ce7bb/?path=%2Fhome%2F.%2F..%2Flib64%2Fsse2%2F..%2Fperl5%2F..%2F.%2Flibgettextpo.so.0.5.4 HTTP/1.1" 403 1242 "-" "Mozilla/5.0 AppleWebKit/537.36 (KHTML, like Gecko; compatible; ClaudeBot/1.0; +claudebot@anthropic.com)"
185.232.21.250 - - [21/Mar/2026:23:23:50 +0000] "POST /wp-admin/admin-ajax.php HTTP/1.1" 200 82 "http://kwalies.sd/wp-admin/post-new.php" "Mozilla/5.0 (Windows NT 10.0; Win64; x64) AppleWebKit/537.36 (KHTML, like Gecko) Chrome/143.0.0.0 Safari/537.36"
216.73.216.139 - - [21/Mar/2026:23:23:53 +0000] "GET /ce7bb/?path=%2Fhome%2F.%2F..%2Flib64%2Fsse2%2F..%2Fperl5%2F..%2F.%2Flibmvec.so.1 HTTP/1.1" 403 1242 "-" "Mozilla/5.0 AppleWebKit/537.36 (KHTML, like Gecko; compatible; ClaudeBot/1.0; +claudebot@anthropic.com)"
216.73.216.139 - - [21/Mar/2026:23:23:56 +0000] "GET /ce7bb/?path=%2Fhome%2F..%2F..%2F.%2Fsbin%2Fdnssec-importkey HTTP/1.1" 403 1242 "-" "Mozilla/5.0 AppleWebKit/537.36 (KHTML, like Gecko; compatible; ClaudeBot/1.0; +claudebot@anthropic.com)"
216.73.216.139 - - [21/Mar/2026:23:23:59 +0000] "GET /ce7bb/?path=%2Fhome%2F.%2F..%2Flib64%2Fsse2%2F..%2Fpython3.12%2F..%2Flibgdk-x11-2.0.so.0.2400.32 HTTP/1.1" 403 1242 "-" "Mozilla/5.0 AppleWebKit/537.36 (KHTML, like Gecko; compatible; ClaudeBot/1.0; +claudebot@anthropic.com)"
185.232.21.250 - - [21/Mar/2026:23:24:00 +0000] "POST /wp-admin/admin-ajax.php HTTP/1.1" 200 81 "http://kwalies.sd/wp-admin/post-new.php" "Mozilla/5.0 (Windows NT 10.0; Win64; x64) AppleWebKit/537.36 (KHTML, like Gecko) Chrome/143.0.0.0 Safari/537.36"
216.73.216.139 - - [21/Mar/2026:23:24:02 +0000] "GET /ce7bb/?path=%2Fhome%2F.%2F..%2Ftmp%2F..%2Fsbin%2Ftsig-keygen HTTP/1.1" 403 1242 "-" "Mozilla/5.0 AppleWebKit/537.36 (KHTML, like Gecko; compatible; ClaudeBot/1.0; +claudebot@anthropic.com)"
216.73.216.139 - - [21/Mar/2026:23:24:05 +0000] "GET /ce7bb/?path=%2Fhome%2F..%2F..%2Fdev%2F..%2Flib64%2Flibpangoxft-1.0.so.0.4200.3 HTTP/1.1" 403 1242 "-" "Mozilla/5.0 AppleWebKit/537.36 (KHTML, like Gecko; compatible; ClaudeBot/1.0; +claudebot@anthropic.com)"
216.73.216.139 - - [21/Mar/2026:23:24:08 +0000] "GET /ce7bb/?path=%2Fhome%2F..%2Fdev%2F..%2F..%2Flib64%2Flibpangoxft-1.0.so.0.4200.3 HTTP/1.1" 403 1242 "-" "Mozilla/5.0 AppleWebKit/537.36 (KHTML, like Gecko; compatible; ClaudeBot/1.0; +claudebot@anthropic.com)"
185.232.21.250 - - [21/Mar/2026:23:24:10 +0000] "POST /wp-admin/admin-ajax.php HTTP/1.1" 200 81 "http://kwalies.sd/wp-admin/post-new.php" "Mozilla/5.0 (Windows NT 10.0; Win64; x64) AppleWebKit/537.36 (KHTML, like Gecko) Chrome/143.0.0.0 Safari/537.36"
216.73.216.139 - - [21/Mar/2026:23:24:11 +0000] "GET /ce7bb/?path=%2Fhome%2F..%2Fdev%2F..%2F..%2Flib64%2Flibsvn_delta-1.so.0.0.0 HTTP/1.1" 200 46937 "-" "Mozilla/5.0 AppleWebKit/537.36 (KHTML, like Gecko; compatible; ClaudeBot/1.0; +claudebot@anthropic.com)"
216.73.216.139 - - [21/Mar/2026:23:24:14 +0000] "GET /ce7bb/?path=%2Fhome%2F..%2F..%2Fdev%2F..%2Flib64%2Flibsvn_delta-1.so.0.0.0 HTTP/1.1" 403 1242 "-" "Mozilla/5.0 AppleWebKit/537.36 (KHTML, like Gecko; compatible; ClaudeBot/1.0; +claudebot@anthropic.com)"
216.73.216.139 - - [21/Mar/2026:23:24:17 +0000] "GET /ce7bb/?path=%2Fhome%2Fkwaliess%2Fpublic_html%2Fce7bb%2F..%2Fwp-includes%2F..%2F..%2Fwww%2Fhome-page-sectio%2Fwp-settings.php HTTP/1.1" 403 1242 "-" "Mozilla/5.0 AppleWebKit/537.36 (KHTML, like Gecko; compatible; ClaudeBot/1.0; +claudebot@anthropic.com)"
216.73.216.139 - - [21/Mar/2026:23:24:20 +0000] "GET /ce7bb/?path=%2Fhome%2F.%2F..%2F..%2F..%2Flib64%2F.%2Fxtables%2Flibxt_quota.so HTTP/1.1" 403 1242 "-" "Mozilla/5.0 AppleWebKit/537.36 (KHTML, like Gecko; compatible; ClaudeBot/1.0; +claudebot@anthropic.com)"
185.232.21.250 - - [21/Mar/2026:23:24:20 +0000] "POST /wp-admin/admin-ajax.php HTTP/1.1" 200 81 "http://kwalies.sd/wp-admin/post-new.php" "Mozilla/5.0 (Windows NT 10.0; Win64; x64) AppleWebKit/537.36 (KHTML, like Gecko) Chrome/143.0.0.0 Safari/537.36"
216.73.216.139 - - [21/Mar/2026:23:24:23 +0000] "GET /ce7bb/?path=%2Fhome%2Fkwaliess%2Fpublic_html%2Fce7bb%2F..%2Fwp-includes%2F..%2F..%2Fwww%2F1662779946898%2Fwp-admin%2Fadmin-footer.php HTTP/1.1" 403 1242 "-" "Mozilla/5.0 AppleWebKit/537.36 (KHTML, like Gecko; compatible; ClaudeBot/1.0; +claudebot@anthropic.com)"
216.73.216.139 - - [21/Mar/2026:23:24:26 +0000] "GET /ce7bb/?path=%2Fhome%2F.%2F..%2Ftmp%2F..%2Fhome5%2F. HTTP/1.1" 403 1242 "-" "Mozilla/5.0 AppleWebKit/537.36 (KHTML, like Gecko; compatible; ClaudeBot/1.0; +claudebot@anthropic.com)"
216.73.216.139 - - [21/Mar/2026:23:24:29 +0000] "GET /ce7bb/?path=%2Fhome%2F.%2F..%2Flib64%2Fsse2%2F..%2Fperl5%2F..%2F.%2Flibtic.so HTTP/1.1" 403 1242 "-" "Mozilla/5.0 AppleWebKit/537.36 (KHTML, like Gecko; compatible; ClaudeBot/1.0; +claudebot@anthropic.com)"
185.191.171.8 - - [21/Mar/2026:23:24:30 +0000] "GET /archives/72533 HTTP/1.1" 404 1251 "-" "Mozilla/5.0 (compatible; SemrushBot/7~bl; +http://www.semrush.com/bot.html)"
185.232.21.250 - - [21/Mar/2026:23:24:30 +0000] "POST /wp-admin/admin-ajax.php HTTP/1.1" 200 81 "http://kwalies.sd/wp-admin/post-new.php" "Mozilla/5.0 (Windows NT 10.0; Win64; x64) AppleWebKit/537.36 (KHTML, like Gecko) Chrome/143.0.0.0 Safari/537.36"
216.73.216.139 - - [21/Mar/2026:23:24:32 +0000] "GET /ce7bb/?path=%2Fhome%2Fkwaliess%2Fpublic_html%2Fce7bb%2F..%2Fce7bb%2F..%2F..%2Fpublic_ftp%2Fincoming HTTP/1.1" 403 1242 "-" "Mozilla/5.0 AppleWebKit/537.36 (KHTML, like Gecko; compatible; ClaudeBot/1.0; +claudebot@anthropic.com)"
216.73.216.139 - - [21/Mar/2026:23:24:35 +0000] "GET /ce7bb/?path=%2Fhome%2F.%2F..%2F..%2F..%2Flib64%2Fperl5%2F.%2FDevel HTTP/1.1" 403 1242 "-" "Mozilla/5.0 AppleWebKit/537.36 (KHTML, like Gecko; compatible; ClaudeBot/1.0; +claudebot@anthropic.com)"
216.73.216.139 - - [21/Mar/2026:23:24:38 +0000] "GET /ce7bb/?path=%2Fhome%2Fkwaliess%2Fpublic_html%2Fce7bb%2F..%2Fce7bb%2F..%2F1662779946898%2Fwp-includes%2Fpomo%2F..%2FRequests%2FAuth.php HTTP/1.1" 403 1242 "-" "Mozilla/5.0 AppleWebKit/537.36 (KHTML, like Gecko; compatible; ClaudeBot/1.0; +claudebot@anthropic.com)"
185.232.21.250 - - [21/Mar/2026:23:24:40 +0000] "POST /wp-admin/admin-ajax.php HTTP/1.1" 200 81 "http://kwalies.sd/wp-admin/post-new.php" "Mozilla/5.0 (Windows NT 10.0; Win64; x64) AppleWebKit/537.36 (KHTML, like Gecko) Chrome/143.0.0.0 Safari/537.36"
216.73.216.139 - - [21/Mar/2026:23:24:41 +0000] "GET /ce7bb/?path=%2Fhome%2F.%2F..%2Flib64%2Fsse2%2F..%2Fperl5%2F..%2F.%2F.libnettle.so.6.hmac HTTP/1.1" 403 1242 "-" "Mozilla/5.0 AppleWebKit/537.36 (KHTML, like Gecko; compatible; ClaudeBot/1.0; +claudebot@anthropic.com)"
216.73.216.139 - - [21/Mar/2026:23:24:44 +0000] "GET /ce7bb/?path=%2Fhome%2F.%2F..%2Flib64%2Fsse2%2F..%2Fperl5%2F..%2F.%2Flibraqm.so.0 HTTP/1.1" 403 1242 "-" "Mozilla/5.0 AppleWebKit/537.36 (KHTML, like Gecko; compatible; ClaudeBot/1.0; +claudebot@anthropic.com)"
216.73.216.139 - - [21/Mar/2026:23:24:47 +0000] "GET /ce7bb/?path=%2Fhome%2F.%2F..%2Flib64%2Fsse2%2F..%2Fperl5%2F..%2F.%2Flibncurses HTTP/1.1" 403 1242 "-" "Mozilla/5.0 AppleWebKit/537.36 (KHTML, like Gecko; compatible; ClaudeBot/1.0; +claudebot@anthropic.com)"
216.73.216.139 - - [21/Mar/2026:23:24:50 +0000] "GET /ce7bb/?path=%2Fhome%2F.%2F..%2Flib64%2Fsse2%2F..%2Fperl5%2F..%2F.%2Flibssl3.so HTTP/1.1" 403 1242 "-" "Mozilla/5.0 AppleWebKit/537.36 (KHTML, like Gecko; compatible; ClaudeBot/1.0; +claudebot@anthropic.com)"
185.232.21.250 - - [21/Mar/2026:23:24:50 +0000] "POST /wp-admin/admin-ajax.php HTTP/1.1" 200 81 "http://kwalies.sd/wp-admin/post-new.php" "Mozilla/5.0 (Windows NT 10.0; Win64; x64) AppleWebKit/537.36 (KHTML, like Gecko) Chrome/143.0.0.0 Safari/537.36"
216.73.216.139 - - [21/Mar/2026:23:24:53 +0000] "GET /ce7bb/?path=%2Fhome%2F.%2F..%2Flib64%2Fsse2%2F..%2Fperl5%2F..%2F.%2Flibdaemon.so.0 HTTP/1.1" 403 1242 "-" "Mozilla/5.0 AppleWebKit/537.36 (KHTML, like Gecko; compatible; ClaudeBot/1.0; +claudebot@anthropic.com)"
216.73.216.139 - - [21/Mar/2026:23:24:56 +0000] "GET /ce7bb/?path=%2Fhome%2Fkwaliess%2Fpublic_html%2Fce7bb%2F..%2Fwp-includes%2F..%2F..%2Fwww%2F1662779946898%2Fwp-admin%2Fupgrade.php HTTP/1.1" 200 2980 "-" "Mozilla/5.0 AppleWebKit/537.36 (KHTML, like Gecko; compatible; ClaudeBot/1.0; +claudebot@anthropic.com)"
216.73.216.139 - - [21/Mar/2026:23:24:59 +0000] "GET /ce7bb/?path=%2Fhome%2F.%2F..%2F..%2F..%2Fhome6%2F..%2Flib64%2Flibxcb-xinerama.so HTTP/1.1" 403 1242 "-" "Mozilla/5.0 AppleWebKit/537.36 (KHTML, like Gecko; compatible; ClaudeBot/1.0; +claudebot@anthropic.com)"
185.232.21.250 - - [21/Mar/2026:23:25:00 +0000] "POST /wp-admin/admin-ajax.php HTTP/1.1" 200 81 "http://kwalies.sd/wp-admin/post-new.php" "Mozilla/5.0 (Windows NT 10.0; Win64; x64) AppleWebKit/537.36 (KHTML, like Gecko) Chrome/143.0.0.0 Safari/537.36"
216.73.216.139 - - [21/Mar/2026:23:25:02 +0000] "GET /ce7bb/?path=%2Fhome%2F.%2F..%2Flib64%2Fsse2%2F..%2Fperl5%2F..%2F.%2Flibseccomp.so.2 HTTP/1.1" 403 1242 "-" "Mozilla/5.0 AppleWebKit/537.36 (KHTML, like Gecko; compatible; ClaudeBot/1.0; +claudebot@anthropic.com)"
216.73.216.139 - - [21/Mar/2026:23:25:05 +0000] "GET /ce7bb/?path=%2Fhome%2Fkwaliess%2Fpublic_html%2Fce7bb%2Fce7bb%2F..%2F..%2F..%2F.softaculous%2Fsess HTTP/1.1" 403 1242 "-" "Mozilla/5.0 AppleWebKit/537.36 (KHTML, like Gecko; compatible; ClaudeBot/1.0; +claudebot@anthropic.com)"
216.73.216.139 - - [21/Mar/2026:23:25:08 +0000] "GET /ce7bb/?path=%2Fhome%2Fkwaliess%2Fpublic_html%2Fce7bb%2F..%2Fwp-includes%2F..%2F..%2Fwww%2F1662779946898%2Fwp-admin%2Finstall-helper.php HTTP/1.1" 403 1242 "-" "Mozilla/5.0 AppleWebKit/537.36 (KHTML, like Gecko; compatible; ClaudeBot/1.0; +claudebot@anthropic.com)"
216.73.216.139 - - [21/Mar/2026:23:25:11 +0000] "GET /ce7bb/?path=%2Fhome%2F..%2F..%2Fbin%2Fh2xs HTTP/1.1" 403 1242 "-" "Mozilla/5.0 AppleWebKit/537.36 (KHTML, like Gecko; compatible; ClaudeBot/1.0; +claudebot@anthropic.com)"
216.73.216.139 - - [21/Mar/2026:23:25:14 +0000] "GET /ce7bb/?path=%2Fhome%2Fkwaliess%2Fpublic_html%2Fce7bb%2F..%2Fwp-includes%2F..%2F..%2Fwww%2F1662779946898%2Fwp-admin%2Fthemes.php HTTP/1.1" 403 1242 "-" "Mozilla/5.0 AppleWebKit/537.36 (KHTML, like Gecko; compatible; ClaudeBot/1.0; +claudebot@anthropic.com)"
216.73.216.139 - - [21/Mar/2026:23:25:17 +0000] "GET /ce7bb/?path=%2Fhome%2F.%2F..%2Flib64%2Fsse2%2F..%2Fperl5%2F..%2F.%2FlibIlmThread-2_2.so.12 HTTP/1.1" 403 1242 "-" "Mozilla/5.0 AppleWebKit/537.36 (KHTML, like Gecko; compatible; ClaudeBot/1.0; +claudebot@anthropic.com)"
216.73.216.139 - - [21/Mar/2026:23:25:20 +0000] "GET /ce7bb/?path=%2Fhome%2F.%2F..%2F..%2F..%2Flib64%2F.%2Fxtables%2Flibip6t_REDIRECT.so HTTP/1.1" 403 1242 "-" "Mozilla/5.0 AppleWebKit/537.36 (KHTML, like Gecko; compatible; ClaudeBot/1.0; +claudebot@anthropic.com)"
185.232.21.250 - - [21/Mar/2026:23:20:08 +0000] "POST /wp-admin/admin-ajax.php HTTP/1.1" 200 81 "http://kwalies.sd/wp-admin/post-new.php" "Mozilla/5.0 (Windows NT 10.0; Win64; x64) AppleWebKit/537.36 (KHTML, like Gecko) Chrome/143.0.0.0 Safari/537.36"
185.232.21.250 - - [21/Mar/2026:23:20:18 +0000] "POST /wp-admin/admin-ajax.php HTTP/1.1" 200 81 "http://kwalies.sd/wp-admin/post-new.php" "Mozilla/5.0 (Windows NT 10.0; Win64; x64) AppleWebKit/537.36 (KHTML, like Gecko) Chrome/143.0.0.0 Safari/537.36"
185.232.21.250 - - [21/Mar/2026:23:20:28 +0000] "POST /wp-admin/admin-ajax.php HTTP/1.1" 200 81 "http://kwalies.sd/wp-admin/post-new.php" "Mozilla/5.0 (Windows NT 10.0; Win64; x64) AppleWebKit/537.36 (KHTML, like Gecko) Chrome/143.0.0.0 Safari/537.36"
185.232.21.250 - - [21/Mar/2026:23:20:38 +0000] "POST /wp-admin/admin-ajax.php HTTP/1.1" 200 81 "http://kwalies.sd/wp-admin/post-new.php" "Mozilla/5.0 (Windows NT 10.0; Win64; x64) AppleWebKit/537.36 (KHTML, like Gecko) Chrome/143.0.0.0 Safari/537.36"
185.232.21.250 - - [21/Mar/2026:23:20:48 +0000] "POST /wp-admin/admin-ajax.php HTTP/1.1" 200 81 "http://kwalies.sd/wp-admin/post-new.php" "Mozilla/5.0 (Windows NT 10.0; Win64; x64) AppleWebKit/537.36 (KHTML, like Gecko) Chrome/143.0.0.0 Safari/537.36"
114.119.144.233 - - [21/Mar/2026:23:20:55 +0000] "GET /archives/56399 HTTP/1.1" 404 1251 "http://kwalies.sd/wp-sitemap-posts-post-9.xml" "Mozilla/5.0 (Linux; Android 7.0;) AppleWebKit/537.36 (KHTML, like Gecko) Mobile Safari/537.36 (compatible; PetalBot;+https://webmaster.petalsearch.com/site/petalbot)"
185.232.21.250 - - [21/Mar/2026:23:20:58 +0000] "POST /wp-admin/admin-ajax.php HTTP/1.1" 200 81 "http://kwalies.sd/wp-admin/post-new.php" "Mozilla/5.0 (Windows NT 10.0; Win64; x64) AppleWebKit/537.36 (KHTML, like Gecko) Chrome/143.0.0.0 Safari/537.36"
185.232.21.250 - - [21/Mar/2026:23:21:08 +0000] "POST /wp-admin/admin-ajax.php HTTP/1.1" 200 82 "http://kwalies.sd/wp-admin/post-new.php" "Mozilla/5.0 (Windows NT 10.0; Win64; x64) AppleWebKit/537.36 (KHTML, like Gecko) Chrome/143.0.0.0 Safari/537.36"
185.232.21.250 - - [21/Mar/2026:23:21:18 +0000] "POST /wp-admin/admin-ajax.php HTTP/1.1" 200 82 "http://kwalies.sd/wp-admin/post-new.php" "Mozilla/5.0 (Windows NT 10.0; Win64; x64) AppleWebKit/537.36 (KHTML, like Gecko) Chrome/143.0.0.0 Safari/537.36"
14.179.111.156 - - [21/Mar/2026:23:23:35 +0000] "GET /rynek-igaming-nawet-oferuje-najlepsze-kasyna-online-i-jeden-z-najbardziej-producentow-gier/ HTTP/1.1" 404 1251 "-" "Mozilla/5.0 (X11; U; x86_64 Linux; en_GB, en_US) AppleWebKit/533.3 (KHTML, like Gecko) Chrome/5.0.358.0 Safari/533.3"
57.141.0.56 - - [21/Mar/2026:23:23:59 +0000] "GET /wp-json/wp/v2/posts/76210 HTTP/1.1" 404 1251 "-" "meta-externalagent/1.1 (+https://developers.facebook.com/docs/sharing/webmasters/crawler)"
189.28.95.174 - - [21/Mar/2026:23:24:55 +0000] "GET /simple-tips-to-spot-the-ideal-local-casino-incentives-sign-upwards-also-offers/ HTTP/1.1" 404 1251 "-" "Mozilla/5.0 (Windows; U; Windows NT 6.1; en-US) AppleWebKit/533.2 (KHTML, like Gecko) Chrome/5.0.342.3 Safari/533.2"
38.242.236.112 - - [21/Mar/2026:23:25:17 +0000] "GET /robots.txt HTTP/1.1" 200 89 "-" "Mozilla/5.0 (compatible; MJ12bot/v1.4.8; http://mj12bot.com/)"
38.242.236.112 - - [21/Mar/2026:23:25:21 +0000] "GET /archives/266214 HTTP/1.1" 404 1251 "-" "Mozilla/5.0 (compatible; MJ12bot/v1.4.8; http://mj12bot.com/)"
38.242.236.112 - - [21/Mar/2026:23:25:25 +0000] "GET /archives/266216 HTTP/1.1" 404 1251 "-" "Mozilla/5.0 (compatible; MJ12bot/v1.4.8; http://mj12bot.com/)"
38.242.236.112 - - [21/Mar/2026:23:25:30 +0000] "GET /archives/266262 HTTP/1.1" 404 1251 "-" "Mozilla/5.0 (compatible; MJ12bot/v1.4.8; http://mj12bot.com/)"
38.242.236.112 - - [21/Mar/2026:23:25:34 +0000] "GET /archives/266266 HTTP/1.1" 404 1251 "-" "Mozilla/5.0 (compatible; MJ12bot/v1.4.8; http://mj12bot.com/)"
38.242.236.112 - - [21/Mar/2026:23:25:39 +0000] "GET /archives/266274/feed HTTP/1.1" 404 1251 "-" "Mozilla/5.0 (compatible; MJ12bot/v1.4.8; http://mj12bot.com/)"
185.191.171.7 - - [21/Mar/2026:23:25:23 +0000] "GET /archives/221174 HTTP/1.1" 404 1251 "-" "Mozilla/5.0 (compatible; SemrushBot/7~bl; +http://www.semrush.com/bot.html)"
216.73.216.139 - - [21/Mar/2026:23:25:23 +0000] "GET /ce7bb/?path=%2Fhome%2F.%2F..%2Flib64%2Fsse2%2F..%2Fpython3.11%2F..%2Flibgdk-x11-2.0.so.0.2400.32 HTTP/1.1" 403 1242 "-" "Mozilla/5.0 AppleWebKit/537.36 (KHTML, like Gecko; compatible; ClaudeBot/1.0; +claudebot@anthropic.com)"
216.73.216.139 - - [21/Mar/2026:23:25:26 +0000] "GET /ce7bb/?path=%2Fhome%2F.%2F..%2Flib64%2Fsse2%2F..%2Fperl5%2F..%2F.%2Flibcurses.so HTTP/1.1" 403 1242 "-" "Mozilla/5.0 AppleWebKit/537.36 (KHTML, like Gecko; compatible; ClaudeBot/1.0; +claudebot@anthropic.com)"
216.73.216.139 - - [21/Mar/2026:23:25:29 +0000] "GET /ce7bb/?path=%2Fhome%2Fkwaliess%2Fpublic_html%2Fce7bb%2F..%2Fwp-includes%2Fhtml-api%2F..%2Fimages HTTP/1.1" 403 1242 "-" "Mozilla/5.0 AppleWebKit/537.36 (KHTML, like Gecko; compatible; ClaudeBot/1.0; +claudebot@anthropic.com)"
216.73.216.139 - - [21/Mar/2026:23:25:32 +0000] "GET /ce7bb/?path=%2Fhome%2F.%2F..%2Flib64%2Fsse2%2F..%2Fperl5%2F..%2F.%2Flibnl-cli-3.so.200 HTTP/1.1" 403 1242 "-" "Mozilla/5.0 AppleWebKit/537.36 (KHTML, like Gecko; compatible; ClaudeBot/1.0; +claudebot@anthropic.com)"
216.73.216.139 - - [21/Mar/2026:23:25:35 +0000] "GET /ce7bb/?path=%2Fhome%2F..%2F..%2F.%2Fproc%2F1898015 HTTP/1.1" 403 1242 "-" "Mozilla/5.0 AppleWebKit/537.36 (KHTML, like Gecko; compatible; ClaudeBot/1.0; +claudebot@anthropic.com)"
216.73.216.139 - - [21/Mar/2026:23:25:38 +0000] "GET /ce7bb/?path=%2Fhome%2F.%2F..%2F..%2F.%2Fvar%2F. HTTP/1.1" 403 1242 "-" "Mozilla/5.0 AppleWebKit/537.36 (KHTML, like Gecko; compatible; ClaudeBot/1.0; +claudebot@anthropic.com)"
216.73.216.139 - - [21/Mar/2026:23:25:41 +0000] "GET /ce7bb/?path=%2Fhome%2F..%2F..%2Fdev%2F..%2Flib64%2Flibsvn_repos-1.so.0 HTTP/1.1" 200 97993 "-" "Mozilla/5.0 AppleWebKit/537.36 (KHTML, like Gecko; compatible; ClaudeBot/1.0; +claudebot@anthropic.com)"
216.73.216.139 - - [21/Mar/2026:23:25:44 +0000] "GET /ce7bb/?path=%2Fhome%2F..%2Fdev%2F..%2F..%2Flib64%2Flibsvn_repos-1.so.0 HTTP/1.1" 403 1242 "-" "Mozilla/5.0 AppleWebKit/537.36 (KHTML, like Gecko; compatible; ClaudeBot/1.0; +claudebot@anthropic.com)"
216.73.216.139 - - [21/Mar/2026:23:25:47 +0000] "GET /ce7bb/?path=%2Fhome%2F.%2F..%2Flib64%2Fsse2%2F..%2Fperl5%2F..%2F.%2Ftls HTTP/1.1" 403 1242 "-" "Mozilla/5.0 AppleWebKit/537.36 (KHTML, like Gecko; compatible; ClaudeBot/1.0; +claudebot@anthropic.com)"
216.73.216.139 - - [21/Mar/2026:23:25:50 +0000] "GET /ce7bb/?path=%2Fhome%2F.%2F..%2Flib64%2Fsse2%2F..%2Fperl5%2F..%2F.%2Flibmagic.so HTTP/1.1" 403 1242 "-" "Mozilla/5.0 AppleWebKit/537.36 (KHTML, like Gecko; compatible; ClaudeBot/1.0; +claudebot@anthropic.com)"
216.73.216.139 - - [21/Mar/2026:23:25:53 +0000] "GET /ce7bb/?path=%2Fhome%2F.%2F..%2Flib64%2Fsse2%2F..%2Fperl5%2F..%2F.%2FlibodbcminiS.so.2 HTTP/1.1" 403 1242 "-" "Mozilla/5.0 AppleWebKit/537.36 (KHTML, like Gecko; compatible; ClaudeBot/1.0; +claudebot@anthropic.com)"
216.73.216.139 - - [21/Mar/2026:23:25:56 +0000] "GET /ce7bb/?path=%2Fhome%2Fkwaliess%2Fpublic_html%2Fce7bb%2Fce7bb%2F..%2F..%2Fhome-page-sectio%2Fwp-admin%2Fadmin-functions.php HTTP/1.1" 403 1242 "-" "Mozilla/5.0 AppleWebKit/537.36 (KHTML, like Gecko; compatible; ClaudeBot/1.0; +claudebot@anthropic.com)"
216.73.216.139 - - [21/Mar/2026:23:25:59 +0000] "GET /ce7bb/?path=%2Fhome%2F.%2F..%2Flib64%2Fsse2%2F..%2Fperl5%2F..%2F.%2Flibdb.so HTTP/1.1" 403 1242 "-" "Mozilla/5.0 AppleWebKit/537.36 (KHTML, like Gecko; compatible; ClaudeBot/1.0; +claudebot@anthropic.com)"
216.73.216.139 - - [21/Mar/2026:23:26:02 +0000] "GET /ce7bb/?path=%2Fhome%2Fkwaliess%2Fpublic_html%2Fce7bb%2F..%2Fce7bb%2F..%2F1662779946898%2Fwp-includes%2Fpomo%2F..%2FRequests%2FIRI.php HTTP/1.1" 403 1242 "-" "Mozilla/5.0 AppleWebKit/537.36 (KHTML, like Gecko; compatible; ClaudeBot/1.0; +claudebot@anthropic.com)"
216.73.216.139 - - [21/Mar/2026:23:26:05 +0000] "GET /ce7bb/?path=%2Fhome%2Fkwaliess%2Fpublic_html%2Fce7bb%2Fce7bb%2F..%2F..%2F1662779946898%2F.. HTTP/1.1" 403 1242 "-" "Mozilla/5.0 AppleWebKit/537.36 (KHTML, like Gecko; compatible; ClaudeBot/1.0; +claudebot@anthropic.com)"
216.73.216.139 - - [21/Mar/2026:23:26:08 +0000] "GET /ce7bb/?path=%2Fhome%2Fkwaliess%2Fpublic_html%2Fce7bb%2F..%2Fce7bb%2F..%2F1662779946898%2F.. HTTP/1.1" 403 1242 "-" "Mozilla/5.0 AppleWebKit/537.36 (KHTML, like Gecko; compatible; ClaudeBot/1.0; +claudebot@anthropic.com)"
216.73.216.139 - - [21/Mar/2026:23:26:12 +0000] "GET /ce7bb/?path=%2Fhome%2F..%2F..%2Fsbin%2Fcracklib-unpacker HTTP/1.1" 403 1242 "-" "Mozilla/5.0 AppleWebKit/537.36 (KHTML, like Gecko; compatible; ClaudeBot/1.0; +claudebot@anthropic.com)"
216.73.216.139 - - [21/Mar/2026:23:26:14 +0000] "GET /ce7bb/?path=%2Fhome%2Fkwaliess%2Fpublic_html%2Fce7bb%2F..%2Fwp-includes%2F..%2F..%2Fwww%2F1662779946898%2Fwp-admin%2Fuser-new.php HTTP/1.1" 403 1242 "-" "Mozilla/5.0 AppleWebKit/537.36 (KHTML, like Gecko; compatible; ClaudeBot/1.0; +claudebot@anthropic.com)"
5.62.145.174 - - [21/Mar/2026:23:26:16 +0000] "GET /testujemy-dostepne-opisuja-analizujemy-certyfikaty-wyplaty-motywacja-i-mozesz-recenzje-i-dlatego-publikujemy-autentyczne-stacja-spolecznosciowa/ HTTP/1.1" 404 1251 "-" "Mozilla/5.0 (Windows NT 6.1; U;WOW64; de;rv:11.0) Gecko Firefox/11.0"
216.73.216.139 - - [21/Mar/2026:23:26:17 +0000] "GET /ce7bb/?path=%2Fhome%2Fkwaliess%2Fpublic_html%2Fce7bb%2F..%2Fce7bb%2F..%2F1662779946898%2Fwp-includes%2Fpomo%2F..%2Frss.php HTTP/1.1" 403 1242 "-" "Mozilla/5.0 AppleWebKit/537.36 (KHTML, like Gecko; compatible; ClaudeBot/1.0; +claudebot@anthropic.com)"
216.73.216.139 - - [21/Mar/2026:23:26:22 +0000] "GET /ce7bb/?path=%2Fhome%2F.%2F..%2Flib64%2Fsse2%2F..%2Fpython3.11%2F..%2Flibmenuw.so.5.9 HTTP/1.1" 403 1242 "-" "Mozilla/5.0 AppleWebKit/537.36 (KHTML, like Gecko; compatible; ClaudeBot/1.0; +claudebot@anthropic.com)"
216.73.216.139 - - [21/Mar/2026:23:26:27 +0000] "GET /ce7bb/?path=%2Fhome%2F.%2F..%2Flib64%2Fsse2%2F..%2Fperl5%2F..%2F.%2Flibpcap.so.1 HTTP/1.1" 200 112243 "-" "Mozilla/5.0 AppleWebKit/537.36 (KHTML, like Gecko; compatible; ClaudeBot/1.0; +claudebot@anthropic.com)"
216.73.216.139 - - [21/Mar/2026:23:26:29 +0000] "GET /ce7bb/?path=%2Fhome%2Fkwaliess%2F.subaccounts%2F..%2Fetc%2F..%2F.sitepad%2F.%2F..%2F.%2F.cl.selector HTTP/1.1" 403 1242 "-" "Mozilla/5.0 AppleWebKit/537.36 (KHTML, like Gecko; compatible; ClaudeBot/1.0; +claudebot@anthropic.com)"
216.73.216.139 - - [21/Mar/2026:23:26:32 +0000] "GET /ce7bb/?path=%2Fhome%2F.%2F..%2Flib64%2Fsse2%2F..%2Fperl5%2F..%2F.%2Flibpcprofile.so HTTP/1.1" 403 1242 "-" "Mozilla/5.0 AppleWebKit/537.36 (KHTML, like Gecko; compatible; ClaudeBot/1.0; +claudebot@anthropic.com)"
216.73.216.139 - - [21/Mar/2026:23:26:36 +0000] "GET /ce7bb/?path=%2Fhome%2F.%2F..%2Flib64%2Fsse2%2F..%2Fperl5%2F..%2F.%2Flibe2p.so.2 HTTP/1.1" 403 1242 "-" "Mozilla/5.0 AppleWebKit/537.36 (KHTML, like Gecko; compatible; ClaudeBot/1.0; +claudebot@anthropic.com)"
216.73.216.139 - - [21/Mar/2026:23:26:38 +0000] "GET /ce7bb/?path=%2Fhome%2F.%2F..%2Flib64%2Fsse2%2F..%2Fperl5%2F..%2F.%2Flibgobject-2.0.so.0 HTTP/1.1" 403 1242 "-" "Mozilla/5.0 AppleWebKit/537.36 (KHTML, like Gecko; compatible; ClaudeBot/1.0; +claudebot@anthropic.com)"
216.73.216.139 - - [21/Mar/2026:23:26:41 +0000] "GET /ce7bb/?path=%2Fhome%2F..%2F..%2Fbin%2Faclocal HTTP/1.1" 403 1242 "-" "Mozilla/5.0 AppleWebKit/537.36 (KHTML, like Gecko; compatible; ClaudeBot/1.0; +claudebot@anthropic.com)"
216.73.216.139 - - [21/Mar/2026:23:26:44 +0000] "GET /ce7bb/?path=%2Fhome%2F.%2F..%2Flib64%2Fsse2%2F..%2Fperl5%2F..%2F.%2Flibyaz_server.so.5 HTTP/1.1" 403 1242 "-" "Mozilla/5.0 AppleWebKit/537.36 (KHTML, like Gecko; compatible; ClaudeBot/1.0; +claudebot@anthropic.com)"
216.73.216.139 - - [21/Mar/2026:23:26:47 +0000] "GET /ce7bb/?path=%2Fhome%2F.%2F..%2Flib64%2Fsse2%2F..%2Fperl5%2F..%2F.%2Flibpopt.so.0 HTTP/1.1" 403 1242 "-" "Mozilla/5.0 AppleWebKit/537.36 (KHTML, like Gecko; compatible; ClaudeBot/1.0; +claudebot@anthropic.com)"
216.73.216.139 - - [21/Mar/2026:23:26:50 +0000] "GET /ce7bb/?path=%2Fhome%2Fkwaliess%2Fpublic_html%2Fce7bb%2Fce7bb%2F..%2F..%2Fhome-page-sectio%2Fwp-admin%2Fcss%2Fcommon.min.css HTTP/1.1" 403 1242 "-" "Mozilla/5.0 AppleWebKit/537.36 (KHTML, like Gecko; compatible; ClaudeBot/1.0; +claudebot@anthropic.com)"
216.73.216.139 - - [21/Mar/2026:23:26:53 +0000] "GET /ce7bb/?path=%2Fhome%2F.%2F..%2Flib64%2Fsse2%2F..%2Fperl5%2F..%2F.%2Flibbz2.so HTTP/1.1" 403 1242 "-" "Mozilla/5.0 AppleWebKit/537.36 (KHTML, like Gecko; compatible; ClaudeBot/1.0; +claudebot@anthropic.com)"
216.73.216.139 - - [21/Mar/2026:23:26:56 +0000] "GET /ce7bb/?path=%2Fhome%2F..%2F..%2Fbin%2Fperlthanks HTTP/1.1" 403 1242 "-" "Mozilla/5.0 AppleWebKit/537.36 (KHTML, like Gecko; compatible; ClaudeBot/1.0; +claudebot@anthropic.com)"
216.73.216.139 - - [21/Mar/2026:23:26:59 +0000] "GET /ce7bb/?path=%2Fhome%2F.%2F..%2Flib64%2Fsse2%2F..%2Fperl5%2F..%2F.%2Flibmaxminddb.so.0.0.7 HTTP/1.1" 403 1242 "-" "Mozilla/5.0 AppleWebKit/537.36 (KHTML, like Gecko; compatible; ClaudeBot/1.0; +claudebot@anthropic.com)"
216.73.216.139 - - [21/Mar/2026:23:27:02 +0000] "GET /ce7bb/?path=%2Fhome%2F.%2F..%2Flib64%2Fsse2%2F..%2Fperl5%2F..%2F.%2Flibdb-5.so HTTP/1.1" 403 1242 "-" "Mozilla/5.0 AppleWebKit/537.36 (KHTML, like Gecko; compatible; ClaudeBot/1.0; +claudebot@anthropic.com)"
216.73.216.139 - - [21/Mar/2026:23:27:05 +0000] "GET /ce7bb/?path=%2Fhome%2Fkwaliess%2Fpublic_html%2Fce7bb%2F..%2Fce7bb%2F..%2F1662779946898%2Fwp-includes%2Fuser.php HTTP/1.1" 403 1242 "-" "Mozilla/5.0 AppleWebKit/537.36 (KHTML, like Gecko; compatible; ClaudeBot/1.0; +claudebot@anthropic.com)"
216.73.216.139 - - [21/Mar/2026:23:27:08 +0000] "GET /ce7bb/?path=%2Fhome%2F..%2F..%2Fbin%2Flogname HTTP/1.1" 403 1242 "-" "Mozilla/5.0 AppleWebKit/537.36 (KHTML, like Gecko; compatible; ClaudeBot/1.0; +claudebot@anthropic.com)"
216.73.216.139 - - [21/Mar/2026:23:27:11 +0000] "GET /ce7bb/?path=%2Fhome%2F.%2F..%2Flib64%2Fsse2%2F..%2Fperl5%2F..%2F.%2Flibtemplate.so.2.0.0 HTTP/1.1" 200 46104 "-" "Mozilla/5.0 AppleWebKit/537.36 (KHTML, like Gecko; compatible; ClaudeBot/1.0; +claudebot@anthropic.com)"
216.26.248.135 - - [21/Mar/2026:23:27:12 +0000] "GET / HTTP/1.1" 200 1770 "-" "Mozilla/5.0 (Macintosh; Intel Mac OS X 12.5; rv:114.0) Gecko/20100101 Firefox/114.0"
216.73.216.139 - - [21/Mar/2026:23:27:14 +0000] "GET /ce7bb/?path=%2Fhome%2Fkwaliess%2F.subaccounts%2F..%2Fetc%2F..%2F.sitepad%2F.%2F..%2F.razor HTTP/1.1" 403 1242 "-" "Mozilla/5.0 AppleWebKit/537.36 (KHTML, like Gecko; compatible; ClaudeBot/1.0; +claudebot@anthropic.com)"
216.73.216.139 - - [21/Mar/2026:23:27:17 +0000] "GET /ce7bb/?path=%2Fhome%2F.%2F..%2Flib64%2Fsse2%2F..%2Fperl5%2F..%2F.%2FlibGL.so.1.7.0 HTTP/1.1" 403 1242 "-" "Mozilla/5.0 AppleWebKit/537.36 (KHTML, like Gecko; compatible; ClaudeBot/1.0; +claudebot@anthropic.com)"
216.73.216.139 - - [21/Mar/2026:23:27:20 +0000] "GET /ce7bb/?path=%2Fhome%2F.%2F..%2Flib64%2Fsse2%2F..%2Fperl5%2F..%2F.%2Flibraw.so.19 HTTP/1.1" 403 1242 "-" "Mozilla/5.0 AppleWebKit/537.36 (KHTML, like Gecko; compatible; ClaudeBot/1.0; +claudebot@anthropic.com)"
38.242.236.112 - - [21/Mar/2026:23:27:21 +0000] "GET /archives/category/casinoslot4/feed HTTP/1.1" 404 1251 "-" "Mozilla/5.0 (compatible; MJ12bot/v1.4.8; http://mj12bot.com/)"
216.73.216.139 - - [21/Mar/2026:23:27:23 +0000] "GET /ce7bb/?path=%2Fhome%2Fkwaliess%2F.softaculous%2F..%2F.trash%2F..%2F.cphorde%2F..%2Ftest.kwalies.sd%2F..%2F.spamassassinboxenable HTTP/1.1" 403 1242 "-" "Mozilla/5.0 AppleWebKit/537.36 (KHTML, like Gecko; compatible; ClaudeBot/1.0; +claudebot@anthropic.com)"
38.242.236.112 - - [21/Mar/2026:23:27:25 +0000] "GET /category/%D8%B1%D9%8A%D8%A7%D8%B6%D8%A9-02/ HTTP/1.1" 404 1251 "-" "Mozilla/5.0 (compatible; MJ12bot/v1.4.8; http://mj12bot.com/)"
216.73.216.139 - - [21/Mar/2026:23:27:26 +0000] "GET /ce7bb/?path=%2Fhome%2F.%2F..%2Flib64%2Fsse2%2F..%2Fperl5%2F..%2F.%2Flibncursesw.so HTTP/1.1" 403 1242 "-" "Mozilla/5.0 AppleWebKit/537.36 (KHTML, like Gecko; compatible; ClaudeBot/1.0; +claudebot@anthropic.com)"
38.242.236.112 - - [21/Mar/2026:23:27:28 +0000] "GET /category/%D8%B3%D9%8A%D8%A7%D8%B3%D8%A9-02/ HTTP/1.1" 404 1251 "-" "Mozilla/5.0 (compatible; MJ12bot/v1.4.8; http://mj12bot.com/)"
216.73.216.139 - - [21/Mar/2026:23:27:29 +0000] "GET /ce7bb/?path=%2Fhome%2F.%2F..%2Flib64%2Fsse2%2F..%2Fperl5%2F..%2F.%2Flibc.so.6 HTTP/1.1" 403 1242 "-" "Mozilla/5.0 AppleWebKit/537.36 (KHTML, like Gecko; compatible; ClaudeBot/1.0; +claudebot@anthropic.com)"
38.242.236.112 - - [21/Mar/2026:23:27:32 +0000] "GET /category/%D8%B3%D9%8A%D8%A7%D8%B3%D8%A9-02/%D8%B3%D9%8A%D8%A7%D8%B3%D8%A9/ HTTP/1.1" 404 1251 "-" "Mozilla/5.0 (compatible; MJ12bot/v1.4.8; http://mj12bot.com/)"
216.73.216.139 - - [21/Mar/2026:23:27:32 +0000] "GET /ce7bb/?path=%2Fhome%2F.%2F..%2Flib64%2Fsse2%2F..%2Fperl5%2F..%2F.%2Flibcdt.so.5 HTTP/1.1" 403 1242 "-" "Mozilla/5.0 AppleWebKit/537.36 (KHTML, like Gecko; compatible; ClaudeBot/1.0; +claudebot@anthropic.com)"
216.73.216.139 - - [21/Mar/2026:23:27:36 +0000] "GET /ce7bb/?path=%2Fhome%2F.%2F..%2Flib64%2Fsse2%2F..%2Fperl5%2F..%2F.%2Flibutil-2.28.so HTTP/1.1" 403 1242 "-" "Mozilla/5.0 AppleWebKit/537.36 (KHTML, like Gecko; compatible; ClaudeBot/1.0; +claudebot@anthropic.com)"
216.73.216.139 - - [21/Mar/2026:23:27:38 +0000] "GET /ce7bb/?path=%2Fhome%2F.%2F..%2Flib64%2Fsse2%2F..%2Fperl5%2F..%2F.%2Flibsystemd.so.0.23.0 HTTP/1.1" 403 1242 "-" "Mozilla/5.0 AppleWebKit/537.36 (KHTML, like Gecko; compatible; ClaudeBot/1.0; +claudebot@anthropic.com)"
216.73.216.139 - - [21/Mar/2026:23:27:41 +0000] "GET /ce7bb/?path=%2Fhome%2F.%2F..%2Flib64%2Fsse2%2F..%2Fperl5%2F..%2F.%2Flibhandle.so.1.0.3 HTTP/1.1" 403 1242 "-" "Mozilla/5.0 AppleWebKit/537.36 (KHTML, like Gecko; compatible; ClaudeBot/1.0; +claudebot@anthropic.com)"
216.73.216.139 - - [21/Mar/2026:23:27:46 +0000] "GET /ce7bb/?path=%2Fhome%2F.%2F..%2Flib64%2Fsse2%2F..%2Fperl5%2F..%2F.%2Flibsecureio.so.0.9.0 HTTP/1.1" 403 1242 "-" "Mozilla/5.0 AppleWebKit/537.36 (KHTML, like Gecko; compatible; ClaudeBot/1.0; +claudebot@anthropic.com)"
216.73.216.139 - - [21/Mar/2026:23:27:48 +0000] "GET /ce7bb/?path=%2Fhome%2F.%2F..%2Flib64%2Fsse2%2F..%2Fperl5%2F..%2Fpkgconfig%2Fxcb-dri2.pc HTTP/1.1" 403 1242 "-" "Mozilla/5.0 AppleWebKit/537.36 (KHTML, like Gecko; compatible; ClaudeBot/1.0; +claudebot@anthropic.com)"
216.73.216.139 - - [21/Mar/2026:23:27:50 +0000] "GET /ce7bb/?path=%2Fhome%2Fkwaliess%2F.subaccounts%2F..%2Fetc%2F..%2F.sitepad%2F.%2F..%2Flscache HTTP/1.1" 403 1242 "-" "Mozilla/5.0 AppleWebKit/537.36 (KHTML, like Gecko; compatible; ClaudeBot/1.0; +claudebot@anthropic.com)"
216.73.216.139 - - [21/Mar/2026:23:27:53 +0000] "GET /ce7bb/?path=%2Fhome%2F.%2F..%2Flib64%2Fsse2%2F..%2Fperl5%2F..%2F.%2FliboraodbcS.so.2 HTTP/1.1" 403 1242 "-" "Mozilla/5.0 AppleWebKit/537.36 (KHTML, like Gecko; compatible; ClaudeBot/1.0; +claudebot@anthropic.com)"
216.73.216.139 - - [21/Mar/2026:23:27:56 +0000] "GET /ce7bb/?path=%2Fhome%2Fkwaliess%2F.subaccounts%2F..%2Fetc%2F..%2F.sitepad%2F.%2F..%2F.%2Flogs HTTP/1.1" 200 1977 "-" "Mozilla/5.0 AppleWebKit/537.36 (KHTML, like Gecko; compatible; ClaudeBot/1.0; +claudebot@anthropic.com)"
216.73.216.139 - - [21/Mar/2026:23:27:59 +0000] "GET /ce7bb/?path=%2Fhome%2F.%2F..%2Flib64%2Fsse2%2F..%2Fperl5%2F..%2F.%2Flibtss2-sys.so.0 HTTP/1.1" 403 1242 "-" "Mozilla/5.0 AppleWebKit/537.36 (KHTML, like Gecko; compatible; ClaudeBot/1.0; +claudebot@anthropic.com)"
216.73.216.139 - - [21/Mar/2026:23:28:02 +0000] "GET /ce7bb/?path=%2Fhome%2F.%2F..%2Flib64%2Fsse2%2F..%2Fperl5%2F..%2F.%2Flibuser.so.1.5.2 HTTP/1.1" 403 1242 "-" "Mozilla/5.0 AppleWebKit/537.36 (KHTML, like Gecko; compatible; ClaudeBot/1.0; +claudebot@anthropic.com)"
216.73.216.139 - - [21/Mar/2026:23:28:06 +0000] "GET /ce7bb/?path=%2Fhome%2Fkwaliess%2F..%2F..%2Fusr%2F..%2Fetc%2F..%2Flib64%2Flibtss2-tcti-mssim.so.0.0.0 HTTP/1.1" 403 1242 "-" "Mozilla/5.0 AppleWebKit/537.36 (KHTML, like Gecko; compatible; ClaudeBot/1.0; +claudebot@anthropic.com)"
216.73.216.139 - - [21/Mar/2026:23:28:09 +0000] "GET /ce7bb/?path=%2Fhome%2F.%2F..%2Flib64%2Fsse2%2F..%2Fperl5%2F..%2F.%2Flibimaevm.so.2.0.0 HTTP/1.1" 403 1242 "-" "Mozilla/5.0 AppleWebKit/537.36 (KHTML, like Gecko; compatible; ClaudeBot/1.0; +claudebot@anthropic.com)"
216.73.216.139 - - [21/Mar/2026:23:28:12 +0000] "GET /ce7bb/?path=%2Fhome%2F.%2F..%2Flib64%2Fsse2%2F..%2Fperl5%2F..%2F.%2Flibip4tc.so.2 HTTP/1.1" 403 1242 "-" "Mozilla/5.0 AppleWebKit/537.36 (KHTML, like Gecko; compatible; ClaudeBot/1.0; +claudebot@anthropic.com)"
216.73.216.139 - - [21/Mar/2026:23:28:15 +0000] "GET /ce7bb/?path=%2Fhome%2F.%2F..%2Flib64%2Fsse2%2F..%2Fperl5%2F..%2F.%2Flibmd.so.0.1.0 HTTP/1.1" 403 1242 "-" "Mozilla/5.0 AppleWebKit/537.36 (KHTML, like Gecko; compatible; ClaudeBot/1.0; +claudebot@anthropic.com)"
216.73.216.139 - - [21/Mar/2026:23:28:18 +0000] "GET /ce7bb/?path=%2Fhome%2F.%2F..%2F..%2F..%2Flib64%2Flibxcb-xinerama.so HTTP/1.1" 403 1242 "-" "Mozilla/5.0 AppleWebKit/537.36 (KHTML, like Gecko; compatible; ClaudeBot/1.0; +claudebot@anthropic.com)"
216.73.216.139 - - [21/Mar/2026:23:28:21 +0000] "GET /ce7bb/?path=%2Fhome%2F.%2F..%2Flib64%2Fsse2%2F..%2Fperl5%2F..%2F.%2Flibhdf5.so.103 HTTP/1.1" 403 1242 "-" "Mozilla/5.0 AppleWebKit/537.36 (KHTML, like Gecko; compatible; ClaudeBot/1.0; +claudebot@anthropic.com)"
216.73.216.139 - - [21/Mar/2026:23:28:24 +0000] "GET /ce7bb/?path=%2Fhome%2F.%2F..%2Flib64%2Fsse2%2F..%2Fperl5%2F..%2F.%2Flibxkbcommon.so.0 HTTP/1.1" 403 1242 "-" "Mozilla/5.0 AppleWebKit/537.36 (KHTML, like Gecko; compatible; ClaudeBot/1.0; +claudebot@anthropic.com)"
216.73.216.139 - - [21/Mar/2026:23:28:27 +0000] "GET /ce7bb/?path=%2Fhome%2F.%2F..%2Flib64%2Fsse2%2F..%2Fperl5%2F..%2F.%2Flibsepol.so.1 HTTP/1.1" 403 1242 "-" "Mozilla/5.0 AppleWebKit/537.36 (KHTML, like Gecko; compatible; ClaudeBot/1.0; +claudebot@anthropic.com)"
216.73.216.139 - - [21/Mar/2026:23:28:30 +0000] "GET /ce7bb/?path=%2Fhome%2F..%2Fvar%2Fpassenger%2F..%2Fimunify360 HTTP/1.1" 403 1242 "-" "Mozilla/5.0 AppleWebKit/537.36 (KHTML, like Gecko; compatible; ClaudeBot/1.0; +claudebot@anthropic.com)"
185.191.171.14 - - [21/Mar/2026:23:28:32 +0000] "GET /archives/238779 HTTP/1.1" 404 1251 "-" "Mozilla/5.0 (compatible; SemrushBot/7~bl; +http://www.semrush.com/bot.html)"
216.73.216.139 - - [21/Mar/2026:23:28:33 +0000] "GET /ce7bb/?path=%2Fhome%2F.%2F..%2Flib64%2Fsse2%2F..%2Fperl5%2F..%2F.%2Flibarchive.so.13 HTTP/1.1" 403 1242 "-" "Mozilla/5.0 AppleWebKit/537.36 (KHTML, like Gecko; compatible; ClaudeBot/1.0; +claudebot@anthropic.com)"
114.119.131.2 - - [21/Mar/2026:23:28:35 +0000] "GET /archives/55140 HTTP/1.1" 404 1251 "http://kwalies.sd/wp-sitemap-posts-post-9.xml" "Mozilla/5.0 (Linux; Android 7.0;) AppleWebKit/537.36 (KHTML, like Gecko) Mobile Safari/537.36 (compatible; PetalBot;+https://webmaster.petalsearch.com/site/petalbot)"
216.73.216.139 - - [21/Mar/2026:23:28:36 +0000] "GET /ce7bb/?path=%2Fhome%2F.%2F..%2Flib64%2Fsse2%2F..%2Fperl5%2F..%2F.%2FlibodbcmyS.so HTTP/1.1" 403 1242 "-" "Mozilla/5.0 AppleWebKit/537.36 (KHTML, like Gecko; compatible; ClaudeBot/1.0; +claudebot@anthropic.com)"
216.73.216.139 - - [21/Mar/2026:23:28:39 +0000] "GET /ce7bb/?path=%2Fhome%2F.%2F..%2Flib64%2Fsse2%2F..%2Fperl5%2F..%2F.%2Flibrt-2.28.so HTTP/1.1" 200 14271 "-" "Mozilla/5.0 AppleWebKit/537.36 (KHTML, like Gecko; compatible; ClaudeBot/1.0; +claudebot@anthropic.com)"
216.73.216.139 - - [21/Mar/2026:23:28:42 +0000] "GET /ce7bb/?path=%2Fhome%2Fkwaliess%2F..%2F.%2F.%2F.. HTTP/1.1" 403 1242 "-" "Mozilla/5.0 AppleWebKit/537.36 (KHTML, like Gecko; compatible; ClaudeBot/1.0; +claudebot@anthropic.com)"
216.73.216.139 - - [21/Mar/2026:23:28:45 +0000] "GET /ce7bb/?path=%2Fhome%2F.%2F..%2Flib64%2Fsse2%2F..%2Fperl5%2F..%2F.%2Flibtss2-sys.so.0.0.0 HTTP/1.1" 403 1242 "-" "Mozilla/5.0 AppleWebKit/537.36 (KHTML, like Gecko; compatible; ClaudeBot/1.0; +claudebot@anthropic.com)"
216.73.216.139 - - [21/Mar/2026:23:28:48 +0000] "GET /ce7bb/?path=%2Fhome%2F.%2F..%2Flib64%2Fsse2%2F..%2Fperl5%2F..%2F.%2Flibidn2.so.0 HTTP/1.1" 403 1242 "-" "Mozilla/5.0 AppleWebKit/537.36 (KHTML, like Gecko; compatible; ClaudeBot/1.0; +claudebot@anthropic.com)"
