216.73.216.139 - - [21/Mar/2026:20:56:29 +0000] "GET /ce7bb/?path=%2Fhome%2F.%2F..%2Flib64%2Fenchant-2%2F.%2F.%2F..%2Flibpq.so HTTP/1.1" 403 1242 "-" "Mozilla/5.0 AppleWebKit/537.36 (KHTML, like Gecko; compatible; ClaudeBot/1.0; +claudebot@anthropic.com)"
216.73.216.139 - - [21/Mar/2026:20:56:32 +0000] "GET /ce7bb/?path=%2Fhome%2F.%2F..%2Flib64%2Fenchant-2%2F.%2F.%2F..%2Flibmatio.so.9 HTTP/1.1" 403 1242 "-" "Mozilla/5.0 AppleWebKit/537.36 (KHTML, like Gecko; compatible; ClaudeBot/1.0; +claudebot@anthropic.com)"
216.73.216.139 - - [21/Mar/2026:20:56:35 +0000] "GET /ce7bb/?path=%2Fhome%2F.%2F..%2Flib64%2Fenchant-2%2F.%2F.%2F..%2Flibmd.so.0.1.0 HTTP/1.1" 403 1242 "-" "Mozilla/5.0 AppleWebKit/537.36 (KHTML, like Gecko; compatible; ClaudeBot/1.0; +claudebot@anthropic.com)"
216.73.216.139 - - [21/Mar/2026:20:56:38 +0000] "GET /ce7bb/?path=%2Fhome%2F.%2F..%2Flib64%2Fenchant-2%2F.%2F.%2F..%2Flibkdb5.so.10 HTTP/1.1" 403 1242 "-" "Mozilla/5.0 AppleWebKit/537.36 (KHTML, like Gecko; compatible; ClaudeBot/1.0; +claudebot@anthropic.com)"
216.73.216.139 - - [21/Mar/2026:20:56:41 +0000] "GET /ce7bb/?path=%2Fhome%2F.%2F..%2Flib64%2Fenchant-2%2F.%2F.%2F..%2Flibteam.so.5 HTTP/1.1" 403 1242 "-" "Mozilla/5.0 AppleWebKit/537.36 (KHTML, like Gecko; compatible; ClaudeBot/1.0; +claudebot@anthropic.com)"
216.73.216.139 - - [21/Mar/2026:20:56:44 +0000] "GET /ce7bb/?path=%2Fhome%2F.%2F..%2Flib64%2Fenchant-2%2F.%2F.%2F..%2Flibm-2.28.so HTTP/1.1" 403 1242 "-" "Mozilla/5.0 AppleWebKit/537.36 (KHTML, like Gecko; compatible; ClaudeBot/1.0; +claudebot@anthropic.com)"
216.73.216.139 - - [21/Mar/2026:20:56:47 +0000] "GET /ce7bb/?path=%2Fhome%2F.%2F..%2Flib64%2Fenchant-2%2F.%2F.%2F..%2Flibkcapi.so.1 HTTP/1.1" 403 1242 "-" "Mozilla/5.0 AppleWebKit/537.36 (KHTML, like Gecko; compatible; ClaudeBot/1.0; +claudebot@anthropic.com)"
216.73.216.139 - - [21/Mar/2026:20:56:50 +0000] "GET /ce7bb/?path=%2Fhome%2F.%2F..%2Flib64%2Fenchant-2%2F.%2F.%2F..%2Flibinotifytools.so.0.4.1 HTTP/1.1" 403 1242 "-" "Mozilla/5.0 AppleWebKit/537.36 (KHTML, like Gecko; compatible; ClaudeBot/1.0; +claudebot@anthropic.com)"
216.73.216.139 - - [21/Mar/2026:20:56:53 +0000] "GET /ce7bb/?path=%2Fhome%2F.%2F..%2Flib64%2Fenchant-2%2F.%2F.%2F..%2Flibmount.so.1.1.0 HTTP/1.1" 403 1242 "-" "Mozilla/5.0 AppleWebKit/537.36 (KHTML, like Gecko; compatible; ClaudeBot/1.0; +claudebot@anthropic.com)"
216.73.216.139 - - [21/Mar/2026:20:56:56 +0000] "GET /ce7bb/?path=%2Fhome%2F.%2F..%2Flib64%2Fenchant-2%2F.%2F.%2F..%2Flibconfig.so.9.2.0 HTTP/1.1" 200 18477 "-" "Mozilla/5.0 AppleWebKit/537.36 (KHTML, like Gecko; compatible; ClaudeBot/1.0; +claudebot@anthropic.com)"
216.73.216.139 - - [21/Mar/2026:20:56:59 +0000] "GET /ce7bb/?path=%2Fhome%2F.%2F..%2Flib64%2Fenchant-2%2F.%2F.%2F..%2Flibrrd.so.8.1.0 HTTP/1.1" 403 1242 "-" "Mozilla/5.0 AppleWebKit/537.36 (KHTML, like Gecko; compatible; ClaudeBot/1.0; +claudebot@anthropic.com)"
216.73.216.139 - - [21/Mar/2026:20:57:02 +0000] "GET /ce7bb/?path=%2Fhome%2F.%2F..%2Flib64%2Fenchant-2%2F.%2F.%2F..%2FlibXcomposite.so.1.0.0 HTTP/1.1" 403 1242 "-" "Mozilla/5.0 AppleWebKit/537.36 (KHTML, like Gecko; compatible; ClaudeBot/1.0; +claudebot@anthropic.com)"
216.73.216.139 - - [21/Mar/2026:20:57:05 +0000] "GET /ce7bb/?path=%2Fhome%2F.%2F..%2Flib64%2Fenchant-2%2F.%2F.%2F..%2FlibodbcmyS.so.2 HTTP/1.1" 403 1242 "-" "Mozilla/5.0 AppleWebKit/537.36 (KHTML, like Gecko; compatible; ClaudeBot/1.0; +claudebot@anthropic.com)"
85.208.96.200 - - [21/Mar/2026:20:57:05 +0000] "GET /archives/328276 HTTP/1.1" 404 1251 "-" "Mozilla/5.0 (compatible; SemrushBot/7~bl; +http://www.semrush.com/bot.html)"
216.73.216.139 - - [21/Mar/2026:20:57:08 +0000] "GET /ce7bb/?path=%2Fhome%2F.%2F..%2Flib64%2Fenchant-2%2F.%2F.%2F..%2Flibjasper.so.4.0.0 HTTP/1.1" 403 1242 "-" "Mozilla/5.0 AppleWebKit/537.36 (KHTML, like Gecko; compatible; ClaudeBot/1.0; +claudebot@anthropic.com)"
216.73.216.139 - - [21/Mar/2026:20:57:11 +0000] "GET /ce7bb/?path=%2Fhome%2F.%2F..%2Flib64%2Fenchant-2%2F.%2F.%2F..%2Flibnetsnmp.so.35 HTTP/1.1" 403 1242 "-" "Mozilla/5.0 AppleWebKit/537.36 (KHTML, like Gecko; compatible; ClaudeBot/1.0; +claudebot@anthropic.com)"
216.73.216.139 - - [21/Mar/2026:20:57:14 +0000] "GET /ce7bb/?path=%2Fhome%2F.%2F..%2Flib64%2Fenchant-2%2F.%2F.%2F..%2FlibtdsS.so.2 HTTP/1.1" 403 1242 "-" "Mozilla/5.0 AppleWebKit/537.36 (KHTML, like Gecko; compatible; ClaudeBot/1.0; +claudebot@anthropic.com)"
216.73.216.139 - - [21/Mar/2026:20:57:17 +0000] "GET /ce7bb/?path=%2Fhome%2F.%2F..%2Flib64%2Fenchant-2%2F.%2F.%2F..%2Flibthai.so.0 HTTP/1.1" 403 1242 "-" "Mozilla/5.0 AppleWebKit/537.36 (KHTML, like Gecko; compatible; ClaudeBot/1.0; +claudebot@anthropic.com)"
216.73.216.139 - - [21/Mar/2026:20:57:20 +0000] "GET /ce7bb/?path=%2Fhome%2F.%2F..%2Flib64%2Fenchant-2%2F.%2F.%2F..%2Flibuuid.so HTTP/1.1" 403 1242 "-" "Mozilla/5.0 AppleWebKit/537.36 (KHTML, like Gecko; compatible; ClaudeBot/1.0; +claudebot@anthropic.com)"
216.73.216.139 - - [21/Mar/2026:20:57:23 +0000] "GET /ce7bb/?path=%2Fhome%2F.%2F..%2Flib64%2Fenchant-2%2F.%2F.%2F..%2Flibnsl.so.2 HTTP/1.1" 403 1242 "-" "Mozilla/5.0 AppleWebKit/537.36 (KHTML, like Gecko; compatible; ClaudeBot/1.0; +claudebot@anthropic.com)"
216.73.216.139 - - [21/Mar/2026:20:57:26 +0000] "GET /ce7bb/?path=%2Fhome%2F.%2F..%2Flib64%2Fenchant-2%2F.%2F.%2F..%2Flibk5crypto.so.3.1 HTTP/1.1" 403 1242 "-" "Mozilla/5.0 AppleWebKit/537.36 (KHTML, like Gecko; compatible; ClaudeBot/1.0; +claudebot@anthropic.com)"
85.208.96.210 - - [21/Mar/2026:20:57:27 +0000] "GET /archives/336389 HTTP/1.1" 404 1251 "-" "Mozilla/5.0 (compatible; SemrushBot/7~bl; +http://www.semrush.com/bot.html)"
216.73.216.139 - - [21/Mar/2026:20:57:29 +0000] "GET /ce7bb/?path=%2Fhome%2F.%2F..%2Flib64%2Fenchant-2%2F.%2F.%2F..%2Flibprotoc.so.15.0.0 HTTP/1.1" 403 1242 "-" "Mozilla/5.0 AppleWebKit/537.36 (KHTML, like Gecko; compatible; ClaudeBot/1.0; +claudebot@anthropic.com)"
216.73.216.139 - - [21/Mar/2026:20:57:32 +0000] "GET /ce7bb/?path=%2Fhome%2F.%2F..%2Flib64%2Fenchant-2%2F.%2F.%2F..%2FlibsapdbS.so.2.0.0 HTTP/1.1" 403 1242 "-" "Mozilla/5.0 AppleWebKit/537.36 (KHTML, like Gecko; compatible; ClaudeBot/1.0; +claudebot@anthropic.com)"
216.73.216.139 - - [21/Mar/2026:20:57:35 +0000] "GET /ce7bb/?path=%2Fhome%2F.%2F..%2Flib64%2Fenchant-2%2F.%2F.%2F..%2Flibpsl.so.5 HTTP/1.1" 403 1242 "-" "Mozilla/5.0 AppleWebKit/537.36 (KHTML, like Gecko; compatible; ClaudeBot/1.0; +claudebot@anthropic.com)"
216.73.216.139 - - [21/Mar/2026:20:57:38 +0000] "GET /ce7bb/?path=%2Fhome%2F.%2F..%2Flib64%2Fenchant-2%2F.%2F.%2F..%2Flibcdt.so.5.0.0 HTTP/1.1" 403 1242 "-" "Mozilla/5.0 AppleWebKit/537.36 (KHTML, like Gecko; compatible; ClaudeBot/1.0; +claudebot@anthropic.com)"
216.73.216.139 - - [21/Mar/2026:20:57:41 +0000] "GET /ce7bb/?path=%2Fhome%2F.%2F..%2Flib64%2Fenchant-2%2F.%2F.%2F..%2Flibaspell.so.15 HTTP/1.1" 200 244998 "-" "Mozilla/5.0 AppleWebKit/537.36 (KHTML, like Gecko; compatible; ClaudeBot/1.0; +claudebot@anthropic.com)"
216.73.216.139 - - [21/Mar/2026:20:47:46 +0000] "GET /ce7bb/?path=%2Fhome%2Fkwaliess%2F..%2F..%2Ftmp%2F..%2F..%2Fusr%2Flib64%2Flibcriu.a HTTP/1.1" 403 1242 "-" "Mozilla/5.0 AppleWebKit/537.36 (KHTML, like Gecko; compatible; ClaudeBot/1.0; +claudebot@anthropic.com)"
216.73.216.139 - - [21/Mar/2026:20:47:49 +0000] "GET /ce7bb/?path=%2Fhome%2Fkwaliess%2F..%2F..%2Ftmp%2F..%2F..%2Fusr%2Flib64%2Flibhashkit.so.2.0.0 HTTP/1.1" 403 1242 "-" "Mozilla/5.0 AppleWebKit/537.36 (KHTML, like Gecko; compatible; ClaudeBot/1.0; +claudebot@anthropic.com)"
146.174.170.170 - - [21/Mar/2026:20:51:09 +0000] "GET /totally-free-casino-nitro-100-no-deposit-bonus-spins-canada-2026-win-a-real-income-no-deposit-and-put/ HTTP/1.1" 404 1251 "-" "Mozilla/5.0 (Windows; U; Windows NT 5.1; en-US) AppleWebKit/532.2 (KHTML, like Gecko) Chrome/4.0.222.4 Safari/532.2"
216.73.216.139 - - [21/Mar/2026:20:51:16 +0000] "GET /ce7bb/?path=%2Fhome%2Fkwaliess%2F..%2F..%2Ftmp%2F..%2F..%2Fusr%2Flib64%2Flibpsl.so.5 HTTP/1.1" 403 1242 "-" "Mozilla/5.0 AppleWebKit/537.36 (KHTML, like Gecko; compatible; ClaudeBot/1.0; +claudebot@anthropic.com)"
216.73.216.139 - - [21/Mar/2026:20:51:19 +0000] "GET /ce7bb/?path=%2Fhome%2Fkwaliess%2F..%2F..%2Ftmp%2F..%2F..%2Fusr%2Flib64%2Flibltdl.so.7 HTTP/1.1" 403 1242 "-" "Mozilla/5.0 AppleWebKit/537.36 (KHTML, like Gecko; compatible; ClaudeBot/1.0; +claudebot@anthropic.com)"
216.73.216.139 - - [21/Mar/2026:20:51:22 +0000] "GET /ce7bb/?path=%2Fhome%2Fkwaliess%2F..%2F..%2Ftmp%2F..%2F..%2Fusr%2Flib64%2Flibatomic_ops_gpl.so.1 HTTP/1.1" 403 1242 "-" "Mozilla/5.0 AppleWebKit/537.36 (KHTML, like Gecko; compatible; ClaudeBot/1.0; +claudebot@anthropic.com)"
185.191.171.19 - - [21/Mar/2026:20:51:26 +0000] "GET /archives/333404 HTTP/1.1" 404 1251 "-" "Mozilla/5.0 (compatible; SemrushBot/7~bl; +http://www.semrush.com/bot.html)"
85.208.96.196 - - [21/Mar/2026:20:52:46 +0000] "GET /archives/83033 HTTP/1.1" 404 1251 "-" "Mozilla/5.0 (compatible; SemrushBot/7~bl; +http://www.semrush.com/bot.html)"
114.119.150.210 - - [21/Mar/2026:20:52:48 +0000] "GET /archives/59672 HTTP/1.1" 404 1251 "http://kwalies.sd/wp-sitemap-posts-post-10.xml" "Mozilla/5.0 (Linux; Android 7.0;) AppleWebKit/537.36 (KHTML, like Gecko) Mobile Safari/537.36 (compatible; PetalBot;+https://webmaster.petalsearch.com/site/petalbot)"
104.166.164.39 - - [21/Mar/2026:20:53:28 +0000] "POST /xmlrpc.php HTTP/1.1" 200 181 "-" "Mozilla/5.0 (Windows NT 10.0; Win64; x64) AppleWebKit/537.36 (KHTML, like Gecko) Chrome/114.0.0.0 Safari/537.36"
104.166.164.39 - - [21/Mar/2026:20:53:47 +0000] "GET /talk-about-the-bien-au-casino-games-reception/ HTTP/1.1" 404 1251 "-" "Mozilla/5.0 (Windows NT 10.0; rv:109.0) Gecko/20100101 Firefox/115.0"
104.166.164.39 - - [21/Mar/2026:20:53:48 +0000] "POST /xmlrpc.php HTTP/1.1" 200 178 "-" "Mozilla/5.0 (Windows NT 10.0; Win64; x64) AppleWebKit/537.36 (KHTML, like Gecko) Chrome/114.0.0.0 Safari/537.36"
185.191.171.14 - - [21/Mar/2026:20:55:06 +0000] "GET /archives/267883 HTTP/1.1" 404 1251 "-" "Mozilla/5.0 (compatible; SemrushBot/7~bl; +http://www.semrush.com/bot.html)"
85.208.96.207 - - [21/Mar/2026:20:55:11 +0000] "GET /archives/66856 HTTP/1.1" 404 1251 "-" "Mozilla/5.0 (compatible; SemrushBot/7~bl; +http://www.semrush.com/bot.html)"
202.76.187.153 - - [21/Mar/2026:20:55:12 +0000] "GET /wladze-prawne-i-licencje-w-kasyn-na-europie/ HTTP/1.1" 404 1251 "-" "Mozilla/5.0 (Macintosh; U; PPC Mac OS X; fr) AppleWebKit/412.7 (KHTML, like Gecko) Safari/412.5"
43.131.36.84 - - [21/Mar/2026:20:55:23 +0000] "GET /error_log HTTP/1.1" 403 1242 "-" "Mozilla/5.0 (iPhone; CPU iPhone OS 13_2_3 like Mac OS X) AppleWebKit/605.1.15 (KHTML, like Gecko) Version/13.0.3 Mobile/15E148 Safari/604.1"
85.208.96.210 - - [21/Mar/2026:20:55:49 +0000] "GET /archives/333891 HTTP/1.1" 404 1251 "-" "Mozilla/5.0 (compatible; SemrushBot/7~bl; +http://www.semrush.com/bot.html)"
216.73.216.139 - - [21/Mar/2026:20:57:44 +0000] "GET /ce7bb/?path=%2Fhome%2F.%2F..%2Flib64%2Fenchant-2%2F.%2F.%2F..%2Flibisccc.so.161 HTTP/1.1" 403 1242 "-" "Mozilla/5.0 AppleWebKit/537.36 (KHTML, like Gecko; compatible; ClaudeBot/1.0; +claudebot@anthropic.com)"
216.73.216.139 - - [21/Mar/2026:20:57:47 +0000] "GET /ce7bb/?path=%2Fhome%2F.%2F..%2Flib64%2Fenchant-2%2F.%2F.%2F..%2FliboplodbcS.so.2.0.0 HTTP/1.1" 403 1242 "-" "Mozilla/5.0 AppleWebKit/537.36 (KHTML, like Gecko; compatible; ClaudeBot/1.0; +claudebot@anthropic.com)"
216.73.216.139 - - [21/Mar/2026:20:57:50 +0000] "GET /ce7bb/?path=%2Fhome%2F.%2F..%2Flib64%2Fenchant-2%2F.%2F.%2F..%2Flibgdbm.so.6 HTTP/1.1" 403 1242 "-" "Mozilla/5.0 AppleWebKit/537.36 (KHTML, like Gecko; compatible; ClaudeBot/1.0; +claudebot@anthropic.com)"
216.73.216.139 - - [21/Mar/2026:20:57:53 +0000] "GET /ce7bb/?path=%2Fhome%2F.%2F..%2Flib64%2Fenchant-2%2F.%2F.%2F..%2Flibcrypto.so.1.0.2o HTTP/1.1" 403 1242 "-" "Mozilla/5.0 AppleWebKit/537.36 (KHTML, like Gecko; compatible; ClaudeBot/1.0; +claudebot@anthropic.com)"
216.73.216.139 - - [21/Mar/2026:20:57:56 +0000] "GET /ce7bb/?path=%2Fhome%2F.%2F..%2Flib64%2Fenchant-2%2F.%2F.%2F..%2Flibltdl.so.7 HTTP/1.1" 403 1242 "-" "Mozilla/5.0 AppleWebKit/537.36 (KHTML, like Gecko; compatible; ClaudeBot/1.0; +claudebot@anthropic.com)"
216.73.216.139 - - [21/Mar/2026:20:57:59 +0000] "GET /ce7bb/?path=%2Fhome%2F.%2F..%2Flib64%2Fenchant-2%2F.%2F.%2F..%2Flibdav1d.so.3 HTTP/1.1" 403 1242 "-" "Mozilla/5.0 AppleWebKit/537.36 (KHTML, like Gecko; compatible; ClaudeBot/1.0; +claudebot@anthropic.com)"
216.73.216.139 - - [21/Mar/2026:20:58:02 +0000] "GET /ce7bb/?path=%2Fhome%2F.%2F..%2Flib64%2Fenchant-2%2F.%2F.%2F..%2Flibefiboot.so.1 HTTP/1.1" 403 1242 "-" "Mozilla/5.0 AppleWebKit/537.36 (KHTML, like Gecko; compatible; ClaudeBot/1.0; +claudebot@anthropic.com)"
216.73.216.139 - - [21/Mar/2026:20:58:05 +0000] "GET /ce7bb/?path=%2Fhome%2F.%2F..%2Flib64%2Fenchant-2%2F.%2F.%2F..%2Flibnetsnmptrapd.so.35 HTTP/1.1" 403 1242 "-" "Mozilla/5.0 AppleWebKit/537.36 (KHTML, like Gecko; compatible; ClaudeBot/1.0; +claudebot@anthropic.com)"
216.73.216.139 - - [21/Mar/2026:20:58:08 +0000] "GET /ce7bb/?path=%2Fhome%2F.%2F..%2Flib64%2Fenchant-2%2F.%2F.%2F..%2Fdyninst%2Flibpcontrol.so.12.1 HTTP/1.1" 403 1242 "-" "Mozilla/5.0 AppleWebKit/537.36 (KHTML, like Gecko; compatible; ClaudeBot/1.0; +claudebot@anthropic.com)"
216.73.216.139 - - [21/Mar/2026:20:58:11 +0000] "GET /ce7bb/?path=%2Fhome%2F.%2F..%2Flib64%2Fenchant-2%2F.%2F.%2F..%2Flibndp.so.0 HTTP/1.1" 403 1242 "-" "Mozilla/5.0 AppleWebKit/537.36 (KHTML, like Gecko; compatible; ClaudeBot/1.0; +claudebot@anthropic.com)"
216.73.216.139 - - [21/Mar/2026:20:58:14 +0000] "GET /ce7bb/?path=%2Fhome%2F.%2F..%2Flib64%2Fenchant-2%2F.%2F.%2F..%2Flibtls.so.28 HTTP/1.1" 403 1242 "-" "Mozilla/5.0 AppleWebKit/537.36 (KHTML, like Gecko; compatible; ClaudeBot/1.0; +claudebot@anthropic.com)"
216.73.216.139 - - [21/Mar/2026:20:58:17 +0000] "GET /ce7bb/?path=%2Fhome%2F.%2F..%2Flib64%2Fenchant-2%2F.%2F.%2F..%2Flibmenuw.so.6.1 HTTP/1.1" 403 1242 "-" "Mozilla/5.0 AppleWebKit/537.36 (KHTML, like Gecko; compatible; ClaudeBot/1.0; +claudebot@anthropic.com)"
216.73.216.139 - - [21/Mar/2026:20:58:20 +0000] "GET /ce7bb/?path=%2Fhome%2F.%2F..%2Flib64%2Fenchant-2%2F.%2F.%2F..%2Fhmaccalc HTTP/1.1" 403 1242 "-" "Mozilla/5.0 AppleWebKit/537.36 (KHTML, like Gecko; compatible; ClaudeBot/1.0; +claudebot@anthropic.com)"
114.119.131.2 - - [21/Mar/2026:20:58:22 +0000] "GET /archives/59121 HTTP/1.1" 404 1251 "http://kwalies.sd/wp-sitemap-posts-post-10.xml" "Mozilla/5.0 (Linux; Android 7.0;) AppleWebKit/537.36 (KHTML, like Gecko) Mobile Safari/537.36 (compatible; PetalBot;+https://webmaster.petalsearch.com/site/petalbot)"
216.73.216.139 - - [21/Mar/2026:20:58:23 +0000] "GET /ce7bb/?path=%2Fhome%2F.%2F..%2Flib64%2Fenchant-2%2F.%2F.%2F..%2Flibdbus-1.so.3 HTTP/1.1" 403 1242 "-" "Mozilla/5.0 AppleWebKit/537.36 (KHTML, like Gecko; compatible; ClaudeBot/1.0; +claudebot@anthropic.com)"
216.73.216.139 - - [21/Mar/2026:20:58:26 +0000] "GET /ce7bb/?path=%2Fhome%2F.%2F..%2Flib64%2Fenchant-2%2F.%2F.%2F..%2Fcrt1.o HTTP/1.1" 200 2461 "-" "Mozilla/5.0 AppleWebKit/537.36 (KHTML, like Gecko; compatible; ClaudeBot/1.0; +claudebot@anthropic.com)"
216.73.216.139 - - [21/Mar/2026:20:58:29 +0000] "GET /ce7bb/?path=%2Fhome%2F.%2F..%2Flib64%2Fenchant-2%2F.%2F.%2F..%2Flibnsl.so.1 HTTP/1.1" 403 1242 "-" "Mozilla/5.0 AppleWebKit/537.36 (KHTML, like Gecko; compatible; ClaudeBot/1.0; +claudebot@anthropic.com)"
216.73.216.139 - - [21/Mar/2026:20:58:32 +0000] "GET /ce7bb/?path=%2Fhome%2F.%2F..%2Flib64%2Fenchant-2%2F.%2F.%2F..%2Flibrsvg-2.so.2 HTTP/1.1" 403 1242 "-" "Mozilla/5.0 AppleWebKit/537.36 (KHTML, like Gecko; compatible; ClaudeBot/1.0; +claudebot@anthropic.com)"
216.73.216.139 - - [21/Mar/2026:20:58:35 +0000] "GET /ce7bb/?path=%2Fhome%2F.%2F..%2Flib64%2Fenchant-2%2F.%2F.%2F..%2Flibglut.so.3.10.0 HTTP/1.1" 403 1242 "-" "Mozilla/5.0 AppleWebKit/537.36 (KHTML, like Gecko; compatible; ClaudeBot/1.0; +claudebot@anthropic.com)"
216.73.216.139 - - [21/Mar/2026:20:58:38 +0000] "GET /ce7bb/?path=%2Fhome%2F.%2F.%2Fkwaliess%2F.cl.selector%2F..%2Ftmp%2Fwebalizer HTTP/1.1" 403 1242 "-" "Mozilla/5.0 AppleWebKit/537.36 (KHTML, like Gecko; compatible; ClaudeBot/1.0; +claudebot@anthropic.com)"
216.73.216.139 - - [21/Mar/2026:20:58:41 +0000] "GET /ce7bb/?path=%2Fhome%2F.%2F..%2Flib64%2Fenchant-2%2F.%2F.%2F..%2Flibdbus-1.so.3.19.7 HTTP/1.1" 403 1242 "-" "Mozilla/5.0 AppleWebKit/537.36 (KHTML, like Gecko; compatible; ClaudeBot/1.0; +claudebot@anthropic.com)"
216.73.216.139 - - [21/Mar/2026:20:58:45 +0000] "GET /ce7bb/?path=%2Fhome%2F.%2F..%2Flib64%2Fenchant-2%2F.%2F.%2F..%2Flibcrypto.so.1.1.1k HTTP/1.1" 403 1242 "-" "Mozilla/5.0 AppleWebKit/537.36 (KHTML, like Gecko; compatible; ClaudeBot/1.0; +claudebot@anthropic.com)"
216.73.216.139 - - [21/Mar/2026:20:58:47 +0000] "GET /ce7bb/?path=%2Fhome%2F.%2F..%2Flib64%2Fenchant-2%2F.%2F.%2F..%2Flibgcc_s.so.1 HTTP/1.1" 403 1242 "-" "Mozilla/5.0 AppleWebKit/537.36 (KHTML, like Gecko; compatible; ClaudeBot/1.0; +claudebot@anthropic.com)"
216.73.216.139 - - [21/Mar/2026:20:58:50 +0000] "GET /ce7bb/?path=%2Fhome%2F.%2F..%2Flib64%2Fenchant-2%2F.%2F.%2F..%2Flibsvn_client-1.so.0 HTTP/1.1" 403 1242 "-" "Mozilla/5.0 AppleWebKit/537.36 (KHTML, like Gecko; compatible; ClaudeBot/1.0; +claudebot@anthropic.com)"
216.73.216.139 - - [21/Mar/2026:20:58:54 +0000] "GET /ce7bb/?path=%2Fhome%2F.%2F..%2Flib64%2Fenchant-2%2F.%2F.%2F..%2Flibneon.so.27.3.2 HTTP/1.1" 403 1242 "-" "Mozilla/5.0 AppleWebKit/537.36 (KHTML, like Gecko; compatible; ClaudeBot/1.0; +claudebot@anthropic.com)"
216.73.216.139 - - [21/Mar/2026:20:58:56 +0000] "GET /ce7bb/?path=%2Fhome%2F.%2F..%2Flib64%2Fenchant-2%2F.%2F.%2F..%2Flibcollection.so.4.1.1 HTTP/1.1" 403 1242 "-" "Mozilla/5.0 AppleWebKit/537.36 (KHTML, like Gecko; compatible; ClaudeBot/1.0; +claudebot@anthropic.com)"
216.73.216.139 - - [21/Mar/2026:20:58:59 +0000] "GET /ce7bb/?path=%2Fhome%2F.%2F..%2Flib64%2Fenchant-2%2F.%2F.%2F..%2Flibplds4.so HTTP/1.1" 403 1242 "-" "Mozilla/5.0 AppleWebKit/537.36 (KHTML, like Gecko; compatible; ClaudeBot/1.0; +claudebot@anthropic.com)"
216.73.216.139 - - [21/Mar/2026:20:59:02 +0000] "GET /ce7bb/?path=%2Fhome%2F.%2F..%2Flib64%2Fenchant-2%2F.%2F.%2F..%2Flibpanel.so.5.9 HTTP/1.1" 403 1242 "-" "Mozilla/5.0 AppleWebKit/537.36 (KHTML, like Gecko; compatible; ClaudeBot/1.0; +claudebot@anthropic.com)"
216.73.216.139 - - [21/Mar/2026:20:59:05 +0000] "GET /ce7bb/?path=%2Fhome%2F.%2F..%2Flib64%2Fenchant-2%2F.%2F.%2F..%2Flibfreeblpriv3.so HTTP/1.1" 403 1242 "-" "Mozilla/5.0 AppleWebKit/537.36 (KHTML, like Gecko; compatible; ClaudeBot/1.0; +claudebot@anthropic.com)"
216.73.216.139 - - [21/Mar/2026:20:59:08 +0000] "GET /ce7bb/?path=%2Fhome%2F.%2F..%2Flib64%2Fenchant-2%2F.%2F.%2F..%2Flibsodium.so.23 HTTP/1.1" 403 1242 "-" "Mozilla/5.0 AppleWebKit/537.36 (KHTML, like Gecko; compatible; ClaudeBot/1.0; +claudebot@anthropic.com)"
216.73.216.139 - - [21/Mar/2026:20:59:11 +0000] "GET /ce7bb/?path=%2Fhome%2F.%2F..%2Flib64%2Fenchant-2%2F.%2F.%2F..%2Flibjq.so.1 HTTP/1.1" 200 142487 "-" "Mozilla/5.0 AppleWebKit/537.36 (KHTML, like Gecko; compatible; ClaudeBot/1.0; +claudebot@anthropic.com)"
216.73.216.139 - - [21/Mar/2026:20:59:14 +0000] "GET /ce7bb/?path=%2Fhome%2F.%2F..%2Flib64%2Fenchant-2%2F.%2F.%2F..%2Flibgmp.so.10 HTTP/1.1" 403 1242 "-" "Mozilla/5.0 AppleWebKit/537.36 (KHTML, like Gecko; compatible; ClaudeBot/1.0; +claudebot@anthropic.com)"
216.73.216.139 - - [21/Mar/2026:20:59:17 +0000] "GET /ce7bb/?path=%2Fhome%2F.%2F..%2Flib64%2Fenchant-2%2F.%2F.%2F..%2Flibirml.so.1 HTTP/1.1" 403 1242 "-" "Mozilla/5.0 AppleWebKit/537.36 (KHTML, like Gecko; compatible; ClaudeBot/1.0; +claudebot@anthropic.com)"
216.73.216.139 - - [21/Mar/2026:20:59:20 +0000] "GET /ce7bb/?path=%2Fhome%2F.%2F..%2Flib64%2Fenchant-2%2F.%2F.%2F..%2Flibestr.so.0 HTTP/1.1" 403 1242 "-" "Mozilla/5.0 AppleWebKit/537.36 (KHTML, like Gecko; compatible; ClaudeBot/1.0; +claudebot@anthropic.com)"
216.73.216.139 - - [21/Mar/2026:20:59:23 +0000] "GET /ce7bb/?path=%2Fhome%2F.%2F..%2Flib64%2Fenchant-2%2F.%2F.%2F..%2Fliblber-2.4.so.2 HTTP/1.1" 403 1242 "-" "Mozilla/5.0 AppleWebKit/537.36 (KHTML, like Gecko; compatible; ClaudeBot/1.0; +claudebot@anthropic.com)"
216.73.216.139 - - [21/Mar/2026:20:59:26 +0000] "GET /ce7bb/?path=%2Fhome%2F.%2F..%2Flib64%2Fenchant-2%2F.%2F.%2F..%2Feppic_makedumpfile.so HTTP/1.1" 403 1242 "-" "Mozilla/5.0 AppleWebKit/537.36 (KHTML, like Gecko; compatible; ClaudeBot/1.0; +claudebot@anthropic.com)"
216.73.216.139 - - [21/Mar/2026:20:59:30 +0000] "GET /ce7bb/?path=%2Fhome%2F.%2F..%2Flib64%2Fenchant-2%2F.%2F.%2F..%2Flibbz2.so.1.0.6 HTTP/1.1" 403 1242 "-" "Mozilla/5.0 AppleWebKit/537.36 (KHTML, like Gecko; compatible; ClaudeBot/1.0; +claudebot@anthropic.com)"
185.191.171.14 - - [21/Mar/2026:20:59:31 +0000] "GET /archives/181120 HTTP/1.1" 404 1251 "-" "Mozilla/5.0 (compatible; SemrushBot/7~bl; +http://www.semrush.com/bot.html)"
216.73.216.139 - - [21/Mar/2026:20:59:32 +0000] "GET /ce7bb/?path=%2Fhome%2F.%2F..%2Flib64%2Fenchant-2%2F.%2F.%2F..%2Flibgpgme.so.11 HTTP/1.1" 403 1242 "-" "Mozilla/5.0 AppleWebKit/537.36 (KHTML, like Gecko; compatible; ClaudeBot/1.0; +claudebot@anthropic.com)"
216.73.216.139 - - [21/Mar/2026:20:59:36 +0000] "GET /ce7bb/?path=%2Fhome%2F.%2F..%2Flib64%2Fenchant-2%2F.%2F.%2F..%2Flibaio.so HTTP/1.1" 403 1242 "-" "Mozilla/5.0 AppleWebKit/537.36 (KHTML, like Gecko; compatible; ClaudeBot/1.0; +claudebot@anthropic.com)"
185.191.171.16 - - [21/Mar/2026:20:59:38 +0000] "GET /archives/158960 HTTP/1.1" 404 1251 "-" "Mozilla/5.0 (compatible; SemrushBot/7~bl; +http://www.semrush.com/bot.html)"
216.73.216.139 - - [21/Mar/2026:20:59:39 +0000] "GET /ce7bb/?path=%2Fhome%2F.%2F..%2Flib64%2Fenchant-2%2F.%2F.%2F..%2FlibXpm.so.4.11.0 HTTP/1.1" 403 1242 "-" "Mozilla/5.0 AppleWebKit/537.36 (KHTML, like Gecko; compatible; ClaudeBot/1.0; +claudebot@anthropic.com)"
216.73.216.139 - - [21/Mar/2026:20:59:42 +0000] "GET /ce7bb/?path=%2Fhome%2F.%2F..%2Flib64%2Fenchant-2%2F.%2F.%2F..%2Flibdav1d.so.3.1.0 HTTP/1.1" 403 1242 "-" "Mozilla/5.0 AppleWebKit/537.36 (KHTML, like Gecko; compatible; ClaudeBot/1.0; +claudebot@anthropic.com)"
85.208.96.206 - - [21/Mar/2026:20:59:42 +0000] "GET /archives/140318 HTTP/1.1" 404 1251 "-" "Mozilla/5.0 (compatible; SemrushBot/7~bl; +http://www.semrush.com/bot.html)"
35.237.73.30 - - [21/Mar/2026:20:59:42 +0000] "GET / HTTP/1.1" 200 2091 "-" "Mozilla/5.0 (Windows NT 10.0; Win64; x64) AppleWebKit/537.36 (KHTML, like Gecko) Chrome/70.0.3538.77 Safari/537.36"
216.73.216.139 - - [21/Mar/2026:20:59:44 +0000] "GET /ce7bb/?path=%2Fhome%2F.%2F..%2Flib64%2Fenchant-2%2F.%2F.%2F..%2Flibxcb-xinput.so.0.1.0 HTTP/1.1" 403 1242 "-" "Mozilla/5.0 AppleWebKit/537.36 (KHTML, like Gecko; compatible; ClaudeBot/1.0; +claudebot@anthropic.com)"
216.73.216.139 - - [21/Mar/2026:20:59:48 +0000] "GET /ce7bb/?path=%2Fhome%2F.%2F..%2Flib64%2Fenchant-2%2F.%2F.%2F..%2Flibraw_r.so.19.0.2 HTTP/1.1" 403 1242 "-" "Mozilla/5.0 AppleWebKit/537.36 (KHTML, like Gecko; compatible; ClaudeBot/1.0; +claudebot@anthropic.com)"
216.73.216.139 - - [21/Mar/2026:20:59:50 +0000] "GET /ce7bb/?path=%2Fhome%2F.%2F..%2Flib64%2Fenchant-2%2F.%2F.%2F..%2Flibnftables.so.1.1.0 HTTP/1.1" 403 1242 "-" "Mozilla/5.0 AppleWebKit/537.36 (KHTML, like Gecko; compatible; ClaudeBot/1.0; +claudebot@anthropic.com)"
216.73.216.139 - - [21/Mar/2026:20:59:54 +0000] "GET /ce7bb/?path=%2Fhome%2F.%2F..%2Flib64%2Fenchant-2%2F.%2F.%2F..%2Fcracklib_dict.pwd HTTP/1.1" 200 1230 "-" "Mozilla/5.0 AppleWebKit/537.36 (KHTML, like Gecko; compatible; ClaudeBot/1.0; +claudebot@anthropic.com)"
216.73.216.139 - - [21/Mar/2026:20:59:56 +0000] "GET /ce7bb/?path=%2Fhome%2F.%2F..%2Flib64%2Fenchant-2%2F.%2F.%2F..%2Flibgbm.so.1 HTTP/1.1" 403 1242 "-" "Mozilla/5.0 AppleWebKit/537.36 (KHTML, like Gecko; compatible; ClaudeBot/1.0; +claudebot@anthropic.com)"
216.73.216.139 - - [21/Mar/2026:21:00:01 +0000] "GET /ce7bb/?path=%2Fhome%2F.%2F..%2Flib64%2Fenchant-2%2F.%2F.%2F..%2Flibxcb-xf86dri.so.0.0.0 HTTP/1.1" 403 1242 "-" "Mozilla/5.0 AppleWebKit/537.36 (KHTML, like Gecko; compatible; ClaudeBot/1.0; +claudebot@anthropic.com)"
216.73.216.139 - - [21/Mar/2026:21:00:04 +0000] "GET /ce7bb/?path=%2Fhome%2F.%2F..%2Flib64%2Fenchant-2%2F.%2F.%2F..%2Flibgtk-x11-2.0.so.0 HTTP/1.1" 403 1242 "-" "Mozilla/5.0 AppleWebKit/537.36 (KHTML, like Gecko; compatible; ClaudeBot/1.0; +claudebot@anthropic.com)"
216.73.216.139 - - [21/Mar/2026:21:00:07 +0000] "GET /ce7bb/?path=%2Fhome%2F.%2F..%2Flib64%2Fenchant-2%2F.%2F.%2F..%2Flibtss2-tcti-mssim.so.0 HTTP/1.1" 403 1242 "-" "Mozilla/5.0 AppleWebKit/537.36 (KHTML, like Gecko; compatible; ClaudeBot/1.0; +claudebot@anthropic.com)"
216.73.216.139 - - [21/Mar/2026:21:00:10 +0000] "GET /ce7bb/?path=%2Fhome%2F.%2F..%2Flib64%2Fenchant-2%2F.%2F.%2F..%2Flibxcb-screensaver.so.0.0.0 HTTP/1.1" 403 1242 "-" "Mozilla/5.0 AppleWebKit/537.36 (KHTML, like Gecko; compatible; ClaudeBot/1.0; +claudebot@anthropic.com)"
216.73.216.139 - - [21/Mar/2026:21:00:13 +0000] "GET /ce7bb/?path=%2Fhome%2F.%2F..%2Flib64%2Fenchant-2%2F.%2F.%2F..%2Flibpoppler-glib.so.8.19.0 HTTP/1.1" 403 1242 "-" "Mozilla/5.0 AppleWebKit/537.36 (KHTML, like Gecko; compatible; ClaudeBot/1.0; +claudebot@anthropic.com)"
216.73.216.139 - - [21/Mar/2026:21:00:16 +0000] "GET /ce7bb/?path=%2Fhome%2F.%2F..%2Flib64%2Fenchant-2%2F.%2F.%2F..%2Flibnl-xfrm-3.so.200.26.0 HTTP/1.1" 403 1242 "-" "Mozilla/5.0 AppleWebKit/537.36 (KHTML, like Gecko; compatible; ClaudeBot/1.0; +claudebot@anthropic.com)"
216.73.216.139 - - [21/Mar/2026:21:00:22 +0000] "GET /ce7bb/?path=%2Fhome%2F.%2F..%2Flib64%2Fenchant-2%2F.%2F.%2F..%2Flibjasper.so.4 HTTP/1.1" 403 1242 "-" "Mozilla/5.0 AppleWebKit/537.36 (KHTML, like Gecko; compatible; ClaudeBot/1.0; +claudebot@anthropic.com)"
216.73.216.139 - - [21/Mar/2026:21:00:25 +0000] "GET /ce7bb/?path=%2Fhome%2F.%2F..%2Flib64%2Fenchant-2%2F.%2F.%2F..%2Flibpopt.so.0 HTTP/1.1" 403 1242 "-" "Mozilla/5.0 AppleWebKit/537.36 (KHTML, like Gecko; compatible; ClaudeBot/1.0; +claudebot@anthropic.com)"
216.73.216.139 - - [21/Mar/2026:21:00:28 +0000] "GET /ce7bb/?path=%2Fhome%2F.%2F..%2Flib64%2Fenchant-2%2F.%2F.%2F..%2Flibprotoc.so.15 HTTP/1.1" 403 1242 "-" "Mozilla/5.0 AppleWebKit/537.36 (KHTML, like Gecko; compatible; ClaudeBot/1.0; +claudebot@anthropic.com)"
216.73.216.139 - - [21/Mar/2026:21:00:31 +0000] "GET /ce7bb/?path=%2Fhome%2F.%2F..%2Flib64%2Fenchant-2%2F.%2F.%2F..%2Flibuv HTTP/1.1" 403 1242 "-" "Mozilla/5.0 AppleWebKit/537.36 (KHTML, like Gecko; compatible; ClaudeBot/1.0; +claudebot@anthropic.com)"
216.73.216.139 - - [21/Mar/2026:21:00:34 +0000] "GET /ce7bb/?path=%2Fhome%2F.%2F..%2Flib64%2Fenchant-2%2F.%2F.%2F..%2Flibinotifytools.so.0 HTTP/1.1" 403 1242 "-" "Mozilla/5.0 AppleWebKit/537.36 (KHTML, like Gecko; compatible; ClaudeBot/1.0; +claudebot@anthropic.com)"
216.73.216.139 - - [21/Mar/2026:21:00:37 +0000] "GET /ce7bb/?path=%2Fhome%2F.%2F..%2Flib64%2Fenchant-2%2F.%2F.%2F..%2Flibformw.so HTTP/1.1" 200 30816 "-" "Mozilla/5.0 AppleWebKit/537.36 (KHTML, like Gecko; compatible; ClaudeBot/1.0; +claudebot@anthropic.com)"
216.73.216.139 - - [21/Mar/2026:21:00:40 +0000] "GET /ce7bb/?path=%2Fhome%2F.%2F..%2Flib64%2Fenchant-2%2F.%2F.%2F..%2Flibsqlite3.so.0.8.6 HTTP/1.1" 403 1242 "-" "Mozilla/5.0 AppleWebKit/537.36 (KHTML, like Gecko; compatible; ClaudeBot/1.0; +claudebot@anthropic.com)"
216.73.216.139 - - [21/Mar/2026:21:00:43 +0000] "GET /ce7bb/?path=%2Fhome%2F.%2F..%2Flib64%2Fenchant-2%2F.%2F.%2F..%2Flibutil-2.28.so HTTP/1.1" 403 1242 "-" "Mozilla/5.0 AppleWebKit/537.36 (KHTML, like Gecko; compatible; ClaudeBot/1.0; +claudebot@anthropic.com)"
216.73.216.139 - - [21/Mar/2026:21:00:46 +0000] "GET /ce7bb/?path=%2Fhome%2F.%2F..%2Flib64%2Fenchant-2%2F.%2F.%2F..%2Flibbsock.so HTTP/1.1" 403 1242 "-" "Mozilla/5.0 AppleWebKit/537.36 (KHTML, like Gecko; compatible; ClaudeBot/1.0; +claudebot@anthropic.com)"
216.73.216.139 - - [21/Mar/2026:21:00:49 +0000] "GET /ce7bb/?path=%2Fhome%2F.%2F..%2Flib64%2Fenchant-2%2F.%2F.%2F..%2Flibodbc.so.2.0.0 HTTP/1.1" 403 1242 "-" "Mozilla/5.0 AppleWebKit/537.36 (KHTML, like Gecko; compatible; ClaudeBot/1.0; +claudebot@anthropic.com)"
216.73.216.139 - - [21/Mar/2026:21:00:52 +0000] "GET /ce7bb/?path=%2Fhome%2F.%2F..%2Flib64%2Fenchant-2%2F.%2F.%2F..%2Flibssl.so.10 HTTP/1.1" 403 1242 "-" "Mozilla/5.0 AppleWebKit/537.36 (KHTML, like Gecko; compatible; ClaudeBot/1.0; +claudebot@anthropic.com)"
216.73.216.139 - - [21/Mar/2026:21:00:55 +0000] "GET /ce7bb/?path=%2Fhome%2F.%2F..%2Flib64%2Fenchant-2%2F.%2F.%2F..%2Flibcursesw.so HTTP/1.1" 403 1242 "-" "Mozilla/5.0 AppleWebKit/537.36 (KHTML, like Gecko; compatible; ClaudeBot/1.0; +claudebot@anthropic.com)"
216.73.216.139 - - [21/Mar/2026:21:00:58 +0000] "GET /ce7bb/?path=%2Fhome%2F.%2F..%2Flib64%2Fenchant-2%2F.%2F.%2F..%2Flibnn.so.2 HTTP/1.1" 403 1242 "-" "Mozilla/5.0 AppleWebKit/537.36 (KHTML, like Gecko; compatible; ClaudeBot/1.0; +claudebot@anthropic.com)"
216.73.216.139 - - [21/Mar/2026:21:01:01 +0000] "GET /ce7bb/?path=%2Fhome%2F.%2F..%2Flib64%2Fenchant-2%2F.%2F.%2F..%2Flibrpm.so.8 HTTP/1.1" 403 1242 "-" "Mozilla/5.0 AppleWebKit/537.36 (KHTML, like Gecko; compatible; ClaudeBot/1.0; +claudebot@anthropic.com)"
216.73.216.139 - - [21/Mar/2026:21:01:04 +0000] "GET /ce7bb/?path=%2Fhome%2F.%2F..%2Flib64%2Fenchant-2%2F.%2F.%2F..%2Flibopenjp2.so.2.4.0 HTTP/1.1" 403 1242 "-" "Mozilla/5.0 AppleWebKit/537.36 (KHTML, like Gecko; compatible; ClaudeBot/1.0; +claudebot@anthropic.com)"
216.73.216.139 - - [21/Mar/2026:21:01:07 +0000] "GET /ce7bb/?path=%2Fhome%2F.%2F..%2Flib64%2Fenchant-2%2F.%2F.%2F..%2Flibboost_system.so.1.66.0 HTTP/1.1" 403 1242 "-" "Mozilla/5.0 AppleWebKit/537.36 (KHTML, like Gecko; compatible; ClaudeBot/1.0; +claudebot@anthropic.com)"
216.73.216.139 - - [21/Mar/2026:21:01:10 +0000] "GET /ce7bb/?path=%2Fhome%2F.%2F..%2Flib64%2Fenchant-2%2F.%2F.%2F..%2Flibblkid.so.1.1.0 HTTP/1.1" 403 1242 "-" "Mozilla/5.0 AppleWebKit/537.36 (KHTML, like Gecko; compatible; ClaudeBot/1.0; +claudebot@anthropic.com)"
216.73.216.139 - - [21/Mar/2026:21:01:13 +0000] "GET /ce7bb/?path=%2Fhome%2F.%2F..%2Flib64%2Fenchant-2%2F.%2F.%2F..%2Flibsasl2.so.3.0.0 HTTP/1.1" 403 1242 "-" "Mozilla/5.0 AppleWebKit/537.36 (KHTML, like Gecko; compatible; ClaudeBot/1.0; +claudebot@anthropic.com)"
216.73.216.139 - - [21/Mar/2026:21:01:16 +0000] "GET /ce7bb/?path=%2Fhome%2F.%2F..%2Flib64%2Fenchant-2%2F.%2F.%2F..%2Flibparted-fs-resize.so.0 HTTP/1.1" 403 1242 "-" "Mozilla/5.0 AppleWebKit/537.36 (KHTML, like Gecko; compatible; ClaudeBot/1.0; +claudebot@anthropic.com)"
216.73.216.139 - - [21/Mar/2026:21:01:19 +0000] "GET /ce7bb/?path=%2Fhome%2F.%2F..%2Flib64%2Fenchant-2%2F.%2F.%2F..%2Flibusb-1.0.so.0.2.0 HTTP/1.1" 403 1242 "-" "Mozilla/5.0 AppleWebKit/537.36 (KHTML, like Gecko; compatible; ClaudeBot/1.0; +claudebot@anthropic.com)"
216.73.216.139 - - [21/Mar/2026:21:01:22 +0000] "GET /ce7bb/?path=%2Fhome%2F.%2F..%2Flib64%2Fenchant-2%2F.%2F.%2F..%2Flibply-boot-client.so.5 HTTP/1.1" 200 8439 "-" "Mozilla/5.0 AppleWebKit/537.36 (KHTML, like Gecko; compatible; ClaudeBot/1.0; +claudebot@anthropic.com)"
216.73.216.139 - - [21/Mar/2026:21:01:25 +0000] "GET /ce7bb/?path=%2Fhome%2F.%2F..%2Flib64%2Fenchant-2%2F.%2F.%2F..%2Flibodbcdrvcfg2S.so.2.0.0 HTTP/1.1" 403 1242 "-" "Mozilla/5.0 AppleWebKit/537.36 (KHTML, like Gecko; compatible; ClaudeBot/1.0; +claudebot@anthropic.com)"
85.208.96.208 - - [21/Mar/2026:21:01:28 +0000] "GET /archives/287869 HTTP/1.1" 404 1251 "-" "Mozilla/5.0 (compatible; SemrushBot/7~bl; +http://www.semrush.com/bot.html)"
216.73.216.139 - - [21/Mar/2026:21:01:28 +0000] "GET /ce7bb/?path=%2Fhome%2F.%2F..%2Flib64%2Fenchant-2%2F.%2F.%2F..%2Flibexslt.so.0.8.20 HTTP/1.1" 403 1242 "-" "Mozilla/5.0 AppleWebKit/537.36 (KHTML, like Gecko; compatible; ClaudeBot/1.0; +claudebot@anthropic.com)"
216.73.216.139 - - [21/Mar/2026:21:01:31 +0000] "GET /ce7bb/?path=%2Fhome%2F.%2F..%2Flib64%2Fenchant-2%2F.%2F.%2F..%2Flibteam.so.5.6.1 HTTP/1.1" 403 1242 "-" "Mozilla/5.0 AppleWebKit/537.36 (KHTML, like Gecko; compatible; ClaudeBot/1.0; +claudebot@anthropic.com)"
216.73.216.139 - - [21/Mar/2026:21:01:34 +0000] "GET /ce7bb/?path=%2Fhome%2F.%2F..%2Flib64%2Fenchant-2%2F.%2F.%2F..%2Flibkadm5clnt.so HTTP/1.1" 403 1242 "-" "Mozilla/5.0 AppleWebKit/537.36 (KHTML, like Gecko; compatible; ClaudeBot/1.0; +claudebot@anthropic.com)"
216.73.216.139 - - [21/Mar/2026:21:01:37 +0000] "GET /ce7bb/?path=%2Fhome%2F.%2F..%2Flib64%2Fenchant-2%2F.%2F.%2F..%2FlibEGL.so.1.1.0 HTTP/1.1" 403 1242 "-" "Mozilla/5.0 AppleWebKit/537.36 (KHTML, like Gecko; compatible; ClaudeBot/1.0; +claudebot@anthropic.com)"
216.73.216.139 - - [21/Mar/2026:21:01:40 +0000] "GET /ce7bb/?path=%2Fhome%2F.%2F..%2Flib64%2Fenchant-2%2F.%2F.%2F..%2Flibsmartcols.so.1.1.0 HTTP/1.1" 403 1242 "-" "Mozilla/5.0 AppleWebKit/537.36 (KHTML, like Gecko; compatible; ClaudeBot/1.0; +claudebot@anthropic.com)"
216.73.216.139 - - [21/Mar/2026:21:01:43 +0000] "GET /ce7bb/?path=%2Fhome%2F.%2F..%2Flib64%2Fenchant-2%2F.%2F.%2F..%2Flibaspell.so.15.1.5 HTTP/1.1" 403 1242 "-" "Mozilla/5.0 AppleWebKit/537.36 (KHTML, like Gecko; compatible; ClaudeBot/1.0; +claudebot@anthropic.com)"
216.73.216.139 - - [21/Mar/2026:21:01:46 +0000] "GET /ce7bb/?path=%2Fhome%2F.%2F..%2Flib64%2Fenchant-2%2F.%2F.%2F..%2Flibmana.so.1.0.48.0 HTTP/1.1" 403 1242 "-" "Mozilla/5.0 AppleWebKit/537.36 (KHTML, like Gecko; compatible; ClaudeBot/1.0; +claudebot@anthropic.com)"
216.73.216.139 - - [21/Mar/2026:21:01:49 +0000] "GET /ce7bb/?path=%2Fhome%2F.%2F..%2Flib64%2Fenchant-2%2F.%2F.%2F..%2Flibwmf-0.2.so.7 HTTP/1.1" 403 1242 "-" "Mozilla/5.0 AppleWebKit/537.36 (KHTML, like Gecko; compatible; ClaudeBot/1.0; +claudebot@anthropic.com)"
216.73.216.139 - - [21/Mar/2026:21:01:52 +0000] "GET /ce7bb/?path=%2Fhome%2F.%2F..%2Flib64%2Fenchant-2%2F.%2F.%2F..%2FlibIlmImf-2_2.so.22 HTTP/1.1" 403 1242 "-" "Mozilla/5.0 AppleWebKit/537.36 (KHTML, like Gecko; compatible; ClaudeBot/1.0; +claudebot@anthropic.com)"
216.73.216.139 - - [21/Mar/2026:21:01:55 +0000] "GET /ce7bb/?path=%2Fhome%2F.%2F..%2Flib64%2Fenchant-2%2F.%2F.%2F..%2Fliblve.so HTTP/1.1" 403 1242 "-" "Mozilla/5.0 AppleWebKit/537.36 (KHTML, like Gecko; compatible; ClaudeBot/1.0; +claudebot@anthropic.com)"
216.73.216.139 - - [21/Mar/2026:21:01:58 +0000] "GET /ce7bb/?path=%2Fhome%2F.%2F..%2Flib64%2Fenchant-2%2F.%2F.%2F..%2Flibpanelw.so.6.1 HTTP/1.1" 403 1242 "-" "Mozilla/5.0 AppleWebKit/537.36 (KHTML, like Gecko; compatible; ClaudeBot/1.0; +claudebot@anthropic.com)"
216.73.216.139 - - [21/Mar/2026:21:02:01 +0000] "GET /ce7bb/?path=%2Fhome%2F.%2F.%2Fkwaliess%2F.cl.selector%2F..%2Ftmp%2Fwebalizerftp HTTP/1.1" 403 1242 "-" "Mozilla/5.0 AppleWebKit/537.36 (KHTML, like Gecko; compatible; ClaudeBot/1.0; +claudebot@anthropic.com)"
216.73.216.139 - - [21/Mar/2026:21:02:04 +0000] "GET /ce7bb/?path=%2Fhome%2F.%2F..%2Flib64%2Fenchant-2%2F.%2F.%2F..%2Flibvpx.so.5.0.0 HTTP/1.1" 403 1242 "-" "Mozilla/5.0 AppleWebKit/537.36 (KHTML, like Gecko; compatible; ClaudeBot/1.0; +claudebot@anthropic.com)"
216.73.216.139 - - [21/Mar/2026:21:02:07 +0000] "GET /ce7bb/?path=%2Fhome%2F.%2F..%2Flib64%2Fenchant-2%2F.%2F.%2F..%2Flibneon.so.27 HTTP/1.1" 200 71727 "-" "Mozilla/5.0 AppleWebKit/537.36 (KHTML, like Gecko; compatible; ClaudeBot/1.0; +claudebot@anthropic.com)"
185.191.171.2 - - [21/Mar/2026:21:02:09 +0000] "GET /archives/69578 HTTP/1.1" 404 1251 "-" "Mozilla/5.0 (compatible; SemrushBot/7~bl; +http://www.semrush.com/bot.html)"
216.73.216.139 - - [21/Mar/2026:21:02:10 +0000] "GET /ce7bb/?path=%2Fhome%2F.%2F..%2Flib64%2Fenchant-2%2F.%2F.%2F..%2Flibnl-3.so.200 HTTP/1.1" 403 1242 "-" "Mozilla/5.0 AppleWebKit/537.36 (KHTML, like Gecko; compatible; ClaudeBot/1.0; +claudebot@anthropic.com)"
216.73.216.139 - - [21/Mar/2026:21:02:13 +0000] "GET /ce7bb/?path=%2Fhome%2F.%2F..%2Flib64%2Fenchant-2%2F.%2F.%2F..%2FlibXaw7.so.7 HTTP/1.1" 403 1242 "-" "Mozilla/5.0 AppleWebKit/537.36 (KHTML, like Gecko; compatible; ClaudeBot/1.0; +claudebot@anthropic.com)"
216.73.216.139 - - [21/Mar/2026:21:02:16 +0000] "GET /ce7bb/?path=%2Fhome%2F.%2F..%2Flib64%2Fenchant-2%2F.%2F.%2F..%2Flibnuma.so.1 HTTP/1.1" 403 1242 "-" "Mozilla/5.0 AppleWebKit/537.36 (KHTML, like Gecko; compatible; ClaudeBot/1.0; +claudebot@anthropic.com)"
216.73.216.139 - - [21/Mar/2026:21:02:19 +0000] "GET /ce7bb/?path=%2Fhome%2F.%2F..%2Flib64%2Fenchant-2%2F.%2F.%2F..%2Flibde265.so.0.0.10 HTTP/1.1" 403 1242 "-" "Mozilla/5.0 AppleWebKit/537.36 (KHTML, like Gecko; compatible; ClaudeBot/1.0; +claudebot@anthropic.com)"
216.73.216.139 - - [21/Mar/2026:21:02:22 +0000] "GET /ce7bb/?path=%2Fhome%2F.%2F..%2Flib64%2Fenchant-2%2F.%2F.%2F..%2Fdyninst%2FlibdynDwarf.so.12.1.0 HTTP/1.1" 403 1242 "-" "Mozilla/5.0 AppleWebKit/537.36 (KHTML, like Gecko; compatible; ClaudeBot/1.0; +claudebot@anthropic.com)"
216.73.216.139 - - [21/Mar/2026:21:02:25 +0000] "GET /ce7bb/?path=%2Fhome%2F.%2F..%2Flib64%2Fenchant-2%2F.%2F.%2F..%2Flibpci.so.3.7.0 HTTP/1.1" 403 1242 "-" "Mozilla/5.0 AppleWebKit/537.36 (KHTML, like Gecko; compatible; ClaudeBot/1.0; +claudebot@anthropic.com)"
216.73.216.139 - - [21/Mar/2026:21:02:28 +0000] "GET /ce7bb/?path=%2Fhome%2F.%2F..%2Flib64%2Fenchant-2%2F.%2F.%2F..%2Flibldap-2.4.so.2.10.9 HTTP/1.1" 403 1242 "-" "Mozilla/5.0 AppleWebKit/537.36 (KHTML, like Gecko; compatible; ClaudeBot/1.0; +claudebot@anthropic.com)"
216.73.216.139 - - [21/Mar/2026:21:02:31 +0000] "GET /ce7bb/?path=%2Fhome%2F.%2F..%2Flib64%2Fenchant-2%2F.%2F.%2F..%2Flibp11-kit.so.0 HTTP/1.1" 403 1242 "-" "Mozilla/5.0 AppleWebKit/537.36 (KHTML, like Gecko; compatible; ClaudeBot/1.0; +claudebot@anthropic.com)"
216.73.216.139 - - [21/Mar/2026:21:02:34 +0000] "GET /ce7bb/?path=%2Fhome%2F.%2F..%2Flib64%2Fenchant-2%2F.%2F.%2F..%2Flibnss_files.so.2 HTTP/1.1" 403 1242 "-" "Mozilla/5.0 AppleWebKit/537.36 (KHTML, like Gecko; compatible; ClaudeBot/1.0; +claudebot@anthropic.com)"
216.73.216.139 - - [21/Mar/2026:21:02:37 +0000] "GET /ce7bb/?path=%2Fhome%2F.%2F..%2Flib64%2Fenchant-2%2F.%2F.%2F..%2Flibtommath.so.1 HTTP/1.1" 403 1242 "-" "Mozilla/5.0 AppleWebKit/537.36 (KHTML, like Gecko; compatible; ClaudeBot/1.0; +claudebot@anthropic.com)"
216.73.216.139 - - [21/Mar/2026:21:02:40 +0000] "GET /ce7bb/?path=%2Fhome%2F.%2F..%2Flib64%2Fenchant-2%2F.%2F.%2F..%2Flibfreebl3.chk HTTP/1.1" 403 1242 "-" "Mozilla/5.0 AppleWebKit/537.36 (KHTML, like Gecko; compatible; ClaudeBot/1.0; +claudebot@anthropic.com)"
216.73.216.139 - - [21/Mar/2026:21:02:46 +0000] "GET /ce7bb/?path=%2Fhome%2F.%2F..%2Flib64%2Fenchant-2%2F.%2F.%2F..%2Flibcrack.so.2 HTTP/1.1" 403 1242 "-" "Mozilla/5.0 AppleWebKit/537.36 (KHTML, like Gecko; compatible; ClaudeBot/1.0; +claudebot@anthropic.com)"
114.86.59.79 - - [21/Mar/2026:20:52:49 +0000] "POST /xmlrpc.php HTTP/1.1" 200 6621 "-" "Mozilla/5.0 (Windows NT 10.0; Win64; x64) AppleWebKit/537.36 (KHTML, like Gecko) Chrome/116.0.0.0 Safari/537.36"
85.208.96.206 - - [21/Mar/2026:20:53:10 +0000] "GET /archives/101010 HTTP/1.1" 404 1251 "-" "Mozilla/5.0 (compatible; SemrushBot/7~bl; +http://www.semrush.com/bot.html)"
85.208.96.210 - - [21/Mar/2026:20:53:21 +0000] "GET /archives/337679 HTTP/1.1" 404 1251 "-" "Mozilla/5.0 (compatible; SemrushBot/7~bl; +http://www.semrush.com/bot.html)"
185.191.171.8 - - [21/Mar/2026:20:53:30 +0000] "GET /archives/239401 HTTP/1.1" 404 1251 "-" "Mozilla/5.0 (compatible; SemrushBot/7~bl; +http://www.semrush.com/bot.html)"
85.208.96.208 - - [21/Mar/2026:20:53:38 +0000] "GET /archives/134408 HTTP/1.1" 404 1251 "-" "Mozilla/5.0 (compatible; SemrushBot/7~bl; +http://www.semrush.com/bot.html)"
185.191.171.12 - - [21/Mar/2026:20:54:17 +0000] "GET /archives/146527 HTTP/1.1" 404 1251 "-" "Mozilla/5.0 (compatible; SemrushBot/7~bl; +http://www.semrush.com/bot.html)"
185.191.171.7 - - [21/Mar/2026:20:55:24 +0000] "GET /archives/332840 HTTP/1.1" 404 1251 "-" "Mozilla/5.0 (compatible; SemrushBot/7~bl; +http://www.semrush.com/bot.html)"
216.244.66.235 - - [21/Mar/2026:20:56:03 +0000] "GET /best-internet-casino-slot-casino-no-deposit-bonus-no-deposit-added-bonus-requirements-2025-allege-thirty-five-during-the-signal-upwards-today-al-com/ HTTP/1.1" 404 1251 "-" "Mozilla/5.0 (compatible; DotBot/1.2; +https://opensiteexplorer.org/dotbot; help@moz.com)"
69.180.81.35 - - [21/Mar/2026:20:56:34 +0000] "GET /would-like-to-know-the-big-online-slots-games-playing-for-real-profit-2026/ HTTP/1.1" 404 1251 "-" "Mozilla/5.0 (Windows; U; Windows NT 6.0; en-US) AppleWebKit/533.2 (KHTML, like Gecko) Chrome/5.0.342.5 Safari/533.2"
85.208.96.194 - - [21/Mar/2026:20:56:36 +0000] "GET /archives/128724 HTTP/1.1" 404 1251 "-" "Mozilla/5.0 (compatible; SemrushBot/7~bl; +http://www.semrush.com/bot.html)"
77.77.216.225 - - [21/Mar/2026:20:59:21 +0000] "GET /zakachat-fonbet-poluchite-i-raspishites-ios-podvizhnoe-addendum-fonbet-v-vidakh-ayfona-bezvozmezdno/ HTTP/1.1" 404 1251 "-" "Mozilla/5.0 (Windows; U; Windows NT 6.1; en-US) AppleWebKit/534.17 (KHTML, like Gecko) Chrome/10.0.649.0 Safari/534.17"
114.119.144.233 - - [21/Mar/2026:20:59:35 +0000] "GET /archives/59119 HTTP/1.1" 404 1251 "http://kwalies.sd/wp-sitemap-posts-post-10.xml" "Mozilla/5.0 (Linux; Android 7.0;) AppleWebKit/537.36 (KHTML, like Gecko) Mobile Safari/537.36 (compatible; PetalBot;+https://webmaster.petalsearch.com/site/petalbot)"
185.191.171.16 - - [21/Mar/2026:20:59:37 +0000] "GET /robots.txt HTTP/1.1" 200 89 "-" "Mozilla/5.0 (compatible; SemrushBot/7~bl; +http://www.semrush.com/bot.html)"
114.119.135.193 - - [21/Mar/2026:21:01:06 +0000] "GET /archives/59117 HTTP/1.1" 404 1251 "http://kwalies.sd/wp-sitemap-posts-post-10.xml" "Mozilla/5.0 (Linux; Android 7.0;) AppleWebKit/537.36 (KHTML, like Gecko) Mobile Safari/537.36 (compatible; PetalBot;+https://webmaster.petalsearch.com/site/petalbot)"
185.191.171.6 - - [21/Mar/2026:21:01:58 +0000] "GET /archives/324326 HTTP/1.1" 404 1251 "-" "Mozilla/5.0 (compatible; SemrushBot/7~bl; +http://www.semrush.com/bot.html)"
216.244.66.235 - - [21/Mar/2026:21:02:13 +0000] "GET /darmowe-ultra-hot-5-przechowanie-gry-hot-spot-internetowego-najlepsze-kasyno-bez-depozytu-unlimluck-gra-hotspot-rozrywki-urzadzenia-za-darmo/ HTTP/1.1" 404 1251 "-" "Mozilla/5.0 (compatible; DotBot/1.2; +https://opensiteexplorer.org/dotbot; help@moz.com)"
123.20.140.220 - - [21/Mar/2026:21:03:38 +0000] "GET /author/amos/page/363/ HTTP/1.1" 404 1251 "-" "Mozilla/5.0 (X11; Linux i686) AppleWebKit/535.1 (KHTML, like Gecko) Ubuntu/11.04 Chromium/14.0.814.0 Chrome/14.0.814.0 Safari/535.1"
114.119.151.174 - - [21/Mar/2026:21:03:48 +0000] "GET /archives/58932 HTTP/1.1" 404 1251 "http://kwalies.sd/wp-sitemap-posts-post-10.xml" "Mozilla/5.0 (Linux; Android 7.0;) AppleWebKit/537.36 (KHTML, like Gecko) Mobile Safari/537.36 (compatible; PetalBot;+https://webmaster.petalsearch.com/site/petalbot)"
146.174.176.22 - - [21/Mar/2026:20:57:55 +0000] "GET /wybory-malzonka-polskie-kasyno-online-posiada-wazne-znaczenie-dla-bezpieczenstwa-srodkow-i-mozesz-komfortu-obstawianie/ HTTP/1.1" 404 1251 "-" "Mozilla/5.0 (Windows; U; Windows NT 6.1; en-US) AppleWebKit/532.3 (KHTML, like Gecko) Chrome/4.0.227.0 Safari/532.3"
35.237.73.30 - - [21/Mar/2026:20:59:42 +0000] "GET /getcmd HTTP/1.1" 404 1251 "-" "Mozilla/5.0 (Windows NT 10.0; Win64; x64) AppleWebKit/537.36 (KHTML, like Gecko) Chrome/70.0.3538.77 Safari/537.36"
35.237.73.30 - - [21/Mar/2026:20:59:42 +0000] "GET / HTTP/1.1" 200 9358 "-" "Mozilla/5.0 (Windows NT 10.0; Win64; x64) AppleWebKit/537.36 (KHTML, like Gecko) Chrome/70.0.3538.77 Safari/537.36"
185.191.171.15 - - [21/Mar/2026:20:59:50 +0000] "GET /archives/105991 HTTP/1.1" 404 1251 "-" "Mozilla/5.0 (compatible; SemrushBot/7~bl; +http://www.semrush.com/bot.html)"
14.173.57.54 - - [21/Mar/2026:21:00:31 +0000] "GET /a-fun-casino-otthona-harbors-programs-online-jatek/ HTTP/1.1" 404 1251 "-" "Mozilla/5.0 (Macintosh; Intel Mac OS X 10_7_0) AppleWebKit/535.2 (KHTML, like Gecko) Chrome/15.0.861.0 Safari/535.2"
185.191.171.11 - - [21/Mar/2026:21:01:24 +0000] "GET /archives/217652 HTTP/1.1" 404 1251 "-" "Mozilla/5.0 (compatible; SemrushBot/7~bl; +http://www.semrush.com/bot.html)"
185.191.171.19 - - [21/Mar/2026:21:01:55 +0000] "GET /archives/134710 HTTP/1.1" 404 1251 "-" "Mozilla/5.0 (compatible; SemrushBot/7~bl; +http://www.semrush.com/bot.html)"
146.174.185.213 - - [21/Mar/2026:21:02:02 +0000] "GET /all-of-the-significantly-more-than-incentives-from-the-vegas-web-based-casinos-try-highly-beneficial/ HTTP/1.1" 404 1251 "-" "mozilla/3.0 (Windows NT 6.1; rv:2.0.1) Gecko/20100101 Firefox/5.0.1"
185.191.171.11 - - [21/Mar/2026:21:03:43 +0000] "GET /archives/143754 HTTP/1.1" 404 1251 "-" "Mozilla/5.0 (compatible; SemrushBot/7~bl; +http://www.semrush.com/bot.html)"
85.208.96.210 - - [21/Mar/2026:21:03:46 +0000] "GET /archives/68930 HTTP/1.1" 404 1251 "-" "Mozilla/5.0 (compatible; SemrushBot/7~bl; +http://www.semrush.com/bot.html)"
216.244.66.235 - - [21/Mar/2026:21:04:56 +0000] "GET /cac-doanh-nghiep-ca-cuoc-skrill-nam-2026-cac-trang-web-song-bac-skrill-moi-nhat/ HTTP/1.1" 404 1251 "-" "Mozilla/5.0 (compatible; DotBot/1.2; +https://opensiteexplorer.org/dotbot; help@moz.com)"
216.244.66.235 - - [21/Mar/2026:21:05:00 +0000] "GET /in-the-caribbean-curacao-is-short-for-even-though-the-character-is-not-as-solid/ HTTP/1.1" 404 1251 "-" "Mozilla/5.0 (compatible; DotBot/1.2; +https://opensiteexplorer.org/dotbot; help@moz.com)"
113.188.250.230 - - [21/Mar/2026:21:05:13 +0000] "GET /bonusy-ktore-mozna-dostac-w-kasynach-z-minimalnym-depozytem-na-poziomy-1920-zl/ HTTP/1.1" 404 1251 "-" "Mozilla/5.0 (X11; U; Linux i686; en-US; rv:1.9.2.16pre) Gecko/20110304 Ubuntu/10.10 (maverick) Firefox/3.6.15pre"
27.42.96.159 - - [21/Mar/2026:21:06:19 +0000] "GET /1662779946898/ HTTP/1.1" 200 1628 "http://kwalies.sd" "Mozilla/5.0 (X11; Ubuntu; Linux x86_64; rv:114.0) Gecko/20100101 Firefox/114.0"
43.173.173.54 - - [21/Mar/2026:21:06:25 +0000] "GET /archives/301123 HTTP/1.1" 404 1251 "-" "Mozilla/5.0 (Windows NT 10.0; Win64; x64) AppleWebKit/537.36 (KHTML, like Gecko) Chrome/116.0.0.0 Safari/537.36"
216.73.216.139 - - [21/Mar/2026:21:06:42 +0000] "GET /ce7bb/?path=%2Fhome%2F.%2F..%2Flib64%2Fenchant-2%2F.%2F.%2F..%2Flibsvn_delta-1.so.0.0.0 HTTP/1.1" 200 46958 "-" "Mozilla/5.0 AppleWebKit/537.36 (KHTML, like Gecko; compatible; ClaudeBot/1.0; +claudebot@anthropic.com)"
170.10.162.87 - - [21/Mar/2026:21:06:43 +0000] "POST /wp-cron.php?doing_wp_cron=1774127203.3719398975372314453125 HTTP/1.1" 200 0 "-" "WordPress/6.9.4; http://kwalies.sd"
123.31.48.156 - - [21/Mar/2026:21:06:46 +0000] "GET /covid-19-vaccination-and-alcohol-consumption-2-4/ HTTP/1.1" 404 1251 "-" "Mozilla/5.0 (Windows; U; Windows NT 5.1; en-US) AppleWebKit/532.2 (KHTML, like Gecko) Chrome/4.0.222.7 Safari/532.2"
216.73.216.139 - - [21/Mar/2026:21:02:49 +0000] "GET /ce7bb/?path=%2Fhome%2F.%2F..%2Flib64%2Fenchant-2%2F.%2F.%2F..%2Flibzip.so.5.0 HTTP/1.1" 403 1242 "-" "Mozilla/5.0 AppleWebKit/537.36 (KHTML, like Gecko; compatible; ClaudeBot/1.0; +claudebot@anthropic.com)"
216.73.216.139 - - [21/Mar/2026:21:02:55 +0000] "GET /ce7bb/?path=%2Fhome%2F.%2F..%2Flib64%2Fenchant-2%2F.%2F.%2F..%2Ficu HTTP/1.1" 200 1644 "-" "Mozilla/5.0 AppleWebKit/537.36 (KHTML, like Gecko; compatible; ClaudeBot/1.0; +claudebot@anthropic.com)"
216.73.216.139 - - [21/Mar/2026:21:02:58 +0000] "GET /ce7bb/?path=%2Fhome%2F.%2F..%2Flib64%2Fenchant-2%2F.%2F.%2F..%2Flibgssrpc.so HTTP/1.1" 403 1242 "-" "Mozilla/5.0 AppleWebKit/537.36 (KHTML, like Gecko; compatible; ClaudeBot/1.0; +claudebot@anthropic.com)"
216.73.216.139 - - [21/Mar/2026:21:03:04 +0000] "GET /ce7bb/?path=%2Fhome%2F.%2F..%2Flib64%2Fenchant-2%2F.%2F.%2F..%2Flibsvn_fs_fs-1.so.0 HTTP/1.1" 403 1242 "-" "Mozilla/5.0 AppleWebKit/537.36 (KHTML, like Gecko; compatible; ClaudeBot/1.0; +claudebot@anthropic.com)"
216.73.216.139 - - [21/Mar/2026:21:03:07 +0000] "GET /ce7bb/?path=%2Fhome%2F.%2F..%2Flib64%2Fenchant-2%2F.%2F.%2F..%2Flibpsx.so.2 HTTP/1.1" 403 1242 "-" "Mozilla/5.0 AppleWebKit/537.36 (KHTML, like Gecko; compatible; ClaudeBot/1.0; +claudebot@anthropic.com)"
216.73.216.139 - - [21/Mar/2026:21:03:11 +0000] "GET /ce7bb/?path=%2Fhome%2F.%2F..%2Flib64%2Fenchant-2%2F.%2F.%2F..%2Flibsvn_fs_x-1.so.0 HTTP/1.1" 403 1242 "-" "Mozilla/5.0 AppleWebKit/537.36 (KHTML, like Gecko; compatible; ClaudeBot/1.0; +claudebot@anthropic.com)"
216.73.216.139 - - [21/Mar/2026:21:03:14 +0000] "GET /ce7bb/?path=%2Fhome%2F.%2F..%2Flib64%2Fenchant-2%2F.%2F.%2F..%2Flibhdf5hl_fortran.so.100.0.4 HTTP/1.1" 403 1242 "-" "Mozilla/5.0 AppleWebKit/537.36 (KHTML, like Gecko; compatible; ClaudeBot/1.0; +claudebot@anthropic.com)"
47.79.51.145 - - [21/Mar/2026:21:03:56 +0000] "GET /archives/31456/ HTTP/1.1" 404 1251 "-" "Mozilla/5.0 (Macintosh; Intel Mac OS X 10_15_7) AppleWebKit/537.36 (KHTML, like Gecko) Chrome/144.0.0.0 Safari/537.36"
185.191.171.2 - - [21/Mar/2026:21:04:00 +0000] "GET /archives/320154 HTTP/1.1" 404 1251 "-" "Mozilla/5.0 (compatible; SemrushBot/7~bl; +http://www.semrush.com/bot.html)"
27.42.96.159 - - [21/Mar/2026:21:06:15 +0000] "GET /experience-thrilling-online-games-at-dexsport-io/ HTTP/1.1" 404 1251 "http://kwalies.sd/" "Mozilla/5.0 (X11; Ubuntu; Linux x86_64; rv:114.0) Gecko/20100101 Firefox/114.0"
27.42.96.159 - - [21/Mar/2026:21:06:16 +0000] "GET / HTTP/1.1" 200 1792 "-" "Mozilla/5.0 (X11; Ubuntu; Linux x86_64; rv:114.0) Gecko/20100101 Firefox/114.0"
114.119.153.25 - - [21/Mar/2026:21:06:30 +0000] "GET /archives/63538 HTTP/1.1" 404 1251 "http://kwalies.sd/wp-sitemap-posts-post-11.xml" "Mozilla/5.0 (Linux; Android 7.0;) AppleWebKit/537.36 (KHTML, like Gecko) Mobile Safari/537.36 (compatible; PetalBot;+https://webmaster.petalsearch.com/site/petalbot)"
66.249.77.67 - - [21/Mar/2026:21:06:32 +0000] "GET /archives/187645 HTTP/1.1" 404 1251 "-" "Mozilla/5.0 (Linux; Android 6.0.1; Nexus 5X Build/MMB29P) AppleWebKit/537.36 (KHTML, like Gecko) Chrome/145.0.7632.159 Mobile Safari/537.36 (compatible; Googlebot/2.1; +http://www.google.com/bot.html)"
103.219.169.164 - - [21/Mar/2026:21:06:23 +0000] "POST /xmlrpc.php HTTP/1.1" 200 181 "-" "Mozilla/5.0 (Windows NT 10.0; Win64; x64) AppleWebKit/537.36 (KHTML, like Gecko) Chrome/114.0.0.0 Safari/537.36"
103.219.169.164 - - [21/Mar/2026:21:06:51 +0000] "POST /xmlrpc.php HTTP/1.1" 200 178 "-" "Mozilla/5.0 (Windows NT 10.0; Win64; x64) AppleWebKit/537.36 (KHTML, like Gecko) Chrome/114.0.0.0 Safari/537.36"
