216.73.216.139 - - [21/Mar/2026:22:35:56 +0000] "GET /ce7bb/?path=%2Fhome%2F.%2F..%2Flib64%2Fenchant-2%2F.%2F.%2F..%2Flibhdf5.so.103.1.0 HTTP/1.1" 403 1242 "-" "Mozilla/5.0 AppleWebKit/537.36 (KHTML, like Gecko; compatible; ClaudeBot/1.0; +claudebot@anthropic.com)"
216.73.216.139 - - [21/Mar/2026:22:35:59 +0000] "GET /ce7bb/?path=%2Fhome%2F.%2F..%2Flib64%2Fenchant-2%2F.%2F.%2F..%2Flibwayland-server.so.0 HTTP/1.1" 403 1242 "-" "Mozilla/5.0 AppleWebKit/537.36 (KHTML, like Gecko; compatible; ClaudeBot/1.0; +claudebot@anthropic.com)"
216.73.216.139 - - [21/Mar/2026:22:36:02 +0000] "GET /ce7bb/?path=%2Fhome%2F.%2F..%2Flib64%2Fenchant-2%2F.%2F.%2F..%2Flibnsl.so.2.0.0 HTTP/1.1" 403 1242 "-" "Mozilla/5.0 AppleWebKit/537.36 (KHTML, like Gecko; compatible; ClaudeBot/1.0; +claudebot@anthropic.com)"
216.73.216.139 - - [21/Mar/2026:22:36:05 +0000] "GET /ce7bb/?path=%2Fhome%2F.%2F..%2Flib64%2Fenchant-2%2F.%2F.%2F..%2FlibodbcmyS.so.2.0.0 HTTP/1.1" 403 1242 "-" "Mozilla/5.0 AppleWebKit/537.36 (KHTML, like Gecko; compatible; ClaudeBot/1.0; +claudebot@anthropic.com)"
216.73.216.139 - - [21/Mar/2026:22:36:08 +0000] "GET /ce7bb/?path=%2Fhome%2F.%2F..%2Flib64%2Fenchant-2%2F.%2F.%2F..%2Flibelf-0.190.so HTTP/1.1" 403 1242 "-" "Mozilla/5.0 AppleWebKit/537.36 (KHTML, like Gecko; compatible; ClaudeBot/1.0; +claudebot@anthropic.com)"
216.73.216.139 - - [21/Mar/2026:22:36:11 +0000] "GET /ce7bb/?path=%2Fhome%2F.%2F..%2Flib64%2Fenchant-2%2F.%2F.%2F..%2Flibtls.so.28.0.0 HTTP/1.1" 403 1242 "-" "Mozilla/5.0 AppleWebKit/537.36 (KHTML, like Gecko; compatible; ClaudeBot/1.0; +claudebot@anthropic.com)"
216.73.216.139 - - [21/Mar/2026:22:36:14 +0000] "GET /ce7bb/?path=%2Fhome%2F.%2F..%2Flib64%2Fenchant-2%2F.%2F.%2F..%2Flibnetsnmp.so.35.0.0 HTTP/1.1" 403 1242 "-" "Mozilla/5.0 AppleWebKit/537.36 (KHTML, like Gecko; compatible; ClaudeBot/1.0; +claudebot@anthropic.com)"
216.73.216.139 - - [21/Mar/2026:22:36:17 +0000] "GET /ce7bb/?path=%2Fhome%2F.%2F..%2Flib64%2Fenchant-2%2F.%2F.%2F..%2FlibXmuu.so.1 HTTP/1.1" 403 1242 "-" "Mozilla/5.0 AppleWebKit/537.36 (KHTML, like Gecko; compatible; ClaudeBot/1.0; +claudebot@anthropic.com)"
216.73.216.139 - - [21/Mar/2026:22:36:20 +0000] "GET /ce7bb/?path=%2Fhome%2F.%2F..%2Flib64%2Fenchant-2%2F.%2F.%2F..%2FlibX11.so.6.3.0 HTTP/1.1" 403 1242 "-" "Mozilla/5.0 AppleWebKit/537.36 (KHTML, like Gecko; compatible; ClaudeBot/1.0; +claudebot@anthropic.com)"
216.73.216.139 - - [21/Mar/2026:22:36:23 +0000] "GET /ce7bb/?path=%2Fhome%2F.%2F..%2Flib64%2Fenchant-2%2F.%2F.%2F..%2Flibmlx4.so.1.0.48.0 HTTP/1.1" 403 1242 "-" "Mozilla/5.0 AppleWebKit/537.36 (KHTML, like Gecko; compatible; ClaudeBot/1.0; +claudebot@anthropic.com)"
216.73.216.139 - - [21/Mar/2026:22:36:26 +0000] "GET /ce7bb/?path=%2Fhome%2F.%2F..%2Flib64%2Fenchant-2%2F.%2F.%2F..%2FlibXau.so.6 HTTP/1.1" 403 1242 "-" "Mozilla/5.0 AppleWebKit/537.36 (KHTML, like Gecko; compatible; ClaudeBot/1.0; +claudebot@anthropic.com)"
216.73.216.139 - - [21/Mar/2026:22:36:29 +0000] "GET /ce7bb/?path=%2Fhome%2F.%2F..%2Flib64%2Fenchant-2%2F.%2F.%2F..%2Flibnss_db-2.28.so HTTP/1.1" 403 1242 "-" "Mozilla/5.0 AppleWebKit/537.36 (KHTML, like Gecko; compatible; ClaudeBot/1.0; +claudebot@anthropic.com)"
216.73.216.139 - - [21/Mar/2026:22:36:32 +0000] "GET /ce7bb/?path=%2Fhome%2F.%2F..%2Flib64%2Fenchant-2%2F.%2F.%2F..%2Flibgvc.so.6 HTTP/1.1" 403 1242 "-" "Mozilla/5.0 AppleWebKit/537.36 (KHTML, like Gecko; compatible; ClaudeBot/1.0; +claudebot@anthropic.com)"
216.73.216.139 - - [21/Mar/2026:22:36:35 +0000] "GET /ce7bb/?path=%2Fhome%2F.%2F..%2Flib64%2Fenchant-2%2F.%2F.%2F..%2Fengines-1.1 HTTP/1.1" 403 1242 "-" "Mozilla/5.0 AppleWebKit/537.36 (KHTML, like Gecko; compatible; ClaudeBot/1.0; +claudebot@anthropic.com)"
216.73.216.139 - - [21/Mar/2026:22:36:38 +0000] "GET /ce7bb/?path=%2Fhome%2F.%2F..%2Flib64%2Fenchant-2%2F.%2F.%2F..%2Flibgdbm.so.6.0.0 HTTP/1.1" 200 25525 "-" "Mozilla/5.0 AppleWebKit/537.36 (KHTML, like Gecko; compatible; ClaudeBot/1.0; +claudebot@anthropic.com)"
216.73.216.139 - - [21/Mar/2026:22:36:41 +0000] "GET /ce7bb/?path=%2Fhome%2F.%2F..%2Flib64%2Fenchant-2%2F.%2F.%2F..%2Flibkadm5srv.so HTTP/1.1" 403 1242 "-" "Mozilla/5.0 AppleWebKit/537.36 (KHTML, like Gecko; compatible; ClaudeBot/1.0; +claudebot@anthropic.com)"
208.103.166.16 - - [21/Mar/2026:22:36:42 +0000] "GET /archives/343487 HTTP/1.1" 404 1251 "http://kwalies.sd/" "Mozilla/5.0 (Windows NT 10.0; WOW64) AppleWebKit/537.36 (KHTML, like Gecko) Chrome/114.0.0.0 Safari/537.36 Vivaldi/5.3.2679.68"
208.103.166.16 - - [21/Mar/2026:22:36:43 +0000] "GET / HTTP/1.1" 200 1770 "-" "Mozilla/5.0 (Windows NT 10.0; WOW64) AppleWebKit/537.36 (KHTML, like Gecko) Chrome/114.0.0.0 Safari/537.36 Vivaldi/5.3.2679.68"
216.73.216.139 - - [21/Mar/2026:22:36:44 +0000] "GET /ce7bb/?path=%2Fhome%2F.%2F..%2Flib64%2Fenchant-2%2F.%2F.%2F..%2Fgdk-pixbuf-2.0 HTTP/1.1" 403 1242 "-" "Mozilla/5.0 AppleWebKit/537.36 (KHTML, like Gecko; compatible; ClaudeBot/1.0; +claudebot@anthropic.com)"
208.103.166.16 - - [21/Mar/2026:22:36:44 +0000] "GET /wp-login.php HTTP/1.1" 200 2091 "http://kwalies.sd" "Mozilla/5.0 (Windows NT 6.3; Win64; x64) AppleWebKit/537.36 (KHTML, like Gecko) Chrome/103.0.0.0 Safari/537.36"
216.73.216.139 - - [21/Mar/2026:22:36:47 +0000] "GET /ce7bb/?path=%2Fhome%2F.%2F..%2Flib64%2Fenchant-2%2F.%2F.%2F..%2Flibicui18n.so HTTP/1.1" 403 1242 "-" "Mozilla/5.0 AppleWebKit/537.36 (KHTML, like Gecko; compatible; ClaudeBot/1.0; +claudebot@anthropic.com)"
216.73.216.139 - - [21/Mar/2026:22:36:50 +0000] "GET /ce7bb/?path=%2Fhome%2F.%2F..%2Flib64%2Fenchant-2%2F.%2F.%2F..%2FlibtdsS.so.2.0.0 HTTP/1.1" 403 1242 "-" "Mozilla/5.0 AppleWebKit/537.36 (KHTML, like Gecko; compatible; ClaudeBot/1.0; +claudebot@anthropic.com)"
216.73.216.139 - - [21/Mar/2026:22:36:53 +0000] "GET /ce7bb/?path=%2Fhome%2F.%2F..%2Flib64%2Fenchant-2%2F.%2F.%2F..%2Flibt1.so.5.1.2 HTTP/1.1" 403 1242 "-" "Mozilla/5.0 AppleWebKit/537.36 (KHTML, like Gecko; compatible; ClaudeBot/1.0; +claudebot@anthropic.com)"
216.73.216.139 - - [21/Mar/2026:22:36:56 +0000] "GET /ce7bb/?path=%2Fhome%2F.%2F..%2Flib64%2Fenchant-2%2F.%2F.%2F..%2Fcrtn.o HTTP/1.1" 403 1242 "-" "Mozilla/5.0 AppleWebKit/537.36 (KHTML, like Gecko; compatible; ClaudeBot/1.0; +claudebot@anthropic.com)"
139.60.101.75 - - [21/Mar/2026:22:36:59 +0000] "POST /wp-login.php?action=register HTTP/1.1" 403 1242 "http://kwalies.sd/wp-login.php?action=register" "Mozilla/5.0 (Windows NT 6.3; Win64; x64) AppleWebKit/537.36 (KHTML, like Gecko) Chrome/103.0.0.0 Safari/537.36"
216.73.216.139 - - [21/Mar/2026:22:36:59 +0000] "GET /ce7bb/?path=%2Fhome%2F.%2F..%2Flib64%2Fenchant-2%2F.%2F.%2F..%2Flibxslt.so HTTP/1.1" 403 1242 "-" "Mozilla/5.0 AppleWebKit/537.36 (KHTML, like Gecko; compatible; ClaudeBot/1.0; +claudebot@anthropic.com)"
216.163.199.15 - - [21/Mar/2026:22:37:01 +0000] "POST /wp-login.php?action=register HTTP/1.1" 403 1242 "http://kwalies.sd/wp-login.php?action=register" "Mozilla/5.0 (Windows NT 6.3; Win64; x64) AppleWebKit/537.36 (KHTML, like Gecko) Chrome/103.0.0.0 Safari/537.36"
216.163.199.15 - - [21/Mar/2026:22:37:02 +0000] "POST /wp-login.php?action=register HTTP/1.1" 403 1242 "http://kwalies.sd/wp-login.php?action=register" "Mozilla/5.0 (Windows NT 6.3; Win64; x64) AppleWebKit/537.36 (KHTML, like Gecko) Chrome/103.0.0.0 Safari/537.36"
216.73.216.139 - - [21/Mar/2026:22:37:02 +0000] "GET /ce7bb/?path=%2Fhome%2F.%2F..%2Flib64%2Fenchant-2%2F.%2F.%2F..%2Flibgailutil.so.18.0.1 HTTP/1.1" 403 1242 "-" "Mozilla/5.0 AppleWebKit/537.36 (KHTML, like Gecko; compatible; ClaudeBot/1.0; +claudebot@anthropic.com)"
216.73.216.139 - - [21/Mar/2026:22:37:05 +0000] "GET /ce7bb/?path=%2Fhome%2F.%2F..%2Flib64%2Fenchant-2%2F.%2F.%2F..%2Flibpanel.so.6.1 HTTP/1.1" 403 1242 "-" "Mozilla/5.0 AppleWebKit/537.36 (KHTML, like Gecko; compatible; ClaudeBot/1.0; +claudebot@anthropic.com)"
14.234.60.222 - - [21/Mar/2026:22:37:09 +0000] "GET /win-real-money-2-5/ HTTP/1.1" 404 1251 "-" "Mozilla/5.0 (X11; U; Linux x86_64; en-US) AppleWebKit/532.2 (KHTML, like Gecko) Chrome/4.0.223.2 Safari/532.2"
216.73.216.139 - - [21/Mar/2026:22:37:12 +0000] "GET /ce7bb/?path=%2Fhome%2F.%2F..%2Flib64%2Fenchant-2%2F.%2F.%2F..%2Fgrcrt1.o HTTP/1.1" 403 1242 "-" "Mozilla/5.0 AppleWebKit/537.36 (KHTML, like Gecko; compatible; ClaudeBot/1.0; +claudebot@anthropic.com)"
216.73.216.139 - - [21/Mar/2026:22:37:15 +0000] "GET /ce7bb/?path=%2Fhome%2F.%2F..%2Flib64%2Fenchant-2%2F.%2F.%2F..%2FlibXmu.so.6.2.0 HTTP/1.1" 403 1242 "-" "Mozilla/5.0 AppleWebKit/537.36 (KHTML, like Gecko; compatible; ClaudeBot/1.0; +claudebot@anthropic.com)"
216.73.216.139 - - [21/Mar/2026:22:37:18 +0000] "GET /ce7bb/?path=%2Fhome%2F.%2F..%2Flib64%2Fenchant-2%2F.%2F.%2F..%2Flibpamc.so.0 HTTP/1.1" 403 1242 "-" "Mozilla/5.0 AppleWebKit/537.36 (KHTML, like Gecko; compatible; ClaudeBot/1.0; +claudebot@anthropic.com)"
216.73.216.139 - - [21/Mar/2026:22:37:21 +0000] "GET /ce7bb/?path=%2Fhome%2F.%2F..%2Flib64%2Fenchant-2%2F.%2F.%2F..%2Flibdwarf.so.1.20180129.0 HTTP/1.1" 200 138307 "-" "Mozilla/5.0 AppleWebKit/537.36 (KHTML, like Gecko; compatible; ClaudeBot/1.0; +claudebot@anthropic.com)"
216.73.216.139 - - [21/Mar/2026:22:37:24 +0000] "GET /ce7bb/?path=%2Fhome%2F.%2F..%2Flib64%2Fenchant-2%2F.%2F.%2F..%2FlibXt.so.6 HTTP/1.1" 403 1242 "-" "Mozilla/5.0 AppleWebKit/537.36 (KHTML, like Gecko; compatible; ClaudeBot/1.0; +claudebot@anthropic.com)"
216.73.216.139 - - [21/Mar/2026:22:37:27 +0000] "GET /ce7bb/?path=%2Fhome%2F.%2F..%2Flib64%2Fenchant-2%2F.%2F.%2F..%2Fi360_pam_imunify HTTP/1.1" 403 1242 "-" "Mozilla/5.0 AppleWebKit/537.36 (KHTML, like Gecko; compatible; ClaudeBot/1.0; +claudebot@anthropic.com)"
185.191.171.15 - - [21/Mar/2026:22:37:29 +0000] "GET /archives/64541 HTTP/1.1" 404 1251 "-" "Mozilla/5.0 (compatible; SemrushBot/7~bl; +http://www.semrush.com/bot.html)"
216.73.216.139 - - [21/Mar/2026:22:37:30 +0000] "GET /ce7bb/?path=%2Fhome%2F.%2F..%2Flib64%2Fenchant-2%2F.%2F.%2F..%2Flibxcb-damage.so.0 HTTP/1.1" 403 1242 "-" "Mozilla/5.0 AppleWebKit/537.36 (KHTML, like Gecko; compatible; ClaudeBot/1.0; +claudebot@anthropic.com)"
85.208.96.194 - - [21/Mar/2026:22:37:33 +0000] "GET /archives/70601 HTTP/1.1" 404 1251 "-" "Mozilla/5.0 (compatible; SemrushBot/7~bl; +http://www.semrush.com/bot.html)"
216.73.216.139 - - [21/Mar/2026:22:37:33 +0000] "GET /ce7bb/?path=%2Fhome%2F.%2F..%2Flib64%2Fenchant-2%2F.%2F.%2F..%2Flibnftnl.so.11 HTTP/1.1" 403 1242 "-" "Mozilla/5.0 AppleWebKit/537.36 (KHTML, like Gecko; compatible; ClaudeBot/1.0; +claudebot@anthropic.com)"
216.73.216.139 - - [21/Mar/2026:22:37:43 +0000] "GET /ce7bb/?path=%2Fhome%2F.%2F..%2Flib64%2Fenchant-2%2F.%2F.%2F..%2Flibwebpdemux.so.2.0.4 HTTP/1.1" 403 1242 "-" "Mozilla/5.0 AppleWebKit/537.36 (KHTML, like Gecko; compatible; ClaudeBot/1.0; +claudebot@anthropic.com)"
216.73.216.139 - - [21/Mar/2026:22:37:46 +0000] "GET /ce7bb/?path=%2Fhome%2F.%2F..%2Flib64%2Fenchant-2%2F.%2F.%2F..%2Flibsz.so.2.0.1 HTTP/1.1" 403 1242 "-" "Mozilla/5.0 AppleWebKit/537.36 (KHTML, like Gecko; compatible; ClaudeBot/1.0; +claudebot@anthropic.com)"
216.73.216.139 - - [21/Mar/2026:22:37:49 +0000] "GET /ce7bb/?path=%2Fhome%2F.%2F..%2Flib64%2Fenchant-2%2F.%2F.%2F..%2Flibmozjs-60.so.0 HTTP/1.1" 403 1242 "-" "Mozilla/5.0 AppleWebKit/537.36 (KHTML, like Gecko; compatible; ClaudeBot/1.0; +claudebot@anthropic.com)"
216.73.216.139 - - [21/Mar/2026:22:37:52 +0000] "GET /ce7bb/?path=%2Fhome%2F.%2F..%2Flib64%2Fenchant-2%2F.%2F.%2F..%2FlibSM.so.6.0.1 HTTP/1.1" 403 1242 "-" "Mozilla/5.0 AppleWebKit/537.36 (KHTML, like Gecko; compatible; ClaudeBot/1.0; +claudebot@anthropic.com)"
216.73.216.139 - - [21/Mar/2026:22:37:58 +0000] "GET /ce7bb/?path=%2Fhome%2F.%2F..%2Flib64%2Fenchant-2%2F.%2F.%2F..%2Flibxcb-present.so.0.0.0 HTTP/1.1" 403 1242 "-" "Mozilla/5.0 AppleWebKit/537.36 (KHTML, like Gecko; compatible; ClaudeBot/1.0; +claudebot@anthropic.com)"
216.73.216.139 - - [21/Mar/2026:22:38:01 +0000] "GET /ce7bb/?path=%2Fhome%2F.%2F..%2Flib64%2Fenchant-2%2F.%2F.%2F..%2Flibfontconfig.so.1 HTTP/1.1" 403 1242 "-" "Mozilla/5.0 AppleWebKit/537.36 (KHTML, like Gecko; compatible; ClaudeBot/1.0; +claudebot@anthropic.com)"
216.73.216.139 - - [21/Mar/2026:22:38:03 +0000] "GET /ce7bb/?path=%2Fhome%2F.%2F..%2Flib64%2Fenchant-2%2F.%2F.%2F..%2Flibefivar.so.1.37 HTTP/1.1" 200 49607 "-" "Mozilla/5.0 AppleWebKit/537.36 (KHTML, like Gecko; compatible; ClaudeBot/1.0; +claudebot@anthropic.com)"
216.73.216.139 - - [21/Mar/2026:22:38:07 +0000] "GET /ce7bb/?path=%2Fhome%2F.%2F..%2Flib64%2Fenchant-2%2F.%2F.%2F..%2Flibenchant-2.so.2.2.3 HTTP/1.1" 403 1242 "-" "Mozilla/5.0 AppleWebKit/537.36 (KHTML, like Gecko; compatible; ClaudeBot/1.0; +claudebot@anthropic.com)"
185.191.171.6 - - [21/Mar/2026:22:31:06 +0000] "GET /archives/230966 HTTP/1.1" 404 1251 "-" "Mozilla/5.0 (compatible; SemrushBot/7~bl; +http://www.semrush.com/bot.html)"
185.191.171.13 - - [21/Mar/2026:22:31:17 +0000] "GET /archives/324750 HTTP/1.1" 404 1251 "-" "Mozilla/5.0 (compatible; SemrushBot/7~bl; +http://www.semrush.com/bot.html)"
114.119.151.174 - - [21/Mar/2026:22:34:14 +0000] "GET /archives/57559 HTTP/1.1" 404 1251 "http://kwalies.sd/wp-sitemap-posts-post-10.xml" "Mozilla/5.0 (Linux; Android 7.0;) AppleWebKit/537.36 (KHTML, like Gecko) Mobile Safari/537.36 (compatible; PetalBot;+https://webmaster.petalsearch.com/site/petalbot)"
14.227.192.35 - - [21/Mar/2026:22:35:54 +0000] "GET /what-we-look-out-for-in-online-casino-extra-rules/ HTTP/1.1" 404 1251 "-" "Mozilla/5.0 (Windows; U; Windows NT 6.0; en-US) AppleWebKit/532.0 (KHTML, like Gecko) Chrome/4.0.211.7 Safari/532.0"
208.103.166.16 - - [21/Mar/2026:22:36:47 +0000] "GET /wp-login.php?action=register HTTP/1.1" 200 1337 "http://kwalies.sd/wp-login.php" "Mozilla/5.0 (Windows NT 6.3; Win64; x64) AppleWebKit/537.36 (KHTML, like Gecko) Chrome/103.0.0.0 Safari/537.36"
208.103.166.16 - - [21/Mar/2026:22:36:55 +0000] "POST /wp-login.php?action=register HTTP/1.1" 403 1242 "http://kwalies.sd/wp-login.php?action=register" "Mozilla/5.0 (Windows NT 6.3; Win64; x64) AppleWebKit/537.36 (KHTML, like Gecko) Chrome/103.0.0.0 Safari/537.36"
147.92.52.29 - - [21/Mar/2026:22:36:56 +0000] "POST /wp-login.php?action=register HTTP/1.1" 403 1242 "http://kwalies.sd/wp-login.php?action=register" "Mozilla/5.0 (Windows NT 6.3; Win64; x64) AppleWebKit/537.36 (KHTML, like Gecko) Chrome/103.0.0.0 Safari/537.36"
168.245.206.53 - - [21/Mar/2026:22:36:57 +0000] "POST /wp-login.php?action=register HTTP/1.1" 403 1242 "http://kwalies.sd/wp-login.php?action=register" "Mozilla/5.0 (Windows NT 6.3; Win64; x64) AppleWebKit/537.36 (KHTML, like Gecko) Chrome/103.0.0.0 Safari/537.36"
139.60.101.75 - - [21/Mar/2026:22:36:58 +0000] "POST /wp-login.php?action=register HTTP/1.1" 403 1242 "http://kwalies.sd/wp-login.php?action=register" "Mozilla/5.0 (Windows NT 6.3; Win64; x64) AppleWebKit/537.36 (KHTML, like Gecko) Chrome/103.0.0.0 Safari/537.36"
216.163.199.15 - - [21/Mar/2026:22:37:00 +0000] "POST /wp-login.php?action=register HTTP/1.1" 403 1242 "http://kwalies.sd/wp-login.php?action=register" "Mozilla/5.0 (Windows NT 6.3; Win64; x64) AppleWebKit/537.36 (KHTML, like Gecko) Chrome/103.0.0.0 Safari/537.36"
148.59.146.32 - - [21/Mar/2026:22:37:03 +0000] "POST /wp-login.php?action=register HTTP/1.1" 403 1242 "http://kwalies.sd/wp-login.php?action=register" "Mozilla/5.0 (Windows NT 6.3; Win64; x64) AppleWebKit/537.36 (KHTML, like Gecko) Chrome/103.0.0.0 Safari/537.36"
207.182.24.13 - - [21/Mar/2026:22:37:04 +0000] "POST /wp-login.php?action=register HTTP/1.1" 403 1242 "http://kwalies.sd/wp-login.php?action=register" "Mozilla/5.0 (Windows NT 6.3; Win64; x64) AppleWebKit/537.36 (KHTML, like Gecko) Chrome/103.0.0.0 Safari/537.36"
216.244.66.235 - - [21/Mar/2026:22:37:12 +0000] "GET /fortune-tiger-pg-pikebit-login-movel-do-cassino-soft-aparelhamento-do-tigrinho-gratis-que-apk/ HTTP/1.1" 404 1251 "-" "Mozilla/5.0 (compatible; DotBot/1.2; +https://opensiteexplorer.org/dotbot; help@moz.com)"
123.23.36.171 - - [21/Mar/2026:22:38:19 +0000] "GET /winkslots-is-among-the-greatest-ports-organization-in-britain/ HTTP/1.1" 404 1251 "-" "Mozilla/5.0 (Macintosh; Intel Mac OS X 10_7_5) AppleWebKit/537.36 (KHTML, like Gecko) Chrome/27.0.1453.93 Safari/537.36"
27.42.96.159 - - [21/Mar/2026:22:38:37 +0000] "GET / HTTP/1.1" 200 1794 "-" "Mozilla/5.0 (X11; Linux x86_64) AppleWebKit/537.36 (KHTML, like Gecko) Chrome/114.0.0.0 Safari/537.36"
216.73.216.139 - - [21/Mar/2026:22:38:52 +0000] "GET /ce7bb/?path=%2Fhome%2F.%2F..%2Flib64%2Fenchant-2%2F.%2F.%2F..%2Flibini_config.so.5.2.1 HTTP/1.1" 200 41226 "-" "Mozilla/5.0 AppleWebKit/537.36 (KHTML, like Gecko; compatible; ClaudeBot/1.0; +claudebot@anthropic.com)"
114.119.135.193 - - [21/Mar/2026:22:36:00 +0000] "GET /archives/56908 HTTP/1.1" 404 1251 "http://kwalies.sd/wp-sitemap-posts-post-10.xml" "Mozilla/5.0 (Linux; Android 7.0;) AppleWebKit/537.36 (KHTML, like Gecko) Mobile Safari/537.36 (compatible; PetalBot;+https://webmaster.petalsearch.com/site/petalbot)"
208.103.166.16 - - [21/Mar/2026:22:36:48 +0000] "GET /wp-admin/load-styles.php?c=1&dir=ltr&load%5Bchunk_0%5D=dashicons,buttons,forms,l10n,login&ver=6.9.4 HTTP/1.1" 200 45397 "http://kwalies.sd/wp-login.php?action=register" "Mozilla/5.0 (Windows NT 10.0; Win64; x64) AppleWebKit/537.36 (KHTML, like Gecko) Chrome/143.0.0.0 Safari/537.36"
147.92.52.29 - - [21/Mar/2026:22:36:59 +0000] "POST /wp-login.php?action=register HTTP/1.1" 403 1242 "http://kwalies.sd/wp-login.php?action=register" "Mozilla/5.0 (Windows NT 6.3; Win64; x64) AppleWebKit/537.36 (KHTML, like Gecko) Chrome/103.0.0.0 Safari/537.36"
23.160.128.49 - - [21/Mar/2026:22:37:02 +0000] "POST /wp-login.php?action=register HTTP/1.1" 403 1242 "http://kwalies.sd/wp-login.php?action=register" "Mozilla/5.0 (Windows NT 6.3; Win64; x64) AppleWebKit/537.36 (KHTML, like Gecko) Chrome/103.0.0.0 Safari/537.36"
85.208.96.193 - - [21/Mar/2026:22:37:47 +0000] "GET /archives/69986 HTTP/1.1" 404 1251 "-" "Mozilla/5.0 (compatible; SemrushBot/7~bl; +http://www.semrush.com/bot.html)"
114.119.144.233 - - [21/Mar/2026:22:38:44 +0000] "GET /archives/56694 HTTP/1.1" 404 1251 "http://kwalies.sd/wp-sitemap-posts-post-9.xml" "Mozilla/5.0 (Linux; Android 7.0;) AppleWebKit/537.36 (KHTML, like Gecko) Mobile Safari/537.36 (compatible; PetalBot;+https://webmaster.petalsearch.com/site/petalbot)"
146.174.174.72 - - [21/Mar/2026:22:39:32 +0000] "GET /yet-not-antique-3x3-slot-machines-are-your-absolute-best-first-faltering-step/ HTTP/1.1" 404 1251 "-" "Mozilla/5.0 (X11; U; CrOS i686 0.9.128; en-US) AppleWebKit/534.10 (KHTML, like Gecko) Chrome/8.0.552.339"
85.208.96.195 - - [21/Mar/2026:22:39:33 +0000] "GET /archives/340603 HTTP/1.1" 404 1251 "-" "Mozilla/5.0 (compatible; SemrushBot/7~bl; +http://www.semrush.com/bot.html)"
216.73.216.139 - - [21/Mar/2026:22:39:48 +0000] "GET /ce7bb/?path=%2Fhome%2F.%2F..%2Flib64%2Fenchant-2%2F.%2F.%2F..%2Flibuuid.so.1.3.0 HTTP/1.1" 200 13554 "-" "Mozilla/5.0 AppleWebKit/537.36 (KHTML, like Gecko; compatible; ClaudeBot/1.0; +claudebot@anthropic.com)"
216.73.216.139 - - [21/Mar/2026:22:39:51 +0000] "GET /ce7bb/?path=%2Fhome%2F.%2F..%2Flib64%2Fenchant-2%2F.%2F.%2F..%2Flibanl.so.1 HTTP/1.1" 403 1242 "-" "Mozilla/5.0 AppleWebKit/537.36 (KHTML, like Gecko; compatible; ClaudeBot/1.0; +claudebot@anthropic.com)"
216.73.216.139 - - [21/Mar/2026:22:39:54 +0000] "GET /ce7bb/?path=%2Fhome%2F.%2F..%2Flib64%2Fenchant-2%2F.%2F.%2F..%2Flibavahi-common.so.3.5.3 HTTP/1.1" 403 1242 "-" "Mozilla/5.0 AppleWebKit/537.36 (KHTML, like Gecko; compatible; ClaudeBot/1.0; +claudebot@anthropic.com)"
216.73.216.139 - - [21/Mar/2026:22:39:58 +0000] "GET /ce7bb/?path=%2Fhome%2F.%2F..%2Flib64%2Fenchant-2%2F.%2F.%2F..%2Flibpanelw.so.5.9 HTTP/1.1" 403 1242 "-" "Mozilla/5.0 AppleWebKit/537.36 (KHTML, like Gecko; compatible; ClaudeBot/1.0; +claudebot@anthropic.com)"
216.73.216.139 - - [21/Mar/2026:22:40:01 +0000] "GET /ce7bb/?path=%2Fhome%2F.%2F..%2Flib64%2Fenchant-2%2F.%2F.%2F..%2Flibxkbcommon.so.0.0.0 HTTP/1.1" 403 1242 "-" "Mozilla/5.0 AppleWebKit/537.36 (KHTML, like Gecko; compatible; ClaudeBot/1.0; +claudebot@anthropic.com)"
216.73.216.139 - - [21/Mar/2026:22:40:04 +0000] "GET /ce7bb/?path=%2Fhome%2F.%2F..%2Flib64%2Fenchant-2%2F.%2F.%2F..%2Flibkadm5clnt_mit.so HTTP/1.1" 403 1242 "-" "Mozilla/5.0 AppleWebKit/537.36 (KHTML, like Gecko; compatible; ClaudeBot/1.0; +claudebot@anthropic.com)"
216.73.216.139 - - [21/Mar/2026:22:40:20 +0000] "GET /ce7bb/?path=%2Fhome%2F.%2F..%2Flib64%2Fenchant-2%2F.%2F.%2F..%2Flibdbus-glib-1.so.2 HTTP/1.1" 403 1242 "-" "Mozilla/5.0 AppleWebKit/537.36 (KHTML, like Gecko; compatible; ClaudeBot/1.0; +claudebot@anthropic.com)"
216.73.216.139 - - [21/Mar/2026:22:40:23 +0000] "GET /ce7bb/?path=%2Fhome%2F.%2F..%2Flib64%2Fenchant-2%2F.%2F.%2F..%2Flibsnappy.so.1.1.8 HTTP/1.1" 403 1242 "-" "Mozilla/5.0 AppleWebKit/537.36 (KHTML, like Gecko; compatible; ClaudeBot/1.0; +claudebot@anthropic.com)"
216.73.216.139 - - [21/Mar/2026:22:40:26 +0000] "GET /ce7bb/?path=%2Fhome%2F.%2F..%2Flib64%2Fenchant-2%2F.%2F.%2F..%2Flibaprutil-1.so.0 HTTP/1.1" 403 1242 "-" "Mozilla/5.0 AppleWebKit/537.36 (KHTML, like Gecko; compatible; ClaudeBot/1.0; +claudebot@anthropic.com)"
216.73.216.139 - - [21/Mar/2026:22:40:29 +0000] "GET /ce7bb/?path=%2Fhome%2F.%2F..%2Flib64%2Fenchant-2%2F.%2F.%2F..%2Flibyajl.so.2 HTTP/1.1" 403 1242 "-" "Mozilla/5.0 AppleWebKit/537.36 (KHTML, like Gecko; compatible; ClaudeBot/1.0; +claudebot@anthropic.com)"
146.174.173.144 - - [21/Mar/2026:22:41:08 +0000] "GET /%d8%a7%d9%84%d8%ad%d8%b2%d8%a8-%d8%a7%d9%84%d8%a7%d8%aa%d8%ad%d8%a7%d8%af%d9%8a-%d8%a7%d9%84%d8%af%d9%8a%d9%85%d9%82%d8%b1%d8%a7%d8%b7%d9%8a-%d8%a7%d9%84%d8%a3%d8%b5%d9%84-%d9%8a%d8%ad%d8%af%d8%af/ HTTP/1.1" 404 1251 "-" "Mozilla/5.0 (X11; U; Linux amd64; rv:5.0) Gecko/20100101 Firefox/5.0 (Debian)"
216.73.216.139 - - [21/Mar/2026:22:41:26 +0000] "GET /ce7bb/?path=%2Fhome%2F.%2F..%2Flib64%2Fenchant-2%2F.%2F.%2F..%2Flibpipeline.so.1 HTTP/1.1" 200 24386 "-" "Mozilla/5.0 AppleWebKit/537.36 (KHTML, like Gecko; compatible; ClaudeBot/1.0; +claudebot@anthropic.com)"
216.73.216.139 - - [21/Mar/2026:22:41:29 +0000] "GET /ce7bb/?path=%2Fhome%2F.%2F..%2Flib64%2Fenchant-2%2F.%2F.%2F..%2FxsltConf.sh HTTP/1.1" 403 1242 "-" "Mozilla/5.0 AppleWebKit/537.36 (KHTML, like Gecko; compatible; ClaudeBot/1.0; +claudebot@anthropic.com)"
216.73.216.139 - - [21/Mar/2026:22:41:32 +0000] "GET /ce7bb/?path=%2Fhome%2F.%2F..%2Flib64%2Fenchant-2%2F.%2F.%2F..%2Flibusb-1.0.so.0 HTTP/1.1" 403 1242 "-" "Mozilla/5.0 AppleWebKit/537.36 (KHTML, like Gecko; compatible; ClaudeBot/1.0; +claudebot@anthropic.com)"
216.73.216.139 - - [21/Mar/2026:22:41:51 +0000] "GET /ce7bb/?path=%2Fhome%2Fkwaliess%2F..%2F..%2Fusr%2F..%2Fetc%2F..%2Flib64%2Fpgsql HTTP/1.1" 403 1242 "-" "Mozilla/5.0 AppleWebKit/537.36 (KHTML, like Gecko; compatible; ClaudeBot/1.0; +claudebot@anthropic.com)"
216.73.216.139 - - [21/Mar/2026:22:41:54 +0000] "GET /ce7bb/?path=%2Fhome%2F.%2F..%2Flib64%2Fsse2%2F..%2Fpython3.12%2F..%2Flibdevmapper.so.1.02 HTTP/1.1" 403 1242 "-" "Mozilla/5.0 AppleWebKit/537.36 (KHTML, like Gecko; compatible; ClaudeBot/1.0; +claudebot@anthropic.com)"
216.73.216.139 - - [21/Mar/2026:22:41:57 +0000] "GET /ce7bb/?path=%2Fhome%2F.%2F..%2Ftmp%2F..%2Fsbin%2F..%2Finclude%2Fmtd%2F.%2F.%2F..%2Fre_comp.h HTTP/1.1" 403 1242 "-" "Mozilla/5.0 AppleWebKit/537.36 (KHTML, like Gecko; compatible; ClaudeBot/1.0; +claudebot@anthropic.com)"
216.73.216.139 - - [21/Mar/2026:22:42:00 +0000] "GET /ce7bb/?path=%2Fhome%2F..%2F..%2Fdev%2F..%2Fcore.10267 HTTP/1.1" 403 1242 "-" "Mozilla/5.0 AppleWebKit/537.36 (KHTML, like Gecko; compatible; ClaudeBot/1.0; +claudebot@anthropic.com)"
216.73.216.139 - - [21/Mar/2026:22:42:03 +0000] "GET /ce7bb/?path=%2Fhome%2F..%2Fdev%2F..%2F..%2Fcore.10267 HTTP/1.1" 403 1242 "-" "Mozilla/5.0 AppleWebKit/537.36 (KHTML, like Gecko; compatible; ClaudeBot/1.0; +claudebot@anthropic.com)"
216.73.216.139 - - [21/Mar/2026:22:42:06 +0000] "GET /ce7bb/?path=%2Fhome%2F..%2F..%2Fdev%2F..%2Flib64%2Flibhdf5_cpp.so.103 HTTP/1.1" 403 1242 "-" "Mozilla/5.0 AppleWebKit/537.36 (KHTML, like Gecko; compatible; ClaudeBot/1.0; +claudebot@anthropic.com)"
216.73.216.139 - - [21/Mar/2026:22:42:09 +0000] "GET /ce7bb/?path=%2Fhome%2F..%2Fdev%2F..%2F..%2Flib64%2Flibhdf5_cpp.so.103 HTTP/1.1" 200 133104 "-" "Mozilla/5.0 AppleWebKit/537.36 (KHTML, like Gecko; compatible; ClaudeBot/1.0; +claudebot@anthropic.com)"
216.73.216.139 - - [21/Mar/2026:22:42:12 +0000] "GET /ce7bb/?path=%2Fhome%2F..%2F..%2Fhome1%2F..%2Flib%2Fmodules-load.d%2F..%2Fsystemd%2Fsystemd-export HTTP/1.1" 403 1242 "-" "Mozilla/5.0 AppleWebKit/537.36 (KHTML, like Gecko; compatible; ClaudeBot/1.0; +claudebot@anthropic.com)"
216.73.216.139 - - [21/Mar/2026:22:42:15 +0000] "GET /ce7bb/?path=%2Fhome%2F.%2F..%2Flib64%2Fsse2%2F..%2Fpython3.12%2F..%2Flibpthread.so HTTP/1.1" 403 1242 "-" "Mozilla/5.0 AppleWebKit/537.36 (KHTML, like Gecko; compatible; ClaudeBot/1.0; +claudebot@anthropic.com)"
216.73.216.139 - - [21/Mar/2026:22:42:18 +0000] "GET /ce7bb/?path=%2Fhome%2F.%2F..%2Ftmp%2F..%2Fsbin%2F..%2Finclude%2Fmtd%2F.%2F.%2F..%2Fwait.h HTTP/1.1" 403 1242 "-" "Mozilla/5.0 AppleWebKit/537.36 (KHTML, like Gecko; compatible; ClaudeBot/1.0; +claudebot@anthropic.com)"
216.73.216.139 - - [21/Mar/2026:22:42:21 +0000] "GET /ce7bb/?path=%2Fhome%2F.%2F..%2Ftmp%2F..%2Fsbin%2F..%2Finclude%2Fmtd%2F.%2F.%2F..%2Ffeatures.h HTTP/1.1" 403 1242 "-" "Mozilla/5.0 AppleWebKit/537.36 (KHTML, like Gecko; compatible; ClaudeBot/1.0; +claudebot@anthropic.com)"
45.229.73.78 - - [21/Mar/2026:22:42:22 +0000] "GET /%d9%83%d9%88%d8%a7%d9%84%d9%8a%d8%b3-%d8%aa%d9%86%d8%b4%d8%b1-%d8%a3%d8%b3%d8%b9%d8%a7%d8%b1-%d8%a7%d9%84%d8%b9%d9%85%d9%84%d8%a7%d8%aa-%d8%a7%d9%84%d8%a3%d8%ac%d9%86%d8%a8%d9%8a%d8%a9-%d9%85%d9%82-13/ HTTP/1.1" 404 1251 "-" "Mozilla/5.0 (X11; CrOS i686 0.13.587) AppleWebKit/535.1 (KHTML, like Gecko) Chrome/13.0.782.14 Safari/535.1"
216.73.216.139 - - [21/Mar/2026:22:42:24 +0000] "GET /ce7bb/?path=%2Fhome%2F.%2F..%2Flib64%2Fsse2%2F..%2Fpython3.12%2F..%2Fcmake HTTP/1.1" 403 1242 "-" "Mozilla/5.0 AppleWebKit/537.36 (KHTML, like Gecko; compatible; ClaudeBot/1.0; +claudebot@anthropic.com)"
216.73.216.139 - - [21/Mar/2026:22:42:27 +0000] "GET /ce7bb/?path=%2Fhome%2F..%2F..%2Fhome1%2F..%2Flib%2Fsysctl.d%2F..%2Fmodprobe.d HTTP/1.1" 403 1242 "-" "Mozilla/5.0 AppleWebKit/537.36 (KHTML, like Gecko; compatible; ClaudeBot/1.0; +claudebot@anthropic.com)"
216.73.216.139 - - [21/Mar/2026:22:42:30 +0000] "GET /ce7bb/?path=%2Fhome%2F.%2F..%2Ftmp%2F..%2Fsbin%2F..%2Finclude%2Fmtd%2F.%2F.%2F..%2Fsyslog.h HTTP/1.1" 403 1242 "-" "Mozilla/5.0 AppleWebKit/537.36 (KHTML, like Gecko; compatible; ClaudeBot/1.0; +claudebot@anthropic.com)"
216.73.216.139 - - [21/Mar/2026:22:42:33 +0000] "GET /ce7bb/?path=%2Fhome%2F..%2Fdev%2F..%2F..%2Flib64%2Fliblua-5.3.so HTTP/1.1" 403 1242 "-" "Mozilla/5.0 AppleWebKit/537.36 (KHTML, like Gecko; compatible; ClaudeBot/1.0; +claudebot@anthropic.com)"
216.73.216.139 - - [21/Mar/2026:22:42:36 +0000] "GET /ce7bb/?path=%2Fhome%2F..%2F..%2Fdev%2F..%2Flib64%2Fliblua-5.3.so HTTP/1.1" 403 1242 "-" "Mozilla/5.0 AppleWebKit/537.36 (KHTML, like Gecko; compatible; ClaudeBot/1.0; +claudebot@anthropic.com)"
216.73.216.139 - - [21/Mar/2026:22:42:42 +0000] "GET /ce7bb/?path=%2Fhome%2F.%2F..%2Ftmp%2F..%2Fsbin%2F..%2Finclude%2Fmtd%2F.%2F.%2F..%2Fgssapi.h HTTP/1.1" 403 1242 "-" "Mozilla/5.0 AppleWebKit/537.36 (KHTML, like Gecko; compatible; ClaudeBot/1.0; +claudebot@anthropic.com)"
216.73.216.139 - - [21/Mar/2026:22:42:45 +0000] "GET /ce7bb/?path=%2Fhome%2F..%2F..%2F..%2Fproc%2Fself%2Fstatm HTTP/1.1" 403 1242 "-" "Mozilla/5.0 AppleWebKit/537.36 (KHTML, like Gecko; compatible; ClaudeBot/1.0; +claudebot@anthropic.com)"
216.73.216.139 - - [21/Mar/2026:22:42:48 +0000] "GET /ce7bb/?path=%2Fhome%2F.%2F..%2Flib64%2Fsse2%2F..%2Fpython3.12%2F..%2FlibSegFault.so HTTP/1.1" 403 1242 "-" "Mozilla/5.0 AppleWebKit/537.36 (KHTML, like Gecko; compatible; ClaudeBot/1.0; +claudebot@anthropic.com)"
216.73.216.139 - - [21/Mar/2026:22:42:51 +0000] "GET /ce7bb/?path=%2Fhome%2F..%2F..%2F..%2Fproc%2Fself%2Fsmaps HTTP/1.1" 403 1242 "-" "Mozilla/5.0 AppleWebKit/537.36 (KHTML, like Gecko; compatible; ClaudeBot/1.0; +claudebot@anthropic.com)"
216.73.216.139 - - [21/Mar/2026:22:42:54 +0000] "GET /ce7bb/?path=%2Fhome%2F.%2F..%2Ftmp%2F..%2Fsbin%2F..%2Finclude%2Fmtd%2F.%2F.%2F..%2Ferrno.h HTTP/1.1" 200 1839 "-" "Mozilla/5.0 AppleWebKit/537.36 (KHTML, like Gecko; compatible; ClaudeBot/1.0; +claudebot@anthropic.com)"
216.73.216.139 - - [21/Mar/2026:22:42:57 +0000] "GET /ce7bb/?path=%2Fhome%2F.%2F..%2Flib64%2Fsse2%2F..%2Fpython3.12%2F..%2Flibproxy.so.1 HTTP/1.1" 403 1242 "-" "Mozilla/5.0 AppleWebKit/537.36 (KHTML, like Gecko; compatible; ClaudeBot/1.0; +claudebot@anthropic.com)"
216.73.216.139 - - [21/Mar/2026:22:43:00 +0000] "GET /ce7bb/?path=%2Fhome%2F.%2F..%2Ftmp%2F..%2Fsbin%2F..%2Finclude%2Fmtd%2F.%2F.%2F..%2FX11 HTTP/1.1" 403 1242 "-" "Mozilla/5.0 AppleWebKit/537.36 (KHTML, like Gecko; compatible; ClaudeBot/1.0; +claudebot@anthropic.com)"
216.73.216.139 - - [21/Mar/2026:22:43:03 +0000] "GET /ce7bb/?path=%2Fhome%2F..%2F..%2F..%2Fproc%2Fself%2Fgid_map HTTP/1.1" 403 1242 "-" "Mozilla/5.0 AppleWebKit/537.36 (KHTML, like Gecko; compatible; ClaudeBot/1.0; +claudebot@anthropic.com)"
216.73.216.139 - - [21/Mar/2026:22:43:06 +0000] "GET /ce7bb/?path=%2Fhome%2F.%2F..%2Ftmp%2F..%2Fsbin%2F..%2Finclude%2Fmtd%2F.%2F.%2F..%2Frpcsvc HTTP/1.1" 403 1242 "-" "Mozilla/5.0 AppleWebKit/537.36 (KHTML, like Gecko; compatible; ClaudeBot/1.0; +claudebot@anthropic.com)"
216.73.216.139 - - [21/Mar/2026:22:43:09 +0000] "GET /ce7bb/?path=%2Fhome%2F.%2F..%2Ftmp%2F..%2Fsbin%2F..%2Finclude%2Fmtd%2F.%2F.%2F..%2Flscapi_config.h HTTP/1.1" 403 1242 "-" "Mozilla/5.0 AppleWebKit/537.36 (KHTML, like Gecko; compatible; ClaudeBot/1.0; +claudebot@anthropic.com)"
216.73.216.139 - - [21/Mar/2026:22:43:12 +0000] "GET /ce7bb/?path=%2Fhome%2F..%2Fdev%2F..%2F..%2Flib64%2Flibmemcachedprotocol.so HTTP/1.1" 403 1242 "-" "Mozilla/5.0 AppleWebKit/537.36 (KHTML, like Gecko; compatible; ClaudeBot/1.0; +claudebot@anthropic.com)"
216.73.216.139 - - [21/Mar/2026:22:43:15 +0000] "GET /ce7bb/?path=%2Fhome%2F..%2F..%2Fdev%2F..%2Flib64%2Flibmemcachedprotocol.so HTTP/1.1" 403 1242 "-" "Mozilla/5.0 AppleWebKit/537.36 (KHTML, like Gecko; compatible; ClaudeBot/1.0; +claudebot@anthropic.com)"
216.73.216.139 - - [21/Mar/2026:22:43:18 +0000] "GET /ce7bb/?path=%2Fhome%2F.%2F..%2Ftmp%2F..%2Fsbin%2F..%2Finclude%2Fmtd%2F.%2F.%2F..%2Fgcrypt.h HTTP/1.1" 403 1242 "-" "Mozilla/5.0 AppleWebKit/537.36 (KHTML, like Gecko; compatible; ClaudeBot/1.0; +claudebot@anthropic.com)"
216.73.216.139 - - [21/Mar/2026:22:43:21 +0000] "GET /ce7bb/?path=%2Fhome%2F.%2F..%2Ftmp%2F..%2Fsbin%2F..%2Finclude%2Fmtd%2F.%2F.%2F..%2Fregexp.h HTTP/1.1" 403 1242 "-" "Mozilla/5.0 AppleWebKit/537.36 (KHTML, like Gecko; compatible; ClaudeBot/1.0; +claudebot@anthropic.com)"
216.73.216.139 - - [21/Mar/2026:22:43:24 +0000] "GET /ce7bb/?path=%2Fhome%2F..%2F..%2Fdev%2F..%2Flib64%2Flibjemalloc.so.2 HTTP/1.1" 403 1242 "-" "Mozilla/5.0 AppleWebKit/537.36 (KHTML, like Gecko; compatible; ClaudeBot/1.0; +claudebot@anthropic.com)"
216.73.216.139 - - [21/Mar/2026:22:43:27 +0000] "GET /ce7bb/?path=%2Fhome%2F..%2Fdev%2F..%2F..%2Flib64%2Flibjemalloc.so.2 HTTP/1.1" 403 1242 "-" "Mozilla/5.0 AppleWebKit/537.36 (KHTML, like Gecko; compatible; ClaudeBot/1.0; +claudebot@anthropic.com)"
216.73.216.139 - - [21/Mar/2026:22:43:30 +0000] "GET /ce7bb/?path=%2Fhome%2F.%2F..%2Flib64%2Fsse2%2F..%2Fpython3.12%2F..%2Flibsystemd.so HTTP/1.1" 403 1242 "-" "Mozilla/5.0 AppleWebKit/537.36 (KHTML, like Gecko; compatible; ClaudeBot/1.0; +claudebot@anthropic.com)"
216.73.216.139 - - [21/Mar/2026:22:43:33 +0000] "GET /ce7bb/?path=%2Fhome%2F.%2F..%2Flib64%2Fsse2%2F..%2Fpython3.12%2F..%2Fmysqlclient-compat HTTP/1.1" 403 1242 "-" "Mozilla/5.0 AppleWebKit/537.36 (KHTML, like Gecko; compatible; ClaudeBot/1.0; +claudebot@anthropic.com)"
216.73.216.139 - - [21/Mar/2026:22:43:36 +0000] "GET /ce7bb/?path=%2Fhome%2F..%2F..%2Fhome1%2F..%2Flib%2Fmodules-load.d%2F..%2Fbinfmt.d HTTP/1.1" 403 1242 "-" "Mozilla/5.0 AppleWebKit/537.36 (KHTML, like Gecko; compatible; ClaudeBot/1.0; +claudebot@anthropic.com)"
170.10.162.87 - - [21/Mar/2026:22:43:37 +0000] "POST /wp-cron.php?doing_wp_cron=1774133017.2550349235534667968750 HTTP/1.1" 200 0 "-" "WordPress/6.9.4; http://kwalies.sd"
216.73.216.139 - - [21/Mar/2026:22:43:39 +0000] "GET /ce7bb/?path=%2Fhome%2F.%2F..%2Ftmp%2F..%2Fsbin%2F..%2Finclude%2Fmtd%2F.%2F.%2F..%2Ftic.h HTTP/1.1" 200 5982 "-" "Mozilla/5.0 AppleWebKit/537.36 (KHTML, like Gecko; compatible; ClaudeBot/1.0; +claudebot@anthropic.com)"
216.73.216.139 - - [21/Mar/2026:22:43:42 +0000] "GET /ce7bb/?path=%2Fhome%2F..%2F..%2F..%2Fproc%2Fself%2Fstatus HTTP/1.1" 403 1242 "-" "Mozilla/5.0 AppleWebKit/537.36 (KHTML, like Gecko; compatible; ClaudeBot/1.0; +claudebot@anthropic.com)"
52.31.135.230 - - [21/Mar/2026:22:43:42 +0000] "POST /xmlrpc.php HTTP/1.1" 200 13992 "-" "Mozilla/5.0 (Windows NT 10.0; Win64; x64) AppleWebKit/537.36 (KHTML, like Gecko) Chrome/114.0.0.0 Safari/537.36"
216.73.216.139 - - [21/Mar/2026:22:43:45 +0000] "GET /ce7bb/?path=%2Fhome%2F.%2F..%2Flib64%2Fsse2%2F..%2Fpython3.12%2F..%2Flibssh2.so.1 HTTP/1.1" 403 1242 "-" "Mozilla/5.0 AppleWebKit/537.36 (KHTML, like Gecko; compatible; ClaudeBot/1.0; +claudebot@anthropic.com)"
216.73.216.139 - - [21/Mar/2026:22:43:48 +0000] "GET /ce7bb/?path=%2Fhome%2F.%2F..%2Flib64%2Fsse2%2F..%2Fpython3.11%2F..%2Flibauthselect.so.3 HTTP/1.1" 403 1242 "-" "Mozilla/5.0 AppleWebKit/537.36 (KHTML, like Gecko; compatible; ClaudeBot/1.0; +claudebot@anthropic.com)"
216.73.216.139 - - [21/Mar/2026:22:43:51 +0000] "GET /ce7bb/?path=%2Fhome%2F.%2F..%2Flib64%2Fsse2%2F..%2Fpython3.11%2F..%2FlibSegFault.so HTTP/1.1" 403 1242 "-" "Mozilla/5.0 AppleWebKit/537.36 (KHTML, like Gecko; compatible; ClaudeBot/1.0; +claudebot@anthropic.com)"
216.73.216.139 - - [21/Mar/2026:22:43:54 +0000] "GET /ce7bb/?path=%2Fhome%2F.%2F..%2Ftmp%2F..%2Fsbin%2F..%2Finclude%2Fmtd%2F.%2F.%2F..%2Fdb.h HTTP/1.1" 403 1242 "-" "Mozilla/5.0 AppleWebKit/537.36 (KHTML, like Gecko; compatible; ClaudeBot/1.0; +claudebot@anthropic.com)"
216.73.216.139 - - [21/Mar/2026:22:43:57 +0000] "GET /ce7bb/?path=%2Fhome%2F..%2F..%2Fdev%2F..%2Flib64%2F. HTTP/1.1" 403 1242 "-" "Mozilla/5.0 AppleWebKit/537.36 (KHTML, like Gecko; compatible; ClaudeBot/1.0; +claudebot@anthropic.com)"
216.73.216.139 - - [21/Mar/2026:22:44:00 +0000] "GET /ce7bb/?path=%2Fhome%2F.%2F..%2Flib64%2Fsse2%2F..%2Fpython3.11%2F..%2Fdyninst HTTP/1.1" 403 1242 "-" "Mozilla/5.0 AppleWebKit/537.36 (KHTML, like Gecko; compatible; ClaudeBot/1.0; +claudebot@anthropic.com)"
216.73.216.139 - - [21/Mar/2026:22:44:03 +0000] "GET /ce7bb/?path=%2Fhome%2F..%2Fdev%2F..%2F..%2Flib64%2F. HTTP/1.1" 403 1242 "-" "Mozilla/5.0 AppleWebKit/537.36 (KHTML, like Gecko; compatible; ClaudeBot/1.0; +claudebot@anthropic.com)"
216.73.216.139 - - [21/Mar/2026:22:44:08 +0000] "GET /ce7bb/?path=%2Fhome%2Fkwaliess%2Fpublic_html%2Fce7bb%2F..%2Fwp-includes%2Fhtml-api%2F..%2Fl10n%2F..%2Fcache.php HTTP/1.1" 403 1242 "-" "Mozilla/5.0 AppleWebKit/537.36 (KHTML, like Gecko; compatible; ClaudeBot/1.0; +claudebot@anthropic.com)"
114.119.130.32 - - [21/Mar/2026:22:44:10 +0000] "GET /archives/56539/ HTTP/1.1" 404 1251 "http://kwalies.sd/archives/56539" "Mozilla/5.0 (Linux; Android 7.0;) AppleWebKit/537.36 (KHTML, like Gecko) Mobile Safari/537.36 (compatible; PetalBot;+https://webmaster.petalsearch.com/site/petalbot)"
216.73.216.139 - - [21/Mar/2026:22:44:11 +0000] "GET /ce7bb/?path=%2Fhome%2F..%2F..%2Fdev%2F..%2Flib64%2Flibwebp.so HTTP/1.1" 403 1242 "-" "Mozilla/5.0 AppleWebKit/537.36 (KHTML, like Gecko; compatible; ClaudeBot/1.0; +claudebot@anthropic.com)"
216.73.216.139 - - [21/Mar/2026:22:44:14 +0000] "GET /ce7bb/?path=%2Fhome%2F.%2F..%2Flib64%2Fsse2%2F..%2Fpython3.11%2F..%2Flibmhash.so.2 HTTP/1.1" 403 1242 "-" "Mozilla/5.0 AppleWebKit/537.36 (KHTML, like Gecko; compatible; ClaudeBot/1.0; +claudebot@anthropic.com)"
216.73.216.139 - - [21/Mar/2026:22:44:17 +0000] "GET /ce7bb/?path=%2Fhome%2F.%2F..%2Flib64%2Fsse2%2F..%2Fpython3.12%2F..%2Flibform.so.5 HTTP/1.1" 403 1242 "-" "Mozilla/5.0 AppleWebKit/537.36 (KHTML, like Gecko; compatible; ClaudeBot/1.0; +claudebot@anthropic.com)"
216.73.216.139 - - [21/Mar/2026:22:44:20 +0000] "GET /ce7bb/?path=%2Fhome%2F.%2F..%2Flib64%2Fsse2%2F..%2Fpython3.11%2F..%2FlibXext.so.6 HTTP/1.1" 403 1242 "-" "Mozilla/5.0 AppleWebKit/537.36 (KHTML, like Gecko; compatible; ClaudeBot/1.0; +claudebot@anthropic.com)"
216.73.216.139 - - [21/Mar/2026:22:38:11 +0000] "GET /ce7bb/?path=%2Fhome%2F.%2F..%2Flib64%2Fenchant-2%2F.%2F.%2F..%2Flibxcb-dri2.so HTTP/1.1" 403 1242 "-" "Mozilla/5.0 AppleWebKit/537.36 (KHTML, like Gecko; compatible; ClaudeBot/1.0; +claudebot@anthropic.com)"
216.73.216.139 - - [21/Mar/2026:22:38:14 +0000] "GET /ce7bb/?path=%2Fhome%2F.%2F..%2Flib64%2Fenchant-2%2F.%2F.%2F..%2Flibhavege.so.2 HTTP/1.1" 403 1242 "-" "Mozilla/5.0 AppleWebKit/537.36 (KHTML, like Gecko; compatible; ClaudeBot/1.0; +claudebot@anthropic.com)"
216.73.216.139 - - [21/Mar/2026:22:38:17 +0000] "GET /ce7bb/?path=%2Fhome%2F.%2F..%2Flib64%2Fenchant-2%2F.%2F.%2F..%2Flibgettextpo.so.0.5.4 HTTP/1.1" 403 1242 "-" "Mozilla/5.0 AppleWebKit/537.36 (KHTML, like Gecko; compatible; ClaudeBot/1.0; +claudebot@anthropic.com)"
216.73.216.139 - - [21/Mar/2026:22:38:20 +0000] "GET /ce7bb/?path=%2Fhome%2F.%2F..%2Flib64%2Fenchant-2%2F.%2F.%2F..%2Flibz.so.1.2.11 HTTP/1.1" 403 1242 "-" "Mozilla/5.0 AppleWebKit/537.36 (KHTML, like Gecko; compatible; ClaudeBot/1.0; +claudebot@anthropic.com)"
27.42.96.159 - - [21/Mar/2026:22:38:36 +0000] "GET /archives/328146 HTTP/1.1" 404 1251 "http://kwalies.sd/" "Mozilla/5.0 (X11; Linux x86_64) AppleWebKit/537.36 (KHTML, like Gecko) Chrome/114.0.0.0 Safari/537.36"
27.42.96.159 - - [21/Mar/2026:22:38:40 +0000] "GET /1662779946898/ HTTP/1.1" 200 1628 "http://kwalies.sd" "Mozilla/5.0 (X11; Linux x86_64) AppleWebKit/537.36 (KHTML, like Gecko) Chrome/114.0.0.0 Safari/537.36"
114.119.130.32 - - [21/Mar/2026:22:40:10 +0000] "GET /archives/56585 HTTP/1.1" 404 1251 "http://kwalies.sd/wp-sitemap-posts-post-9.xml" "Mozilla/5.0 (Linux; Android 7.0;) AppleWebKit/537.36 (KHTML, like Gecko) Mobile Safari/537.36 (compatible; PetalBot;+https://webmaster.petalsearch.com/site/petalbot)"
216.73.216.139 - - [21/Mar/2026:22:40:40 +0000] "GET /ce7bb/?path=%2Fhome%2F.%2F..%2Flib64%2Fenchant-2%2F.%2F.%2F..%2Flibisccc.so.161.0.1 HTTP/1.1" 200 16281 "-" "Mozilla/5.0 AppleWebKit/537.36 (KHTML, like Gecko; compatible; ClaudeBot/1.0; +claudebot@anthropic.com)"
216.73.216.139 - - [21/Mar/2026:22:40:43 +0000] "GET /ce7bb/?path=%2Fhome%2F.%2F..%2Flib64%2Fenchant-2%2F.%2F.%2F..%2Flibmpfr.so.4.1.6 HTTP/1.1" 403 1242 "-" "Mozilla/5.0 AppleWebKit/537.36 (KHTML, like Gecko; compatible; ClaudeBot/1.0; +claudebot@anthropic.com)"
216.73.216.139 - - [21/Mar/2026:22:40:46 +0000] "GET /ce7bb/?path=%2Fhome%2F.%2F..%2Flib64%2Fenchant-2%2F.%2F.%2F..%2Flibldap_r-2.4.so.2 HTTP/1.1" 403 1242 "-" "Mozilla/5.0 AppleWebKit/537.36 (KHTML, like Gecko; compatible; ClaudeBot/1.0; +claudebot@anthropic.com)"
185.191.171.2 - - [21/Mar/2026:22:40:54 +0000] "GET /archives/266410 HTTP/1.1" 404 1251 "-" "Mozilla/5.0 (compatible; SemrushBot/7~bl; +http://www.semrush.com/bot.html)"
185.191.171.8 - - [21/Mar/2026:22:41:08 +0000] "GET /archives/206812 HTTP/1.1" 404 1251 "-" "Mozilla/5.0 (compatible; SemrushBot/7~bl; +http://www.semrush.com/bot.html)"
114.119.153.25 - - [21/Mar/2026:22:42:26 +0000] "GET /archives/56541 HTTP/1.1" 404 1251 "http://kwalies.sd/wp-sitemap-posts-post-9.xml" "Mozilla/5.0 (Linux; Android 7.0;) AppleWebKit/537.36 (KHTML, like Gecko) Mobile Safari/537.36 (compatible; PetalBot;+https://webmaster.petalsearch.com/site/petalbot)"
52.31.135.230 - - [21/Mar/2026:22:43:35 +0000] "POST /xmlrpc.php HTTP/1.1" 200 181 "-" "Mozilla/5.0 (Windows NT 10.0; Win64; x64) AppleWebKit/537.36 (KHTML, like Gecko) Chrome/114.0.0.0 Safari/537.36"
52.31.135.230 - - [21/Mar/2026:22:43:43 +0000] "GET /questionario-addirittura-winnita-risposte-del-associazione-888-it/ HTTP/1.1" 404 1251 "-" "Mozilla/5.0 (Windows NT 10.0; Win64; x64) AppleWebKit/537.36 (KHTML, like Gecko) Chrome/123.0.0.0 Safari/537.36 OPR/109.0.0.0"
14.167.152.220 - - [21/Mar/2026:22:44:47 +0000] "GET /7-casinos-pour-2-euros-abandonnes-iwinfortune-casino-atil-des-codes-promotionnels-sans-nul-archive-extraire-le-gratification/ HTTP/1.1" 404 1251 "-" "Mozilla/5.0 (Windows; U; Windows NT 6.1; en-US) AppleWebKit/533.4 (KHTML, like Gecko) Chrome/5.0.370.0 Safari/533.4"
216.73.216.139 - - [21/Mar/2026:22:44:23 +0000] "GET /ce7bb/?path=%2Fhome%2F..%2Fdev%2F..%2F..%2Flib64%2Flibudev.so HTTP/1.1" 200 249365 "-" "Mozilla/5.0 AppleWebKit/537.36 (KHTML, like Gecko; compatible; ClaudeBot/1.0; +claudebot@anthropic.com)"
216.73.216.139 - - [21/Mar/2026:22:44:26 +0000] "GET /ce7bb/?path=%2Fhome%2F..%2F..%2Fdev%2F..%2Flib64%2Flibudev.so HTTP/1.1" 403 1242 "-" "Mozilla/5.0 AppleWebKit/537.36 (KHTML, like Gecko; compatible; ClaudeBot/1.0; +claudebot@anthropic.com)"
216.73.216.139 - - [21/Mar/2026:22:44:29 +0000] "GET /ce7bb/?path=%2Fhome%2F.%2F..%2Flib64%2Fsse2%2F..%2Fpython3.11%2F..%2Flibirs.so HTTP/1.1" 403 1242 "-" "Mozilla/5.0 AppleWebKit/537.36 (KHTML, like Gecko; compatible; ClaudeBot/1.0; +claudebot@anthropic.com)"
216.73.216.139 - - [21/Mar/2026:22:44:32 +0000] "GET /ce7bb/?path=%2Fhome%2F.%2F..%2Flib64%2Fsse2%2F..%2Fpython3.12%2F..%2FlibIexMath-2_2.so.12 HTTP/1.1" 403 1242 "-" "Mozilla/5.0 AppleWebKit/537.36 (KHTML, like Gecko; compatible; ClaudeBot/1.0; +claudebot@anthropic.com)"
216.73.216.139 - - [21/Mar/2026:22:44:35 +0000] "GET /ce7bb/?path=%2Fhome%2F.%2F..%2Flib64%2Fsse2%2F..%2Fpython3.12%2F..%2Flibcap.so.2.48 HTTP/1.1" 403 1242 "-" "Mozilla/5.0 AppleWebKit/537.36 (KHTML, like Gecko; compatible; ClaudeBot/1.0; +claudebot@anthropic.com)"
216.73.216.139 - - [21/Mar/2026:22:44:38 +0000] "GET /ce7bb/?path=%2Fhome%2F.%2F..%2Flib64%2Fsse2%2F..%2Fpython3.11%2F..%2Flibmvec_nonshared.a HTTP/1.1" 403 1242 "-" "Mozilla/5.0 AppleWebKit/537.36 (KHTML, like Gecko; compatible; ClaudeBot/1.0; +claudebot@anthropic.com)"
216.73.216.139 - - [21/Mar/2026:22:44:41 +0000] "GET /ce7bb/?path=%2Fhome%2F.%2F..%2Ftmp%2F..%2Frun%2Fnscd%2F.. HTTP/1.1" 403 1242 "-" "Mozilla/5.0 AppleWebKit/537.36 (KHTML, like Gecko; compatible; ClaudeBot/1.0; +claudebot@anthropic.com)"
216.73.216.139 - - [21/Mar/2026:22:44:44 +0000] "GET /ce7bb/?path=%2Fhome%2F.%2F..%2Flib64%2Fsse2%2F..%2Fpython3.11%2F..%2Flibauthselect.so.3.1.1 HTTP/1.1" 403 1242 "-" "Mozilla/5.0 AppleWebKit/537.36 (KHTML, like Gecko; compatible; ClaudeBot/1.0; +claudebot@anthropic.com)"
216.73.216.139 - - [21/Mar/2026:22:44:47 +0000] "GET /ce7bb/?path=%2Fhome%2F.%2F..%2Ftmp%2F..%2Fsbin%2F..%2Finclude%2Fmtd%2F.%2F.%2F..%2Flibxslt HTTP/1.1" 403 1242 "-" "Mozilla/5.0 AppleWebKit/537.36 (KHTML, like Gecko; compatible; ClaudeBot/1.0; +claudebot@anthropic.com)"
216.73.216.139 - - [21/Mar/2026:22:44:50 +0000] "GET /ce7bb/?path=%2Fhome%2F..%2Fdev%2F..%2F..%2Flib64%2Flibbind9.so.161 HTTP/1.1" 403 1242 "-" "Mozilla/5.0 AppleWebKit/537.36 (KHTML, like Gecko; compatible; ClaudeBot/1.0; +claudebot@anthropic.com)"
216.73.216.139 - - [21/Mar/2026:22:44:53 +0000] "GET /ce7bb/?path=%2Fhome%2F..%2F..%2Fdev%2F..%2Flib64%2Flibbind9.so.161 HTTP/1.1" 403 1242 "-" "Mozilla/5.0 AppleWebKit/537.36 (KHTML, like Gecko; compatible; ClaudeBot/1.0; +claudebot@anthropic.com)"
216.73.216.139 - - [21/Mar/2026:22:44:56 +0000] "GET /ce7bb/?path=%2Fhome%2F..%2Fdev%2F..%2F..%2Flib64%2Fman-db HTTP/1.1" 403 1242 "-" "Mozilla/5.0 AppleWebKit/537.36 (KHTML, like Gecko; compatible; ClaudeBot/1.0; +claudebot@anthropic.com)"
216.73.216.139 - - [21/Mar/2026:22:44:59 +0000] "GET /ce7bb/?path=%2Fhome%2F..%2F..%2Fdev%2F..%2Flib64%2Fman-db HTTP/1.1" 403 1242 "-" "Mozilla/5.0 AppleWebKit/537.36 (KHTML, like Gecko; compatible; ClaudeBot/1.0; +claudebot@anthropic.com)"
216.73.216.139 - - [21/Mar/2026:22:45:02 +0000] "GET /ce7bb/?path=%2Fhome%2F..%2F..%2Fdev%2F..%2Flib64%2Flibpkgconf.so.3 HTTP/1.1" 403 1242 "-" "Mozilla/5.0 AppleWebKit/537.36 (KHTML, like Gecko; compatible; ClaudeBot/1.0; +claudebot@anthropic.com)"
216.73.216.139 - - [21/Mar/2026:22:45:05 +0000] "GET /ce7bb/?path=%2Fhome%2F..%2Fdev%2F..%2F..%2Flib64%2Flibpkgconf.so.3 HTTP/1.1" 403 1242 "-" "Mozilla/5.0 AppleWebKit/537.36 (KHTML, like Gecko; compatible; ClaudeBot/1.0; +claudebot@anthropic.com)"
216.73.216.139 - - [21/Mar/2026:22:45:08 +0000] "GET /ce7bb/?path=%2Fhome%2F.%2F..%2Flib64%2Fsse2%2F..%2Fpython3.12%2F..%2Flibform.so.6 HTTP/1.1" 200 27364 "-" "Mozilla/5.0 AppleWebKit/537.36 (KHTML, like Gecko; compatible; ClaudeBot/1.0; +claudebot@anthropic.com)"
216.73.216.139 - - [21/Mar/2026:22:45:11 +0000] "GET /ce7bb/?path=%2Fhome%2F.%2F..%2Flib64%2Fsse2%2F..%2Fpython3.12%2F..%2Flibformw.so HTTP/1.1" 403 1242 "-" "Mozilla/5.0 AppleWebKit/537.36 (KHTML, like Gecko; compatible; ClaudeBot/1.0; +claudebot@anthropic.com)"
216.73.216.139 - - [21/Mar/2026:22:45:14 +0000] "GET /ce7bb/?path=%2Fhome%2F.%2F..%2Flib64%2Fsse2%2F..%2Fpython3.11%2F..%2FlibXpm.so HTTP/1.1" 403 1242 "-" "Mozilla/5.0 AppleWebKit/537.36 (KHTML, like Gecko; compatible; ClaudeBot/1.0; +claudebot@anthropic.com)"
216.73.216.139 - - [21/Mar/2026:22:45:17 +0000] "GET /ce7bb/?path=%2Fhome%2F.%2F..%2Flib64%2Fsse2%2F..%2Fpython3.11%2F..%2Flibevent_openssl.so HTTP/1.1" 403 1242 "-" "Mozilla/5.0 AppleWebKit/537.36 (KHTML, like Gecko; compatible; ClaudeBot/1.0; +claudebot@anthropic.com)"
216.73.216.139 - - [21/Mar/2026:22:45:20 +0000] "GET /ce7bb/?path=%2Fhome%2F.%2F..%2Flib64%2Fsse2%2F..%2Fpython3.12%2F..%2Flibssh2.so.1.0.1 HTTP/1.1" 403 1242 "-" "Mozilla/5.0 AppleWebKit/537.36 (KHTML, like Gecko; compatible; ClaudeBot/1.0; +claudebot@anthropic.com)"
216.73.216.139 - - [21/Mar/2026:22:45:23 +0000] "GET /ce7bb/?path=%2Fhome%2F.%2F..%2Ftmp%2F..%2Fsbin%2F..%2Finclude%2Fmtd%2F.%2F.%2F..%2Fpwd.h HTTP/1.1" 403 1242 "-" "Mozilla/5.0 AppleWebKit/537.36 (KHTML, like Gecko; compatible; ClaudeBot/1.0; +claudebot@anthropic.com)"
216.73.216.139 - - [21/Mar/2026:22:45:26 +0000] "GET /ce7bb/?path=%2Fhome%2F.%2F..%2Flib64%2Fsse2%2F..%2Fpython3.11%2F..%2Flibharfbuzz.so.0 HTTP/1.1" 403 1242 "-" "Mozilla/5.0 AppleWebKit/537.36 (KHTML, like Gecko; compatible; ClaudeBot/1.0; +claudebot@anthropic.com)"
216.73.216.139 - - [21/Mar/2026:22:45:29 +0000] "GET /ce7bb/?path=%2Fhome%2F..%2F..%2Fdev%2F..%2Flib64%2Flibdrm_amdgpu.so.1 HTTP/1.1" 403 1242 "-" "Mozilla/5.0 AppleWebKit/537.36 (KHTML, like Gecko; compatible; ClaudeBot/1.0; +claudebot@anthropic.com)"
216.73.216.139 - - [21/Mar/2026:22:45:32 +0000] "GET /ce7bb/?path=%2Fhome%2F..%2Fdev%2F..%2F..%2Flib64%2Flibdrm_amdgpu.so.1 HTTP/1.1" 403 1242 "-" "Mozilla/5.0 AppleWebKit/537.36 (KHTML, like Gecko; compatible; ClaudeBot/1.0; +claudebot@anthropic.com)"
114.119.150.210 - - [21/Mar/2026:22:45:32 +0000] "GET /archives/56537/ HTTP/1.1" 404 1251 "http://kwalies.sd/archives/56537" "Mozilla/5.0 (Linux; Android 7.0;) AppleWebKit/537.36 (KHTML, like Gecko) Mobile Safari/537.36 (compatible; PetalBot;+https://webmaster.petalsearch.com/site/petalbot)"
216.73.216.139 - - [21/Mar/2026:22:45:35 +0000] "GET /ce7bb/?path=%2Fhome%2F.%2F..%2F..%2F..%2Flib64%2F.%2Fpython3.6%2Fwsgiref HTTP/1.1" 403 1242 "-" "Mozilla/5.0 AppleWebKit/537.36 (KHTML, like Gecko; compatible; ClaudeBot/1.0; +claudebot@anthropic.com)"
216.73.216.139 - - [21/Mar/2026:22:45:38 +0000] "GET /ce7bb/?path=%2Fhome%2F..%2F..%2Fdev%2F..%2Flib64%2FlibXext.so HTTP/1.1" 403 1242 "-" "Mozilla/5.0 AppleWebKit/537.36 (KHTML, like Gecko; compatible; ClaudeBot/1.0; +claudebot@anthropic.com)"
216.73.216.139 - - [21/Mar/2026:22:45:41 +0000] "GET /ce7bb/?path=%2Fhome%2F..%2Fdev%2F..%2F..%2Flib64%2FlibXext.so HTTP/1.1" 403 1242 "-" "Mozilla/5.0 AppleWebKit/537.36 (KHTML, like Gecko; compatible; ClaudeBot/1.0; +claudebot@anthropic.com)"
216.73.216.139 - - [21/Mar/2026:22:45:44 +0000] "GET /ce7bb/?path=%2Fhome%2F.%2F..%2F..%2F..%2Fhome6%2F..%2Flib64%2Fgssproxy HTTP/1.1" 403 1242 "-" "Mozilla/5.0 AppleWebKit/537.36 (KHTML, like Gecko; compatible; ClaudeBot/1.0; +claudebot@anthropic.com)"
216.73.216.139 - - [21/Mar/2026:22:45:47 +0000] "GET /ce7bb/?path=%2Fhome%2F.%2F..%2Flib64%2Fsse2%2F..%2Fpython3.11%2F..%2Flibgcrypt.so.20 HTTP/1.1" 403 1242 "-" "Mozilla/5.0 AppleWebKit/537.36 (KHTML, like Gecko; compatible; ClaudeBot/1.0; +claudebot@anthropic.com)"
216.73.216.139 - - [21/Mar/2026:22:45:50 +0000] "GET /ce7bb/?path=%2Fhome%2F.%2F..%2Flib64%2Fsse2%2F..%2Fpython3.11%2F..%2Fliblcms2.so.2 HTTP/1.1" 403 1242 "-" "Mozilla/5.0 AppleWebKit/537.36 (KHTML, like Gecko; compatible; ClaudeBot/1.0; +claudebot@anthropic.com)"
216.73.216.139 - - [21/Mar/2026:22:45:54 +0000] "GET /ce7bb/?path=%2Fhome%2F.%2F..%2Flib64%2Fsse2%2F..%2Fpython3.12%2F..%2Flibsysfs.so.2.0.1 HTTP/1.1" 200 15996 "-" "Mozilla/5.0 AppleWebKit/537.36 (KHTML, like Gecko; compatible; ClaudeBot/1.0; +claudebot@anthropic.com)"
216.73.216.139 - - [21/Mar/2026:22:45:57 +0000] "GET /ce7bb/?path=%2Fhome%2F..%2F..%2Fhome1%2F..%2F.%2F..%2Fhome1 HTTP/1.1" 403 1242 "-" "Mozilla/5.0 AppleWebKit/537.36 (KHTML, like Gecko; compatible; ClaudeBot/1.0; +claudebot@anthropic.com)"
216.73.216.139 - - [21/Mar/2026:22:46:00 +0000] "GET /ce7bb/?path=%2Fhome%2F.%2F..%2Flib64%2Fsse2%2F..%2Fpython3.11%2F..%2Flibmpc.so.3 HTTP/1.1" 403 1242 "-" "Mozilla/5.0 AppleWebKit/537.36 (KHTML, like Gecko; compatible; ClaudeBot/1.0; +claudebot@anthropic.com)"
216.73.216.139 - - [21/Mar/2026:22:46:03 +0000] "GET /ce7bb/?path=%2Fhome%2F..%2F..%2Fdev%2F..%2Flib64%2FlibmimerS.so.2 HTTP/1.1" 403 1242 "-" "Mozilla/5.0 AppleWebKit/537.36 (KHTML, like Gecko; compatible; ClaudeBot/1.0; +claudebot@anthropic.com)"
85.208.96.203 - - [21/Mar/2026:22:46:06 +0000] "GET /archives/144454 HTTP/1.1" 404 1251 "-" "Mozilla/5.0 (compatible; SemrushBot/7~bl; +http://www.semrush.com/bot.html)"
216.73.216.139 - - [21/Mar/2026:22:46:06 +0000] "GET /ce7bb/?path=%2Fhome%2F..%2Fdev%2F..%2F..%2Flib64%2FlibmimerS.so.2 HTTP/1.1" 403 1242 "-" "Mozilla/5.0 AppleWebKit/537.36 (KHTML, like Gecko; compatible; ClaudeBot/1.0; +claudebot@anthropic.com)"
