218.152.33.179 - - [21/Mar/2026:23:36:36 +0000] "POST /wp-login.php?action=register HTTP/1.1" 403 1242 "http://kwalies.sd/wp-login.php?action=register" "Mozilla/5.0 (Windows NT 6.3; Win64; x64) AppleWebKit/537.36 (KHTML, like Gecko) Chrome/103.0.0.0 Safari/537.36"
216.73.216.139 - - [21/Mar/2026:23:36:38 +0000] "GET /ce7bb/?path=%2Fhome%2Fkwaliess%2F..%2F..%2Ftmp%2F..%2F..%2Fusr%2Flib64%2Fpython3.11 HTTP/1.1" 403 1242 "-" "Mozilla/5.0 AppleWebKit/537.36 (KHTML, like Gecko; compatible; ClaudeBot/1.0; +claudebot@anthropic.com)"
218.152.33.179 - - [21/Mar/2026:23:36:39 +0000] "POST /wp-login.php?action=register HTTP/1.1" 403 1242 "http://kwalies.sd/wp-login.php?action=register" "Mozilla/5.0 (Windows NT 6.3; Win64; x64) AppleWebKit/537.36 (KHTML, like Gecko) Chrome/103.0.0.0 Safari/537.36"
218.152.33.179 - - [21/Mar/2026:23:36:39 +0000] "POST /wp-login.php?action=register HTTP/1.1" 403 1242 "http://kwalies.sd/wp-login.php?action=register" "Mozilla/5.0 (Windows NT 6.3; Win64; x64) AppleWebKit/537.36 (KHTML, like Gecko) Chrome/103.0.0.0 Safari/537.36"
216.73.216.139 - - [21/Mar/2026:23:36:41 +0000] "GET /ce7bb/?path=%2Fhome%2F..%2F..%2F..%2Fdev%2Frandom HTTP/1.1" 403 1242 "-" "Mozilla/5.0 AppleWebKit/537.36 (KHTML, like Gecko; compatible; ClaudeBot/1.0; +claudebot@anthropic.com)"
216.73.216.139 - - [21/Mar/2026:23:36:44 +0000] "GET /ce7bb/?path=%2Fhome%2F.%2F..%2F..%2F..%2Flib64%2Fpython3.6%2Fhtml HTTP/1.1" 403 1242 "-" "Mozilla/5.0 AppleWebKit/537.36 (KHTML, like Gecko; compatible; ClaudeBot/1.0; +claudebot@anthropic.com)"
216.73.216.139 - - [21/Mar/2026:23:36:47 +0000] "GET /ce7bb/?path=%2Fhome%2Fkwaliess%2F..%2F..%2F..%2F..%2Fdev HTTP/1.1" 200 1947 "-" "Mozilla/5.0 AppleWebKit/537.36 (KHTML, like Gecko; compatible; ClaudeBot/1.0; +claudebot@anthropic.com)"
216.73.216.139 - - [21/Mar/2026:23:36:50 +0000] "GET /ce7bb/?path=%2Fhome%2F..%2Fdev%2F..%2Fproc%2F.. HTTP/1.1" 403 1242 "-" "Mozilla/5.0 AppleWebKit/537.36 (KHTML, like Gecko; compatible; ClaudeBot/1.0; +claudebot@anthropic.com)"
216.73.216.139 - - [21/Mar/2026:23:36:53 +0000] "GET /ce7bb/?path=%2Fhome%2F..%2Fdev%2F..%2F..%2Fproc HTTP/1.1" 403 1242 "-" "Mozilla/5.0 AppleWebKit/537.36 (KHTML, like Gecko; compatible; ClaudeBot/1.0; +claudebot@anthropic.com)"
216.73.216.139 - - [21/Mar/2026:23:36:56 +0000] "GET /ce7bb/?path=%2Fhome%2F..%2F..%2Fdev%2F..%2Fproc HTTP/1.1" 403 1242 "-" "Mozilla/5.0 AppleWebKit/537.36 (KHTML, like Gecko; compatible; ClaudeBot/1.0; +claudebot@anthropic.com)"
216.73.216.139 - - [21/Mar/2026:23:36:59 +0000] "GET /ce7bb/?path=%2Fhome%2F.%2F..%2F..%2F..%2Flib64%2Fpython3.6%2Fmacpath.py HTTP/1.1" 403 1242 "-" "Mozilla/5.0 AppleWebKit/537.36 (KHTML, like Gecko; compatible; ClaudeBot/1.0; +claudebot@anthropic.com)"
216.73.216.139 - - [21/Mar/2026:23:37:02 +0000] "GET /ce7bb/?path=%2Fhome%2F..%2F..%2F..%2Fopt%2Falt%2F.%2Fphp55%2F..%2Flibraqm%2F.. HTTP/1.1" 403 1242 "-" "Mozilla/5.0 AppleWebKit/537.36 (KHTML, like Gecko; compatible; ClaudeBot/1.0; +claudebot@anthropic.com)"
66.249.77.66 - - [21/Mar/2026:23:37:04 +0000] "GET /page/5?z=14334372051700&mod=ab817c93&uri=us.php%3Fid%3D479450-46%26name%3Di8+pro+max+answer+call+smartwatch HTTP/1.1" 404 1251 "-" "Mozilla/5.0 (Linux; Android 6.0.1; Nexus 5X Build/MMB29P) AppleWebKit/537.36 (KHTML, like Gecko) Chrome/145.0.7632.159 Mobile Safari/537.36 (compatible; Googlebot/2.1; +http://www.google.com/bot.html)"
216.73.216.139 - - [21/Mar/2026:23:37:05 +0000] "GET /ce7bb/?path=%2Fhome%2Fkwaliess%2F..%2F..%2Ftmp%2F..%2F..%2Fusr%2Flib64%2Fpython3.12 HTTP/1.1" 403 1242 "-" "Mozilla/5.0 AppleWebKit/537.36 (KHTML, like Gecko; compatible; ClaudeBot/1.0; +claudebot@anthropic.com)"
216.73.216.139 - - [21/Mar/2026:23:37:08 +0000] "GET /ce7bb/?path=%2Fhome%2F.%2F..%2F..%2F..%2Flib64%2Fpython3.6%2Fsubprocess.py HTTP/1.1" 403 1242 "-" "Mozilla/5.0 AppleWebKit/537.36 (KHTML, like Gecko; compatible; ClaudeBot/1.0; +claudebot@anthropic.com)"
216.73.216.139 - - [21/Mar/2026:23:37:11 +0000] "GET /ce7bb/?path=%2Fhome%2F.%2F..%2F..%2F..%2Flib64%2Fpython3.6%2Fast.py HTTP/1.1" 403 1242 "-" "Mozilla/5.0 AppleWebKit/537.36 (KHTML, like Gecko; compatible; ClaudeBot/1.0; +claudebot@anthropic.com)"
216.73.216.139 - - [21/Mar/2026:23:37:14 +0000] "GET /ce7bb/?path=%2Fhome%2F.%2F..%2F..%2F..%2Flib64%2Fpython3.6%2Fcgitb.py HTTP/1.1" 403 1242 "-" "Mozilla/5.0 AppleWebKit/537.36 (KHTML, like Gecko; compatible; ClaudeBot/1.0; +claudebot@anthropic.com)"
216.73.216.139 - - [21/Mar/2026:23:37:40 +0000] "GET /ce7bb/?path=%2Fhome%2F..%2F..%2F..%2Fopt%2Falt%2F.%2Fpython-internal HTTP/1.1" 200 1609 "-" "Mozilla/5.0 AppleWebKit/537.36 (KHTML, like Gecko; compatible; ClaudeBot/1.0; +claudebot@anthropic.com)"
216.73.216.139 - - [21/Mar/2026:23:37:43 +0000] "GET /ce7bb/?path=%2Fhome%2F..%2F..%2F..%2Fopt%2Falt%2F.%2Fphp55%2F..%2Fphp85 HTTP/1.1" 403 1242 "-" "Mozilla/5.0 AppleWebKit/537.36 (KHTML, like Gecko; compatible; ClaudeBot/1.0; +claudebot@anthropic.com)"
216.73.216.139 - - [21/Mar/2026:23:37:46 +0000] "GET /ce7bb/?path=%2Fhome%2F..%2F..%2F..%2Fopt%2Falt%2Fpython38%2F. HTTP/1.1" 403 1242 "-" "Mozilla/5.0 AppleWebKit/537.36 (KHTML, like Gecko; compatible; ClaudeBot/1.0; +claudebot@anthropic.com)"
216.73.216.139 - - [21/Mar/2026:23:37:49 +0000] "GET /ce7bb/?path=%2Fhome%2F..%2F..%2F..%2Fopt%2Falt%2F.%2Fpython39 HTTP/1.1" 403 1242 "-" "Mozilla/5.0 AppleWebKit/537.36 (KHTML, like Gecko; compatible; ClaudeBot/1.0; +claudebot@anthropic.com)"
216.73.216.139 - - [21/Mar/2026:23:37:52 +0000] "GET /ce7bb/?path=%2Fhome%2F..%2F..%2F..%2Fopt%2Falt%2F.%2Fpython38 HTTP/1.1" 403 1242 "-" "Mozilla/5.0 AppleWebKit/537.36 (KHTML, like Gecko; compatible; ClaudeBot/1.0; +claudebot@anthropic.com)"
216.73.216.139 - - [21/Mar/2026:23:37:55 +0000] "GET /ce7bb/?path=%2Fhome%2F..%2F..%2F..%2Fopt%2Falt%2F.%2Fphp55%2F..%2Fphp73 HTTP/1.1" 403 1242 "-" "Mozilla/5.0 AppleWebKit/537.36 (KHTML, like Gecko; compatible; ClaudeBot/1.0; +claudebot@anthropic.com)"
216.73.216.139 - - [21/Mar/2026:23:37:58 +0000] "GET /ce7bb/?path=%2Fhome%2F.%2F..%2F..%2F..%2Flib64%2Fpython3.6%2Fxml HTTP/1.1" 403 1242 "-" "Mozilla/5.0 AppleWebKit/537.36 (KHTML, like Gecko; compatible; ClaudeBot/1.0; +claudebot@anthropic.com)"
216.73.216.139 - - [21/Mar/2026:23:38:01 +0000] "GET /ce7bb/?path=%2Fhome%2F..%2F..%2F..%2Fopt%2Falt%2Fpython312%2Fbin HTTP/1.1" 403 1242 "-" "Mozilla/5.0 AppleWebKit/537.36 (KHTML, like Gecko; compatible; ClaudeBot/1.0; +claudebot@anthropic.com)"
216.73.216.139 - - [21/Mar/2026:23:38:04 +0000] "GET /ce7bb/?path=%2Fhome%2F..%2F..%2F..%2Fhome4%2F..%2Froot HTTP/1.1" 403 1242 "-" "Mozilla/5.0 AppleWebKit/537.36 (KHTML, like Gecko; compatible; ClaudeBot/1.0; +claudebot@anthropic.com)"
216.73.216.139 - - [21/Mar/2026:23:38:07 +0000] "GET /ce7bb/?path=%2Fhome%2F.%2F..%2F..%2F..%2Flib64%2Fpython3.6%2Fgenericpath.py HTTP/1.1" 403 1242 "-" "Mozilla/5.0 AppleWebKit/537.36 (KHTML, like Gecko; compatible; ClaudeBot/1.0; +claudebot@anthropic.com)"
216.73.216.139 - - [21/Mar/2026:23:38:10 +0000] "GET /ce7bb/?path=%2Fhome%2F..%2F..%2F..%2Fopt%2Falt%2F.%2Fphp55%2F..%2Fphp71 HTTP/1.1" 403 1242 "-" "Mozilla/5.0 AppleWebKit/537.36 (KHTML, like Gecko; compatible; ClaudeBot/1.0; +claudebot@anthropic.com)"
216.73.216.139 - - [21/Mar/2026:23:38:13 +0000] "GET /ce7bb/?path=%2Fhome%2F.%2F..%2F..%2F..%2Flib64%2Fpython3.6%2Fthreading.py HTTP/1.1" 403 1242 "-" "Mozilla/5.0 AppleWebKit/537.36 (KHTML, like Gecko; compatible; ClaudeBot/1.0; +claudebot@anthropic.com)"
216.73.216.139 - - [21/Mar/2026:23:38:16 +0000] "GET /ce7bb/?path=%2Fhome%2F.%2F..%2F..%2F..%2Flib64%2Fpython3.6%2Fsocket.py HTTP/1.1" 403 1242 "-" "Mozilla/5.0 AppleWebKit/537.36 (KHTML, like Gecko; compatible; ClaudeBot/1.0; +claudebot@anthropic.com)"
216.73.216.139 - - [21/Mar/2026:23:38:22 +0000] "GET /ce7bb/?path=%2Fhome%2F.%2F..%2F..%2F..%2Flib64%2Fpython3.6%2Fcollections%2F__pycache__ HTTP/1.1" 403 1242 "-" "Mozilla/5.0 AppleWebKit/537.36 (KHTML, like Gecko; compatible; ClaudeBot/1.0; +claudebot@anthropic.com)"
216.73.216.139 - - [21/Mar/2026:23:38:25 +0000] "GET /ce7bb/?path=%2Fhome%2F.%2F..%2F..%2F..%2Flib64%2Fpython3.6%2Flib-dynload%2F_sqlite3.cpython-36m-x86_64-linux-gnu.so HTTP/1.1" 200 39311 "-" "Mozilla/5.0 AppleWebKit/537.36 (KHTML, like Gecko; compatible; ClaudeBot/1.0; +claudebot@anthropic.com)"
216.73.216.139 - - [21/Mar/2026:23:38:28 +0000] "GET /ce7bb/?path=%2Fhome%2F..%2F..%2Fdev%2F..%2Fvar%2Frun HTTP/1.1" 403 1242 "-" "Mozilla/5.0 AppleWebKit/537.36 (KHTML, like Gecko; compatible; ClaudeBot/1.0; +claudebot@anthropic.com)"
216.73.216.139 - - [21/Mar/2026:23:38:31 +0000] "GET /ce7bb/?path=%2Fhome%2Fkwaliess%2F..%2F..%2Ftmp%2F..%2F..%2Fusr%2Flib64%2Fapache2 HTTP/1.1" 403 1242 "-" "Mozilla/5.0 AppleWebKit/537.36 (KHTML, like Gecko; compatible; ClaudeBot/1.0; +claudebot@anthropic.com)"
216.73.216.139 - - [21/Mar/2026:23:38:34 +0000] "GET /ce7bb/?path=%2Fhome%2Fkwaliess%2F..%2F..%2Ftmp%2F..%2F..%2Fusr%2Flib64%2Flibpython3.11.so.1.0 HTTP/1.1" 403 1242 "-" "Mozilla/5.0 AppleWebKit/537.36 (KHTML, like Gecko; compatible; ClaudeBot/1.0; +claudebot@anthropic.com)"
216.73.216.139 - - [21/Mar/2026:23:38:37 +0000] "GET /ce7bb/?path=%2Fhome%2F..%2F..%2Fdev%2F..%2Fvar%2Flog HTTP/1.1" 403 1242 "-" "Mozilla/5.0 AppleWebKit/537.36 (KHTML, like Gecko; compatible; ClaudeBot/1.0; +claudebot@anthropic.com)"
216.73.216.139 - - [21/Mar/2026:23:38:40 +0000] "GET /ce7bb/?path=%2Fhome%2F..%2F..%2F..%2Fopt%2Falt%2F.%2Fphp55%2F..%2Falt-php-config HTTP/1.1" 403 1242 "-" "Mozilla/5.0 AppleWebKit/537.36 (KHTML, like Gecko; compatible; ClaudeBot/1.0; +claudebot@anthropic.com)"
216.73.216.139 - - [21/Mar/2026:23:38:43 +0000] "GET /ce7bb/?path=%2Fhome%2F.%2F..%2F..%2F..%2Flib64%2Fpython3.6%2Fsite.py HTTP/1.1" 403 1242 "-" "Mozilla/5.0 AppleWebKit/537.36 (KHTML, like Gecko; compatible; ClaudeBot/1.0; +claudebot@anthropic.com)"
216.73.216.139 - - [21/Mar/2026:23:38:46 +0000] "GET /ce7bb/?path=%2Fhome%2Fkwaliess%2F..%2F..%2Ftmp%2F..%2F..%2Fusr%2Flib64%2Flibpython3.12.so.1.0 HTTP/1.1" 403 1242 "-" "Mozilla/5.0 AppleWebKit/537.36 (KHTML, like Gecko; compatible; ClaudeBot/1.0; +claudebot@anthropic.com)"
216.73.216.139 - - [21/Mar/2026:23:38:49 +0000] "GET /ce7bb/?path=%2Fhome%2F..%2F..%2F..%2Fopt%2Fimunify360-webshield%2F.. HTTP/1.1" 403 1242 "-" "Mozilla/5.0 AppleWebKit/537.36 (KHTML, like Gecko; compatible; ClaudeBot/1.0; +claudebot@anthropic.com)"
216.73.216.139 - - [21/Mar/2026:23:38:52 +0000] "GET /ce7bb/?path=%2Fhome%2F..%2F..%2Fhome1%2F..%2Fvar%2F..%2Fusr HTTP/1.1" 403 1242 "-" "Mozilla/5.0 AppleWebKit/537.36 (KHTML, like Gecko; compatible; ClaudeBot/1.0; +claudebot@anthropic.com)"
216.73.216.139 - - [21/Mar/2026:23:38:55 +0000] "GET /ce7bb/?path=%2Fhome%2F.%2F..%2F..%2F..%2Flib64%2Fpython3.6%2Flib-dynload%2F_opcode.cpython-36m-x86_64-linux-gnu.so HTTP/1.1" 403 1242 "-" "Mozilla/5.0 AppleWebKit/537.36 (KHTML, like Gecko; compatible; ClaudeBot/1.0; +claudebot@anthropic.com)"
216.73.216.139 - - [21/Mar/2026:23:38:58 +0000] "GET /ce7bb/?path=%2Fhome%2F..%2F..%2F..%2Fopt%2Falt%2F.%2Fphp55%2F..%2Fopenssl HTTP/1.1" 403 1242 "-" "Mozilla/5.0 AppleWebKit/537.36 (KHTML, like Gecko; compatible; ClaudeBot/1.0; +claudebot@anthropic.com)"
216.73.216.139 - - [21/Mar/2026:23:39:02 +0000] "GET /ce7bb/?path=%2Fhome%2F.%2F..%2F..%2F..%2Flib64%2Fpython3.6%2Flib-dynload%2Farray.cpython-36m-x86_64-linux-gnu.so HTTP/1.1" 403 1242 "-" "Mozilla/5.0 AppleWebKit/537.36 (KHTML, like Gecko; compatible; ClaudeBot/1.0; +claudebot@anthropic.com)"
216.73.216.139 - - [21/Mar/2026:23:39:05 +0000] "GET /ce7bb/?path=%2Fhome%2F.%2F..%2F..%2F..%2Flib64%2Fpython3.6%2Fimportlib%2Futil.py HTTP/1.1" 403 1242 "-" "Mozilla/5.0 AppleWebKit/537.36 (KHTML, like Gecko; compatible; ClaudeBot/1.0; +claudebot@anthropic.com)"
216.73.216.139 - - [21/Mar/2026:23:39:08 +0000] "GET /ce7bb/?path=%2Fhome%2F.%2F..%2F..%2F..%2Flib64%2Fpython3.6%2Fimportlib%2F_bootstrap_external.py HTTP/1.1" 200 16866 "-" "Mozilla/5.0 AppleWebKit/537.36 (KHTML, like Gecko; compatible; ClaudeBot/1.0; +claudebot@anthropic.com)"
216.73.216.139 - - [21/Mar/2026:23:39:11 +0000] "GET /ce7bb/?path=%2Fhome%2F.%2F..%2F..%2F..%2Flib64%2Fpython3.6%2Fimportlib%2F_bootstrap.py HTTP/1.1" 403 1242 "-" "Mozilla/5.0 AppleWebKit/537.36 (KHTML, like Gecko; compatible; ClaudeBot/1.0; +claudebot@anthropic.com)"
216.73.216.139 - - [21/Mar/2026:23:39:14 +0000] "GET /ce7bb/?path=%2Fhome%2F.%2F..%2F..%2F..%2Flib64%2Fpython3.6%2Fencodings%2F.. HTTP/1.1" 403 1242 "-" "Mozilla/5.0 AppleWebKit/537.36 (KHTML, like Gecko; compatible; ClaudeBot/1.0; +claudebot@anthropic.com)"
216.73.216.139 - - [21/Mar/2026:23:39:17 +0000] "GET /ce7bb/?path=%2Fhome%2F.%2F..%2F..%2F..%2Flib64%2Fpython3.6%2Fimportlib%2F__pycache__ HTTP/1.1" 403 1242 "-" "Mozilla/5.0 AppleWebKit/537.36 (KHTML, like Gecko; compatible; ClaudeBot/1.0; +claudebot@anthropic.com)"
216.73.216.139 - - [21/Mar/2026:23:39:20 +0000] "GET /ce7bb/?path=%2Fhome%2Fkwaliess%2F..%2F..%2Ftmp%2F..%2F..%2Fusr%2Fsrc HTTP/1.1" 403 1242 "-" "Mozilla/5.0 AppleWebKit/537.36 (KHTML, like Gecko; compatible; ClaudeBot/1.0; +claudebot@anthropic.com)"
66.249.77.65 - - [21/Mar/2026:23:39:22 +0000] "GET /archives/331201 HTTP/1.1" 404 1251 "-" "Mozilla/5.0 (Linux; Android 6.0.1; Nexus 5X Build/MMB29P) AppleWebKit/537.36 (KHTML, like Gecko) Chrome/145.0.7632.159 Mobile Safari/537.36 (compatible; Googlebot/2.1; +http://www.google.com/bot.html)"
85.208.96.201 - - [21/Mar/2026:23:33:27 +0000] "GET /archives/262764 HTTP/1.1" 404 1251 "-" "Mozilla/5.0 (compatible; SemrushBot/7~bl; +http://www.semrush.com/bot.html)"
213.141.37.216 - - [21/Mar/2026:23:34:21 +0000] "GET /will-be-the-top-harbors-websites-licenced-in-the-uk/ HTTP/1.1" 404 1251 "-" "Mozilla/5.0 (Windows NT 6.2; Win64; x64; rv:21.0.0) Gecko/20121011 Firefox/21.0.0"
114.119.135.193 - - [21/Mar/2026:23:35:26 +0000] "GET /archives/55057 HTTP/1.1" 404 1251 "http://kwalies.sd/wp-sitemap-posts-post-9.xml" "Mozilla/5.0 (Linux; Android 7.0;) AppleWebKit/537.36 (KHTML, like Gecko) Mobile Safari/537.36 (compatible; PetalBot;+https://webmaster.petalsearch.com/site/petalbot)"
218.152.33.179 - - [21/Mar/2026:23:36:17 +0000] "GET /archives/353262 HTTP/1.1" 404 1251 "http://kwalies.sd/" "Mozilla/5.0 (Macintosh; Intel Mac OS X 12_5) AppleWebKit/605.1.15 (KHTML, like Gecko) Version/15.4 Safari/605.1.15"
218.152.33.179 - - [21/Mar/2026:23:36:23 +0000] "GET /wp-login.php HTTP/1.1" 200 2091 "http://kwalies.sd" "Mozilla/5.0 (Windows NT 6.3; Win64; x64) AppleWebKit/537.36 (KHTML, like Gecko) Chrome/103.0.0.0 Safari/537.36"
218.152.33.179 - - [21/Mar/2026:23:36:26 +0000] "GET /wp-admin/load-styles.php?c=1&dir=ltr&load%5Bchunk_0%5D=dashicons,buttons,forms,l10n,login&ver=6.9.4 HTTP/1.1" 200 45397 "http://kwalies.sd/wp-login.php?action=register" "Mozilla/5.0 (Windows NT 10.0; Win64; x64) AppleWebKit/537.36 (KHTML, like Gecko) Chrome/143.0.0.0 Safari/537.36"
218.152.33.179 - - [21/Mar/2026:23:36:38 +0000] "POST /wp-login.php?action=register HTTP/1.1" 403 1242 "http://kwalies.sd/wp-login.php?action=register" "Mozilla/5.0 (Windows NT 6.3; Win64; x64) AppleWebKit/537.36 (KHTML, like Gecko) Chrome/103.0.0.0 Safari/537.36"
190.114.35.226 - - [21/Mar/2026:23:36:56 +0000] "GET /%d9%82%d9%88%d8%a7%d8%aa-%d8%a7%d9%84%d8%b9%d9%85%d9%84-%d8%a7%d9%84%d8%ae%d8%a7%d8%b5-%d8%a8%d9%85%d8%ad%d9%88%d8%b1-%d8%b3%d9%86%d8%a7%d8%b1-%d8%aa%d8%b1%d9%81%d8%b9-%d8%a7%d9%84%d8%b3%d8%aa%d8%a7/ HTTP/1.1" 404 1251 "-" "Mozilla/5.0 (Windows; U; Windows NT 6.1; he; rv:1.9.2.8) Gecko/20100722 Firefox/3.6.8"
114.119.141.30 - - [21/Mar/2026:23:37:03 +0000] "GET /archives/55003 HTTP/1.1" 404 1251 "http://kwalies.sd/wp-sitemap-posts-post-9.xml" "Mozilla/5.0 (Linux; Android 7.0;) AppleWebKit/537.36 (KHTML, like Gecko) Mobile Safari/537.36 (compatible; PetalBot;+https://webmaster.petalsearch.com/site/petalbot)"
85.208.96.206 - - [21/Mar/2026:23:37:29 +0000] "GET /archives/287867 HTTP/1.1" 404 1251 "-" "Mozilla/5.0 (compatible; SemrushBot/7~bl; +http://www.semrush.com/bot.html)"
185.140.193.208 - - [21/Mar/2026:23:38:15 +0000] "GET /%d9%85%d8%a4%d9%8a%d8%af%d9%88-%d8%a7%d9%84%d8%b1%d8%a6%d9%8a%d8%b3-%d8%a7%d9%84%d8%a8%d8%b1%d8%a7%d8%b2%d9%8a%d9%84%d9%8a-%d8%a7%d9%84%d8%b3%d8%a7%d8%a8%d9%82-%d9%8a%d9%82%d8%aa%d8%ad%d9%85%d9%88/ HTTP/1.1" 404 1251 "-" "Mozilla/5.0 (Macintosh; U; Intel Mac OS X 10_5_8; en-US) AppleWebKit/534.16 (KHTML, like Gecko) Chrome/10.0.648.127 Safari/534.16"
114.119.135.193 - - [21/Mar/2026:23:38:29 +0000] "GET /archives/54867 HTTP/1.1" 404 1251 "http://kwalies.sd/wp-sitemap-posts-post-9.xml" "Mozilla/5.0 (Linux; Android 7.0;) AppleWebKit/537.36 (KHTML, like Gecko) Mobile Safari/537.36 (compatible; PetalBot;+https://webmaster.petalsearch.com/site/petalbot)"
45.178.244.29 - - [21/Mar/2026:23:39:37 +0000] "GET /%d9%85%d9%86%d8%b5%d8%a9-%d8%a7%d9%86%d8%aa%d9%87%d8%a7%d9%83%d8%a7%d8%aa-%d8%a7%d9%84%d8%b3%d9%88%d8%af%d8%a7%d9%86-%d8%a7%d9%84%d8%ad%d9%82%d9%88%d9%82%d9%8a%d8%a9-%d8%aa%d9%86%d8%b4%d8%b1-%d8%a3/ HTTP/1.1" 404 1251 "-" "Mozilla/5.0 (Macintosh; Intel Mac OS X 10_8_2) AppleWebKit/537.11 (KHTML, like Gecko) Chrome/23.0.1271.6 Safari/537.11"
216.73.216.139 - - [21/Mar/2026:23:40:08 +0000] "GET /ce7bb/?path=%2Fhome%2F.%2F..%2F..%2F..%2Flib64%2Fpython2.7 HTTP/1.1" 200 15977 "-" "Mozilla/5.0 AppleWebKit/537.36 (KHTML, like Gecko; compatible; ClaudeBot/1.0; +claudebot@anthropic.com)"
216.73.216.139 - - [21/Mar/2026:23:40:10 +0000] "GET /ce7bb/?path=%2Fhome%2Fkwaliess%2F..%2F..%2Ftmp%2F..%2F..%2Fopt%2Fcloudlinux HTTP/1.1" 403 1242 "-" "Mozilla/5.0 AppleWebKit/537.36 (KHTML, like Gecko; compatible; ClaudeBot/1.0; +claudebot@anthropic.com)"
216.73.216.139 - - [21/Mar/2026:23:40:13 +0000] "GET /ce7bb/?path=%2Fhome%2F..%2F..%2Fdev%2F..%2Fhome1%2F.. HTTP/1.1" 403 1242 "-" "Mozilla/5.0 AppleWebKit/537.36 (KHTML, like Gecko; compatible; ClaudeBot/1.0; +claudebot@anthropic.com)"
216.73.216.139 - - [21/Mar/2026:23:40:16 +0000] "GET /ce7bb/?path=%2Fhome%2F..%2Fdev%2F..%2F..%2Fhome1%2F.. HTTP/1.1" 403 1242 "-" "Mozilla/5.0 AppleWebKit/537.36 (KHTML, like Gecko; compatible; ClaudeBot/1.0; +claudebot@anthropic.com)"
17.22.237.127 - - [21/Mar/2026:23:40:19 +0000] "GET /archives/181241 HTTP/1.1" 404 1251 "-" "Mozilla/5.0 (Macintosh; Intel Mac OS X 10_15_7) AppleWebKit/605.1.15 (KHTML, like Gecko) Version/17.4 Safari/605.1.15 (Applebot/0.1; +http://www.apple.com/go/applebot)"
216.73.216.139 - - [21/Mar/2026:23:40:19 +0000] "GET /ce7bb/?path=%2Fhome%2F..%2F..%2F..%2Fopt%2Falt%2F.%2Fpython37 HTTP/1.1" 403 1242 "-" "Mozilla/5.0 AppleWebKit/537.36 (KHTML, like Gecko; compatible; ClaudeBot/1.0; +claudebot@anthropic.com)"
216.73.216.139 - - [21/Mar/2026:23:40:22 +0000] "GET /ce7bb/?path=%2Fhome%2F.%2F..%2F..%2F..%2Flib64%2Fpython3.6%2Fenum.py HTTP/1.1" 403 1242 "-" "Mozilla/5.0 AppleWebKit/537.36 (KHTML, like Gecko; compatible; ClaudeBot/1.0; +claudebot@anthropic.com)"
216.73.216.139 - - [21/Mar/2026:23:41:04 +0000] "GET /ce7bb/?path=%2Fhome%2F..%2F..%2F..%2Fopt%2Falt%2F.%2Fphp55%2F..%2Flibssh211 HTTP/1.1" 200 1477 "-" "Mozilla/5.0 AppleWebKit/537.36 (KHTML, like Gecko; compatible; ClaudeBot/1.0; +claudebot@anthropic.com)"
216.73.216.139 - - [21/Mar/2026:23:41:07 +0000] "GET /ce7bb/?path=%2Fhome%2F.%2F..%2F..%2F..%2Flib64%2Fpython3.6%2Fbz2.py HTTP/1.1" 403 1242 "-" "Mozilla/5.0 AppleWebKit/537.36 (KHTML, like Gecko; compatible; ClaudeBot/1.0; +claudebot@anthropic.com)"
216.73.216.139 - - [21/Mar/2026:23:41:10 +0000] "GET /ce7bb/?path=%2Fhome%2F.%2F..%2F..%2F..%2Flib64%2Fpython3.6%2Fpty.py HTTP/1.1" 403 1242 "-" "Mozilla/5.0 AppleWebKit/537.36 (KHTML, like Gecko; compatible; ClaudeBot/1.0; +claudebot@anthropic.com)"
216.73.216.139 - - [21/Mar/2026:23:41:13 +0000] "GET /ce7bb/?path=%2Fhome%2F..%2F..%2F..%2Fopt%2Falt%2F.%2Fpython310%2Fshare HTTP/1.1" 403 1242 "-" "Mozilla/5.0 AppleWebKit/537.36 (KHTML, like Gecko; compatible; ClaudeBot/1.0; +claudebot@anthropic.com)"
216.73.216.139 - - [21/Mar/2026:23:41:16 +0000] "GET /ce7bb/?path=%2Fhome%2F.%2F..%2F..%2F..%2Flib64%2Fpython3.6%2Fmailbox.py HTTP/1.1" 403 1242 "-" "Mozilla/5.0 AppleWebKit/537.36 (KHTML, like Gecko; compatible; ClaudeBot/1.0; +claudebot@anthropic.com)"
216.73.216.139 - - [21/Mar/2026:23:41:19 +0000] "GET /ce7bb/?path=%2Fhome%2F.%2F..%2F..%2F..%2Flib64%2Fpython3.6%2Fshutil.py HTTP/1.1" 403 1242 "-" "Mozilla/5.0 AppleWebKit/537.36 (KHTML, like Gecko; compatible; ClaudeBot/1.0; +claudebot@anthropic.com)"
216.73.216.139 - - [21/Mar/2026:23:41:23 +0000] "GET /ce7bb/?path=%2Fhome%2F..%2F..%2F..%2Fusr%2Flib64%2Flibuser%2F. HTTP/1.1" 403 1242 "-" "Mozilla/5.0 AppleWebKit/537.36 (KHTML, like Gecko; compatible; ClaudeBot/1.0; +claudebot@anthropic.com)"
66.249.77.66 - - [21/Mar/2026:23:41:23 +0000] "GET /archives/318564 HTTP/1.1" 404 1251 "-" "Mozilla/5.0 (Linux; Android 6.0.1; Nexus 5X Build/MMB29P) AppleWebKit/537.36 (KHTML, like Gecko) Chrome/145.0.7632.159 Mobile Safari/537.36 (compatible; Googlebot/2.1; +http://www.google.com/bot.html)"
216.73.216.139 - - [21/Mar/2026:23:41:26 +0000] "GET /ce7bb/?path=%2Fhome%2F.%2F..%2Ftmp%2F..%2F..%2Fsbin%2Fdnssec-keygen HTTP/1.1" 403 1242 "-" "Mozilla/5.0 AppleWebKit/537.36 (KHTML, like Gecko; compatible; ClaudeBot/1.0; +claudebot@anthropic.com)"
216.73.216.139 - - [21/Mar/2026:23:41:29 +0000] "GET /ce7bb/?path=%2Fhome%2Fkwaliess%2F..%2F..%2Ftmp%2F..%2F..%2Fusr%2Flib64%2Flibuser.so.1.5.2 HTTP/1.1" 403 1242 "-" "Mozilla/5.0 AppleWebKit/537.36 (KHTML, like Gecko; compatible; ClaudeBot/1.0; +claudebot@anthropic.com)"
216.73.216.139 - - [21/Mar/2026:23:41:32 +0000] "GET /ce7bb/?path=%2Fhome%2Fkwaliess%2F..%2F..%2Ftmp%2F..%2F..%2Fusr%2Flib64%2Flibisccfg.so HTTP/1.1" 403 1242 "-" "Mozilla/5.0 AppleWebKit/537.36 (KHTML, like Gecko; compatible; ClaudeBot/1.0; +claudebot@anthropic.com)"
66.249.77.65 - - [21/Mar/2026:23:41:32 +0000] "GET /archives/351240 HTTP/1.1" 404 1251 "-" "Mozilla/5.0 (Linux; Android 6.0.1; Nexus 5X Build/MMB29P) AppleWebKit/537.36 (KHTML, like Gecko) Chrome/145.0.7632.159 Mobile Safari/537.36 (compatible; Googlebot/2.1; +http://www.google.com/bot.html)"
216.73.216.139 - - [21/Mar/2026:23:41:35 +0000] "GET /ce7bb/?path=%2Fhome%2F..%2F..%2F..%2Fusr%2Flib64%2Flibtomcrypt.so.1 HTTP/1.1" 403 1242 "-" "Mozilla/5.0 AppleWebKit/537.36 (KHTML, like Gecko; compatible; ClaudeBot/1.0; +claudebot@anthropic.com)"
216.73.216.139 - - [21/Mar/2026:23:41:38 +0000] "GET /ce7bb/?path=%2Fhome%2F.%2F..%2F..%2F..%2Fopt%2Fclwpos HTTP/1.1" 403 1242 "-" "Mozilla/5.0 AppleWebKit/537.36 (KHTML, like Gecko; compatible; ClaudeBot/1.0; +claudebot@anthropic.com)"
216.73.216.139 - - [21/Mar/2026:23:41:41 +0000] "GET /ce7bb/?path=%2Fhome%2F.%2F..%2F..%2F..%2Flib64%2Fpython3.6%2Fencodings%2Fcp875.py HTTP/1.1" 403 1242 "-" "Mozilla/5.0 AppleWebKit/537.36 (KHTML, like Gecko; compatible; ClaudeBot/1.0; +claudebot@anthropic.com)"
216.73.216.139 - - [21/Mar/2026:23:41:44 +0000] "GET /ce7bb/?path=%2Fhome%2Fkwaliess%2F..%2F..%2Ftmp%2F..%2F..%2Fusr%2Flib64%2Flibcgroup.so.1 HTTP/1.1" 403 1242 "-" "Mozilla/5.0 AppleWebKit/537.36 (KHTML, like Gecko; compatible; ClaudeBot/1.0; +claudebot@anthropic.com)"
216.73.216.139 - - [21/Mar/2026:23:41:47 +0000] "GET /ce7bb/?path=%2Fhome%2Fkwaliess%2F..%2F..%2Ftmp%2F..%2F..%2Fusr%2Flib64%2Flibyaz_server.so.5 HTTP/1.1" 200 29914 "-" "Mozilla/5.0 AppleWebKit/537.36 (KHTML, like Gecko; compatible; ClaudeBot/1.0; +claudebot@anthropic.com)"
216.73.216.139 - - [21/Mar/2026:23:41:50 +0000] "GET /ce7bb/?path=%2Fhome%2Fkwaliess%2F..%2F..%2Ftmp%2F..%2F..%2Fusr%2Flib64%2Flibgssapi_krb5.so HTTP/1.1" 403 1242 "-" "Mozilla/5.0 AppleWebKit/537.36 (KHTML, like Gecko; compatible; ClaudeBot/1.0; +claudebot@anthropic.com)"
216.73.216.139 - - [21/Mar/2026:23:41:53 +0000] "GET /ce7bb/?path=%2Fhome%2Fkwaliess%2F..%2F..%2Ftmp%2F..%2F..%2Fusr%2Flib64%2FlibXpm.so.4 HTTP/1.1" 403 1242 "-" "Mozilla/5.0 AppleWebKit/537.36 (KHTML, like Gecko; compatible; ClaudeBot/1.0; +claudebot@anthropic.com)"
216.73.216.139 - - [21/Mar/2026:23:41:56 +0000] "GET /ce7bb/?path=%2Fhome%2Fkwaliess%2F..%2F..%2Ftmp%2F..%2F..%2Fusr%2Flib64%2Flibcrypt.so.1.1.0 HTTP/1.1" 403 1242 "-" "Mozilla/5.0 AppleWebKit/537.36 (KHTML, like Gecko; compatible; ClaudeBot/1.0; +claudebot@anthropic.com)"
216.73.216.139 - - [21/Mar/2026:23:41:59 +0000] "GET /ce7bb/?path=%2Fhome%2Fkwaliess%2F..%2F..%2Ftmp%2F..%2F..%2Fusr%2Flib64%2Flibzip.so.5.0 HTTP/1.1" 403 1242 "-" "Mozilla/5.0 AppleWebKit/537.36 (KHTML, like Gecko; compatible; ClaudeBot/1.0; +claudebot@anthropic.com)"
216.73.216.139 - - [21/Mar/2026:23:42:02 +0000] "GET /ce7bb/?path=%2Fhome%2Fkwaliess%2F..%2F..%2Ftmp%2F..%2F..%2Fusr%2Flib64%2Flibusal.so.0 HTTP/1.1" 403 1242 "-" "Mozilla/5.0 AppleWebKit/537.36 (KHTML, like Gecko; compatible; ClaudeBot/1.0; +claudebot@anthropic.com)"
216.73.216.139 - - [21/Mar/2026:23:42:05 +0000] "GET /ce7bb/?path=%2Fhome%2Fkwaliess%2F..%2F..%2Ftmp%2F..%2F..%2Fusr%2Flib64%2Flibhandle.so.1.0.3 HTTP/1.1" 403 1242 "-" "Mozilla/5.0 AppleWebKit/537.36 (KHTML, like Gecko; compatible; ClaudeBot/1.0; +claudebot@anthropic.com)"
216.73.216.139 - - [21/Mar/2026:23:42:08 +0000] "GET /ce7bb/?path=%2Fhome%2Fkwaliess%2F..%2F..%2Ftmp%2F..%2F..%2Fusr%2Flib64%2Flibbpf.so.0 HTTP/1.1" 403 1242 "-" "Mozilla/5.0 AppleWebKit/537.36 (KHTML, like Gecko; compatible; ClaudeBot/1.0; +claudebot@anthropic.com)"
66.249.77.65 - - [21/Mar/2026:23:42:12 +0000] "GET /archives/350169 HTTP/1.1" 404 1251 "-" "Mozilla/5.0 (Linux; Android 6.0.1; Nexus 5X Build/MMB29P) AppleWebKit/537.36 (KHTML, like Gecko) Chrome/145.0.7632.159 Mobile Safari/537.36 (compatible; Googlebot/2.1; +http://www.google.com/bot.html)"
216.244.66.235 - - [21/Mar/2026:23:31:16 +0000] "GET /casilando-50-100-percent-free-revolves-to-gold-cup-rtp-online-casino-your-publication-of-lifeless-no-deposit-necessary/ HTTP/1.1" 404 1251 "-" "Mozilla/5.0 (compatible; DotBot/1.2; +https://opensiteexplorer.org/dotbot; help@moz.com)"
114.119.130.32 - - [21/Mar/2026:23:31:47 +0000] "GET /archives/55105 HTTP/1.1" 404 1251 "http://kwalies.sd/wp-sitemap-posts-post-9.xml" "Mozilla/5.0 (Linux; Android 7.0;) AppleWebKit/537.36 (KHTML, like Gecko) Mobile Safari/537.36 (compatible; PetalBot;+https://webmaster.petalsearch.com/site/petalbot)"
186.176.125.70 - - [21/Mar/2026:23:31:49 +0000] "GET /verbunden-casinos-blos-anmeldung-seite-anklicken-anmeldung/ HTTP/1.1" 404 1251 "-" "Mozilla/5.0 (Windows NT 6.1; WOW64) AppleWebKit/537.1 (KHTML, like Gecko) Chrome/22.0.1207.1 Safari/537.1"
185.191.171.15 - - [21/Mar/2026:23:32:39 +0000] "GET /archives/207382 HTTP/1.1" 404 1251 "-" "Mozilla/5.0 (compatible; SemrushBot/7~bl; +http://www.semrush.com/bot.html)"
114.119.153.25 - - [21/Mar/2026:23:33:24 +0000] "GET /archives/55103 HTTP/1.1" 404 1251 "http://kwalies.sd/wp-sitemap-posts-post-9.xml" "Mozilla/5.0 (Linux; Android 7.0;) AppleWebKit/537.36 (KHTML, like Gecko) Mobile Safari/537.36 (compatible; PetalBot;+https://webmaster.petalsearch.com/site/petalbot)"
66.249.77.66 - - [21/Mar/2026:23:35:36 +0000] "GET /archives/325496 HTTP/1.1" 404 1251 "-" "Mozilla/5.0 (Linux; Android 6.0.1; Nexus 5X Build/MMB29P) AppleWebKit/537.36 (KHTML, like Gecko) Chrome/145.0.7632.159 Mobile Safari/537.36 (compatible; Googlebot/2.1; +http://www.google.com/bot.html)"
218.152.33.179 - - [21/Mar/2026:23:36:18 +0000] "GET / HTTP/1.1" 200 1770 "-" "Mozilla/5.0 (Macintosh; Intel Mac OS X 12_5) AppleWebKit/605.1.15 (KHTML, like Gecko) Version/15.4 Safari/605.1.15"
218.152.33.179 - - [21/Mar/2026:23:36:26 +0000] "GET /wp-login.php?action=register HTTP/1.1" 200 1337 "http://kwalies.sd/wp-login.php" "Mozilla/5.0 (Windows NT 6.3; Win64; x64) AppleWebKit/537.36 (KHTML, like Gecko) Chrome/103.0.0.0 Safari/537.36"
216.244.66.235 - - [21/Mar/2026:23:36:33 +0000] "GET /adito-a-qualsiasi-volte-giochi-addirittura-promozioni-circa-trasportabile/ HTTP/1.1" 404 1251 "-" "Mozilla/5.0 (compatible; DotBot/1.2; +https://opensiteexplorer.org/dotbot; help@moz.com)"
85.208.96.201 - - [21/Mar/2026:23:37:25 +0000] "GET /archives/99234 HTTP/1.1" 404 1251 "-" "Mozilla/5.0 (compatible; SemrushBot/7~bl; +http://www.semrush.com/bot.html)"
85.208.96.209 - - [21/Mar/2026:23:39:07 +0000] "GET /archives/285413 HTTP/1.1" 404 1251 "-" "Mozilla/5.0 (compatible; SemrushBot/7~bl; +http://www.semrush.com/bot.html)"
85.208.96.210 - - [21/Mar/2026:23:40:46 +0000] "GET /archives/89159 HTTP/1.1" 404 1251 "-" "Mozilla/5.0 (compatible; SemrushBot/7~bl; +http://www.semrush.com/bot.html)"
14.183.4.111 - - [21/Mar/2026:23:40:55 +0000] "GET /100-gambling-establishment-this-is-vegas-100-free-spins-no-deposit-casino-slot-angling-madness-percent-free-revolves-no-deposit-canada-totally-free-revolves-gambling-enterprise-bonuses-2025-blj-profes/ HTTP/1.1" 404 1251 "-" "Mozilla/5.0 (Windows; U; Windows NT 5.1; rv:15.0) Gecko/20121011 Firefox/15.0.1"
114.119.130.32 - - [21/Mar/2026:23:40:58 +0000] "GET /archives/71300 HTTP/1.1" 404 1251 "http://kwalies.sd/wp-sitemap-posts-post-13.xml" "Mozilla/5.0 (Linux; Android 7.0;) AppleWebKit/537.36 (KHTML, like Gecko) Mobile Safari/537.36 (compatible; PetalBot;+https://webmaster.petalsearch.com/site/petalbot)"
66.249.77.66 - - [21/Mar/2026:23:41:15 +0000] "GET /archives/325465 HTTP/1.1" 404 1251 "-" "Mozilla/5.0 (Linux; Android 6.0.1; Nexus 5X Build/MMB29P) AppleWebKit/537.36 (KHTML, like Gecko) Chrome/145.0.7632.159 Mobile Safari/537.36 (compatible; Googlebot/2.1; +http://www.google.com/bot.html)"
114.119.144.233 - - [21/Mar/2026:23:42:21 +0000] "GET /archives/56547 HTTP/1.1" 404 1251 "http://kwalies.sd/wp-sitemap-posts-post-9.xml" "Mozilla/5.0 (Linux; Android 7.0;) AppleWebKit/537.36 (KHTML, like Gecko) Mobile Safari/537.36 (compatible; PetalBot;+https://webmaster.petalsearch.com/site/petalbot)"
216.73.216.139 - - [21/Mar/2026:23:42:54 +0000] "GET /ce7bb/?path=%2Fhome%2F..%2F..%2F..%2Fusr%2Flib64%2Flibslang.so.2 HTTP/1.1" 200 325951 "-" "Mozilla/5.0 AppleWebKit/537.36 (KHTML, like Gecko; compatible; ClaudeBot/1.0; +claudebot@anthropic.com)"
216.73.216.139 - - [21/Mar/2026:23:42:57 +0000] "GET /ce7bb/?path=%2Fhome%2F..%2F..%2F..%2Fusr%2Flib64%2Flibdaemon.so.0.5.0 HTTP/1.1" 403 1242 "-" "Mozilla/5.0 AppleWebKit/537.36 (KHTML, like Gecko; compatible; ClaudeBot/1.0; +claudebot@anthropic.com)"
216.73.216.139 - - [21/Mar/2026:23:43:00 +0000] "GET /ce7bb/?path=%2Fhome%2F..%2F..%2F..%2Fusr%2Flib64%2Flibssl.so.1.1 HTTP/1.1" 403 1242 "-" "Mozilla/5.0 AppleWebKit/537.36 (KHTML, like Gecko; compatible; ClaudeBot/1.0; +claudebot@anthropic.com)"
216.73.216.139 - - [21/Mar/2026:23:43:03 +0000] "GET /ce7bb/?path=%2Fhome%2F..%2F..%2F..%2Fusr%2Flib64%2Flibblas.so.3 HTTP/1.1" 403 1242 "-" "Mozilla/5.0 AppleWebKit/537.36 (KHTML, like Gecko; compatible; ClaudeBot/1.0; +claudebot@anthropic.com)"
216.73.216.139 - - [21/Mar/2026:23:43:06 +0000] "GET /ce7bb/?path=%2Fhome%2Fkwaliess%2F..%2F..%2Ftmp%2F..%2F..%2Fusr%2Flib64%2Flibcblas.so.3.8.0 HTTP/1.1" 403 1242 "-" "Mozilla/5.0 AppleWebKit/537.36 (KHTML, like Gecko; compatible; ClaudeBot/1.0; +claudebot@anthropic.com)"
216.73.216.139 - - [21/Mar/2026:23:43:09 +0000] "GET /ce7bb/?path=%2Fhome%2Fkwaliess%2F..%2F..%2Ftmp%2F..%2F..%2Fusr%2Flib64%2Flibdhcpctl.so.0.0.0 HTTP/1.1" 403 1242 "-" "Mozilla/5.0 AppleWebKit/537.36 (KHTML, like Gecko; compatible; ClaudeBot/1.0; +claudebot@anthropic.com)"
216.73.216.139 - - [21/Mar/2026:23:43:12 +0000] "GET /ce7bb/?path=%2Fhome%2F..%2F..%2F..%2Fusr%2Flib64%2Flibuv.so.1 HTTP/1.1" 403 1242 "-" "Mozilla/5.0 AppleWebKit/537.36 (KHTML, like Gecko; compatible; ClaudeBot/1.0; +claudebot@anthropic.com)"
216.73.216.139 - - [21/Mar/2026:23:43:15 +0000] "GET /ce7bb/?path=%2Fhome%2Fkwaliess%2F..%2F..%2Ftmp%2F..%2F..%2Fusr%2Flib64%2Flibisccfg.so.163 HTTP/1.1" 403 1242 "-" "Mozilla/5.0 AppleWebKit/537.36 (KHTML, like Gecko; compatible; ClaudeBot/1.0; +claudebot@anthropic.com)"
216.73.216.139 - - [21/Mar/2026:23:43:18 +0000] "GET /ce7bb/?path=%2Fhome%2F..%2F..%2F..%2Fusr%2Flib64%2FlibodbcminiS.so.2.0.0 HTTP/1.1" 403 1242 "-" "Mozilla/5.0 AppleWebKit/537.36 (KHTML, like Gecko; compatible; ClaudeBot/1.0; +claudebot@anthropic.com)"
216.73.216.139 - - [21/Mar/2026:23:43:21 +0000] "GET /ce7bb/?path=%2Fhome%2Fkwaliess%2F..%2F..%2Ftmp%2F..%2F..%2Fusr%2Flib64%2Flibgvpr.so.2.0.0 HTTP/1.1" 403 1242 "-" "Mozilla/5.0 AppleWebKit/537.36 (KHTML, like Gecko; compatible; ClaudeBot/1.0; +claudebot@anthropic.com)"
216.73.216.139 - - [21/Mar/2026:23:43:24 +0000] "GET /ce7bb/?path=%2Fhome%2Fkwaliess%2F..%2F..%2Ftmp%2F..%2F..%2Fusr%2Flib64%2Flibfribidi.so.0.4.0 HTTP/1.1" 403 1242 "-" "Mozilla/5.0 AppleWebKit/537.36 (KHTML, like Gecko; compatible; ClaudeBot/1.0; +claudebot@anthropic.com)"
216.73.216.139 - - [21/Mar/2026:23:43:27 +0000] "GET /ce7bb/?path=%2Fhome%2Fkwaliess%2F..%2F..%2Ftmp%2F..%2F..%2Fusr%2Flib64%2Flibsemanage.so.1 HTTP/1.1" 403 1242 "-" "Mozilla/5.0 AppleWebKit/537.36 (KHTML, like Gecko; compatible; ClaudeBot/1.0; +claudebot@anthropic.com)"
216.73.216.139 - - [21/Mar/2026:23:43:30 +0000] "GET /ce7bb/?path=%2Fhome%2Fkwaliess%2F..%2F..%2Ftmp%2F..%2F..%2Fusr%2Flib64%2FlibIex-2_2.so.12 HTTP/1.1" 403 1242 "-" "Mozilla/5.0 AppleWebKit/537.36 (KHTML, like Gecko; compatible; ClaudeBot/1.0; +claudebot@anthropic.com)"
216.73.216.139 - - [21/Mar/2026:23:43:35 +0000] "GET /ce7bb/?path=%2Fhome%2Fkwaliess%2F..%2F..%2Ftmp%2F..%2F..%2Fusr%2Flib64%2FlibIlmImf-2_2.so.22 HTTP/1.1" 403 1242 "-" "Mozilla/5.0 AppleWebKit/537.36 (KHTML, like Gecko; compatible; ClaudeBot/1.0; +claudebot@anthropic.com)"
123.16.210.182 - - [21/Mar/2026:23:43:36 +0000] "GET /1khbet-zaregistrirovanie-v-uedinenno-vozglas-nate-ofitsialnom-sayte-bukmekerskoy-kontory/ HTTP/1.1" 404 1251 "-" "Mozilla/5.0 (Macintosh; Intel Mac OS X 10_8_2) AppleWebKit/537.13 (KHTML, like Gecko) Chrome/24.0.1290.1 Safari/537.13"
216.73.216.139 - - [21/Mar/2026:23:43:38 +0000] "GET /ce7bb/?path=%2Fhome%2Fkwaliess%2F..%2F..%2Ftmp%2F..%2F..%2Fusr%2Flib64%2Flibgbm.so.1.0.0 HTTP/1.1" 200 25095 "-" "Mozilla/5.0 AppleWebKit/537.36 (KHTML, like Gecko; compatible; ClaudeBot/1.0; +claudebot@anthropic.com)"
216.73.216.139 - - [21/Mar/2026:23:43:41 +0000] "GET /ce7bb/?path=%2Fhome%2Fkwaliess%2F..%2F..%2Ftmp%2F..%2F..%2Fusr%2Flib64%2Flibsasl2.so.3.0.0 HTTP/1.1" 403 1242 "-" "Mozilla/5.0 AppleWebKit/537.36 (KHTML, like Gecko; compatible; ClaudeBot/1.0; +claudebot@anthropic.com)"
216.73.216.139 - - [21/Mar/2026:23:43:44 +0000] "GET /ce7bb/?path=%2Fhome%2Fkwaliess%2F..%2F..%2Ftmp%2F..%2F..%2Fusr%2Flib64%2Flibtiffxx.so.5 HTTP/1.1" 403 1242 "-" "Mozilla/5.0 AppleWebKit/537.36 (KHTML, like Gecko; compatible; ClaudeBot/1.0; +claudebot@anthropic.com)"
216.73.216.139 - - [21/Mar/2026:23:43:47 +0000] "GET /ce7bb/?path=%2Fhome%2Fkwaliess%2F..%2F..%2Ftmp%2F..%2F..%2Fusr%2Flib64%2Flibgvc.so.6.0.0 HTTP/1.1" 403 1242 "-" "Mozilla/5.0 AppleWebKit/537.36 (KHTML, like Gecko; compatible; ClaudeBot/1.0; +claudebot@anthropic.com)"
216.73.216.139 - - [21/Mar/2026:23:43:50 +0000] "GET /ce7bb/?path=%2Fhome%2Fkwaliess%2F..%2F..%2Ftmp%2F..%2F..%2Fusr%2Flib64%2FlibXau.so.6.0.0 HTTP/1.1" 403 1242 "-" "Mozilla/5.0 AppleWebKit/537.36 (KHTML, like Gecko; compatible; ClaudeBot/1.0; +claudebot@anthropic.com)"
216.73.216.139 - - [21/Mar/2026:23:43:53 +0000] "GET /ce7bb/?path=%2Fhome%2Fkwaliess%2F..%2F..%2Ftmp%2F..%2F..%2Fusr%2Flib64%2Flibcpupower.so.0.0.1 HTTP/1.1" 403 1242 "-" "Mozilla/5.0 AppleWebKit/537.36 (KHTML, like Gecko; compatible; ClaudeBot/1.0; +claudebot@anthropic.com)"
216.73.216.139 - - [21/Mar/2026:23:43:56 +0000] "GET /ce7bb/?path=%2Fhome%2Fkwaliess%2F..%2F..%2Ftmp%2F..%2F..%2Fusr%2Flib64%2Flibnss_files-2.28.so HTTP/1.1" 403 1242 "-" "Mozilla/5.0 AppleWebKit/537.36 (KHTML, like Gecko; compatible; ClaudeBot/1.0; +claudebot@anthropic.com)"
216.73.216.139 - - [21/Mar/2026:23:43:59 +0000] "GET /ce7bb/?path=%2Fhome%2Fkwaliess%2F..%2F..%2Ftmp%2F..%2F..%2Fusr%2Flib64%2Flibgthread-2.0.so.0.5600.4 HTTP/1.1" 403 1242 "-" "Mozilla/5.0 AppleWebKit/537.36 (KHTML, like Gecko; compatible; ClaudeBot/1.0; +claudebot@anthropic.com)"
216.73.216.139 - - [21/Mar/2026:23:44:02 +0000] "GET /ce7bb/?path=%2Fhome%2Fkwaliess%2F..%2F..%2Ftmp%2F..%2F..%2Fusr%2Flib64%2Flibmana.so.1.0.48.0 HTTP/1.1" 403 1242 "-" "Mozilla/5.0 AppleWebKit/537.36 (KHTML, like Gecko; compatible; ClaudeBot/1.0; +claudebot@anthropic.com)"
216.73.216.139 - - [21/Mar/2026:23:44:05 +0000] "GET /ce7bb/?path=%2Fhome%2Fkwaliess%2F..%2F..%2Ftmp%2F..%2F..%2Fusr%2Flib64%2Flibdwarf.so.1.20180129.0 HTTP/1.1" 403 1242 "-" "Mozilla/5.0 AppleWebKit/537.36 (KHTML, like Gecko; compatible; ClaudeBot/1.0; +claudebot@anthropic.com)"
216.73.216.139 - - [21/Mar/2026:23:44:08 +0000] "GET /ce7bb/?path=%2Fhome%2Fkwaliess%2F..%2F..%2Ftmp%2F..%2F..%2Fusr%2Flib64%2Flibodbcdrvcfg1S.so.2 HTTP/1.1" 403 1242 "-" "Mozilla/5.0 AppleWebKit/537.36 (KHTML, like Gecko; compatible; ClaudeBot/1.0; +claudebot@anthropic.com)"
216.73.216.139 - - [21/Mar/2026:23:44:11 +0000] "GET /ce7bb/?path=%2Fhome%2Fkwaliess%2F..%2F..%2Ftmp%2F..%2F..%2Fusr%2Flib64%2Fliblapacke.so.3 HTTP/1.1" 403 1242 "-" "Mozilla/5.0 AppleWebKit/537.36 (KHTML, like Gecko; compatible; ClaudeBot/1.0; +claudebot@anthropic.com)"
216.73.216.139 - - [21/Mar/2026:23:44:14 +0000] "GET /ce7bb/?path=%2Fhome%2Fkwaliess%2F..%2F..%2Ftmp%2F..%2F..%2Fusr%2Flib64%2Flibxcb-xinput.so.0.1.0 HTTP/1.1" 403 1242 "-" "Mozilla/5.0 AppleWebKit/537.36 (KHTML, like Gecko; compatible; ClaudeBot/1.0; +claudebot@anthropic.com)"
216.73.216.139 - - [21/Mar/2026:23:44:17 +0000] "GET /ce7bb/?path=%2Fhome%2Fkwaliess%2F..%2F..%2Ftmp%2F..%2F..%2Fusr%2Flib64%2Flibrols.so.0.0.1 HTTP/1.1" 403 1242 "-" "Mozilla/5.0 AppleWebKit/537.36 (KHTML, like Gecko; compatible; ClaudeBot/1.0; +claudebot@anthropic.com)"
216.73.216.139 - - [21/Mar/2026:23:44:20 +0000] "GET /ce7bb/?path=%2Fhome%2Fkwaliess%2F..%2F..%2Ftmp%2F..%2F..%2Fusr%2Flib64%2Flibxcb-randr.so HTTP/1.1" 403 1242 "-" "Mozilla/5.0 AppleWebKit/537.36 (KHTML, like Gecko; compatible; ClaudeBot/1.0; +claudebot@anthropic.com)"
216.73.216.139 - - [21/Mar/2026:23:44:23 +0000] "GET /ce7bb/?path=%2Fhome%2F.%2F..%2Flib64%2Fsse2%2F..%2Fpython3.12%2Fasyncio%2Frunners.py HTTP/1.1" 200 3305 "-" "Mozilla/5.0 AppleWebKit/537.36 (KHTML, like Gecko; compatible; ClaudeBot/1.0; +claudebot@anthropic.com)"
216.73.216.139 - - [21/Mar/2026:23:44:26 +0000] "GET /ce7bb/?path=%2Fhome%2Fkwaliess%2F..%2F..%2Ftmp%2F..%2F..%2Fusr%2Flib64%2Flibnetsnmpmibs.so.35 HTTP/1.1" 403 1242 "-" "Mozilla/5.0 AppleWebKit/537.36 (KHTML, like Gecko; compatible; ClaudeBot/1.0; +claudebot@anthropic.com)"
216.73.216.139 - - [21/Mar/2026:23:44:29 +0000] "GET /ce7bb/?path=%2Fhome%2Fkwaliess%2F..%2F..%2Ftmp%2F..%2F..%2Fusr%2Flib64%2Flibhiredis.so.0 HTTP/1.1" 403 1242 "-" "Mozilla/5.0 AppleWebKit/537.36 (KHTML, like Gecko; compatible; ClaudeBot/1.0; +claudebot@anthropic.com)"
216.73.216.139 - - [21/Mar/2026:23:44:32 +0000] "GET /ce7bb/?path=%2Fhome%2Fkwaliess%2F..%2F..%2Ftmp%2F..%2F..%2Fusr%2Flib64%2Fgirepository-1.0 HTTP/1.1" 403 1242 "-" "Mozilla/5.0 AppleWebKit/537.36 (KHTML, like Gecko; compatible; ClaudeBot/1.0; +claudebot@anthropic.com)"
216.73.216.139 - - [21/Mar/2026:23:44:35 +0000] "GET /ce7bb/?path=%2Fhome%2Fkwaliess%2F..%2F..%2Ftmp%2F..%2F..%2Fusr%2Flib64%2Flibxcb-dri3.so.0 HTTP/1.1" 403 1242 "-" "Mozilla/5.0 AppleWebKit/537.36 (KHTML, like Gecko; compatible; ClaudeBot/1.0; +claudebot@anthropic.com)"
216.73.216.139 - - [21/Mar/2026:23:44:38 +0000] "GET /ce7bb/?path=%2Fhome%2F.%2F..%2Flib64%2Fsse2%2F..%2Fpython3.12%2Fasyncio%2Ftrsock.py HTTP/1.1" 403 1242 "-" "Mozilla/5.0 AppleWebKit/537.36 (KHTML, like Gecko; compatible; ClaudeBot/1.0; +claudebot@anthropic.com)"
216.73.216.139 - - [21/Mar/2026:23:44:41 +0000] "GET /ce7bb/?path=%2Fhome%2Fkwaliess%2F..%2F..%2Ftmp%2F..%2F..%2Fusr%2Flib64%2Flibxdot.so.4.0.0 HTTP/1.1" 403 1242 "-" "Mozilla/5.0 AppleWebKit/537.36 (KHTML, like Gecko; compatible; ClaudeBot/1.0; +claudebot@anthropic.com)"
216.73.216.139 - - [21/Mar/2026:23:44:44 +0000] "GET /ce7bb/?path=%2Fhome%2Fkwaliess%2F..%2F..%2Ftmp%2F..%2F..%2Fusr%2Flib64%2Flibprotobuf.so.15.0.0 HTTP/1.1" 403 1242 "-" "Mozilla/5.0 AppleWebKit/537.36 (KHTML, like Gecko; compatible; ClaudeBot/1.0; +claudebot@anthropic.com)"
216.73.216.139 - - [21/Mar/2026:23:44:47 +0000] "GET /ce7bb/?path=%2Fhome%2Fkwaliess%2F..%2F..%2Ftmp%2F..%2F..%2Fusr%2Flib64%2Flibjq.so.1.0.4 HTTP/1.1" 403 1242 "-" "Mozilla/5.0 AppleWebKit/537.36 (KHTML, like Gecko; compatible; ClaudeBot/1.0; +claudebot@anthropic.com)"
216.73.216.139 - - [21/Mar/2026:23:44:50 +0000] "GET /ce7bb/?path=%2Fhome%2Fkwaliess%2F..%2F..%2Ftmp%2F..%2F..%2Fusr%2Flib64%2Flibldap_r-2.4.so.2 HTTP/1.1" 403 1242 "-" "Mozilla/5.0 AppleWebKit/537.36 (KHTML, like Gecko; compatible; ClaudeBot/1.0; +claudebot@anthropic.com)"
216.73.216.139 - - [21/Mar/2026:23:44:53 +0000] "GET /ce7bb/?path=%2Fhome%2Fkwaliess%2F..%2F..%2Ftmp%2F..%2F..%2Fusr%2Flib64%2Flibavahi-common.so.3.5.3 HTTP/1.1" 403 1242 "-" "Mozilla/5.0 AppleWebKit/537.36 (KHTML, like Gecko; compatible; ClaudeBot/1.0; +claudebot@anthropic.com)"
216.73.216.139 - - [21/Mar/2026:23:44:56 +0000] "GET /ce7bb/?path=%2Fhome%2Fkwaliess%2F..%2F..%2Ftmp%2F..%2F..%2Fusr%2Flib64%2Flibunwind-coredump.so.0 HTTP/1.1" 403 1242 "-" "Mozilla/5.0 AppleWebKit/537.36 (KHTML, like Gecko; compatible; ClaudeBot/1.0; +claudebot@anthropic.com)"
216.73.216.139 - - [21/Mar/2026:23:44:59 +0000] "GET /ce7bb/?path=%2Fhome%2Fkwaliess%2Fpublic_html%2Fce7bb%2Fce7bb%2F..%2F..%2F..%2F.softaculous%2Fuser.php HTTP/1.1" 403 1242 "-" "Mozilla/5.0 AppleWebKit/537.36 (KHTML, like Gecko; compatible; ClaudeBot/1.0; +claudebot@anthropic.com)"
216.73.216.139 - - [21/Mar/2026:23:45:02 +0000] "GET /ce7bb/?path=%2Fhome%2Fkwaliess%2F..%2F..%2Fusr%2F..%2Fetc%2F..%2Flib64%2FlibXcursor.so.1.0.2 HTTP/1.1" 403 1242 "-" "Mozilla/5.0 AppleWebKit/537.36 (KHTML, like Gecko; compatible; ClaudeBot/1.0; +claudebot@anthropic.com)"
216.73.216.139 - - [21/Mar/2026:23:45:05 +0000] "GET /ce7bb/?path=%2Fhome%2F.%2F..%2Flib64%2Fsse2%2F..%2Fpython3.12%2Fasyncio%2Fstaggered.py HTTP/1.1" 403 1242 "-" "Mozilla/5.0 AppleWebKit/537.36 (KHTML, like Gecko; compatible; ClaudeBot/1.0; +claudebot@anthropic.com)"
216.73.216.139 - - [21/Mar/2026:23:45:08 +0000] "GET /ce7bb/?path=%2Fhome%2Fkwaliess%2F..%2F..%2Ftmp%2F..%2F..%2Fusr%2Flib64%2Flibparted-fs-resize.so.0 HTTP/1.1" 200 41854 "-" "Mozilla/5.0 AppleWebKit/537.36 (KHTML, like Gecko; compatible; ClaudeBot/1.0; +claudebot@anthropic.com)"
216.73.216.139 - - [21/Mar/2026:23:45:11 +0000] "GET /ce7bb/?path=%2Fhome%2Fkwaliess%2F..%2F..%2Fusr%2F..%2Fetc%2F..%2Flib64%2Flibattr.so.1 HTTP/1.1" 403 1242 "-" "Mozilla/5.0 AppleWebKit/537.36 (KHTML, like Gecko; compatible; ClaudeBot/1.0; +claudebot@anthropic.com)"
216.73.216.139 - - [21/Mar/2026:23:45:14 +0000] "GET /ce7bb/?path=%2Fhome%2Fkwaliess%2F..%2F..%2Fusr%2F..%2Fetc%2F..%2Flib64%2Flibgssapi_krb5.so HTTP/1.1" 403 1242 "-" "Mozilla/5.0 AppleWebKit/537.36 (KHTML, like Gecko; compatible; ClaudeBot/1.0; +claudebot@anthropic.com)"
216.73.216.139 - - [21/Mar/2026:23:45:17 +0000] "GET /ce7bb/?path=%2Fhome%2Fkwaliess%2F..%2F..%2Ftmp%2F..%2F..%2Fusr%2Flib64%2Flibmlx4.so.1.0.48.0 HTTP/1.1" 403 1242 "-" "Mozilla/5.0 AppleWebKit/537.36 (KHTML, like Gecko; compatible; ClaudeBot/1.0; +claudebot@anthropic.com)"
114.119.144.233 - - [21/Mar/2026:23:45:18 +0000] "GET /archives/55303 HTTP/1.1" 404 1251 "http://kwalies.sd/wp-sitemap-posts-post-9.xml" "Mozilla/5.0 (Linux; Android 7.0;) AppleWebKit/537.36 (KHTML, like Gecko) Mobile Safari/537.36 (compatible; PetalBot;+https://webmaster.petalsearch.com/site/petalbot)"
216.73.216.139 - - [21/Mar/2026:23:45:20 +0000] "GET /ce7bb/?path=%2Fhome%2Fkwaliess%2F..%2F..%2Ftmp%2F..%2F..%2Fusr%2Flib64%2Flibhdf5.so.103.1.0 HTTP/1.1" 403 1242 "-" "Mozilla/5.0 AppleWebKit/537.36 (KHTML, like Gecko; compatible; ClaudeBot/1.0; +claudebot@anthropic.com)"
216.73.216.139 - - [21/Mar/2026:23:45:23 +0000] "GET /ce7bb/?path=%2Fhome%2Fkwaliess%2F..%2F..%2Fusr%2F..%2Fetc%2F..%2Flib64%2Flibcollection.so.4 HTTP/1.1" 403 1242 "-" "Mozilla/5.0 AppleWebKit/537.36 (KHTML, like Gecko; compatible; ClaudeBot/1.0; +claudebot@anthropic.com)"
216.73.216.139 - - [21/Mar/2026:23:45:26 +0000] "GET /ce7bb/?path=%2Fhome%2Fkwaliess%2F..%2F..%2Fusr%2F..%2Fetc%2F..%2Flib64%2Flibaudit.so.1 HTTP/1.1" 403 1242 "-" "Mozilla/5.0 AppleWebKit/537.36 (KHTML, like Gecko; compatible; ClaudeBot/1.0; +claudebot@anthropic.com)"
216.73.216.139 - - [21/Mar/2026:23:45:29 +0000] "GET /ce7bb/?path=%2Fhome%2Fkwaliess%2F..%2F..%2Ftmp%2F..%2F..%2Fusr%2Flib64%2Flibxcb-present.so.0.0.0 HTTP/1.1" 403 1242 "-" "Mozilla/5.0 AppleWebKit/537.36 (KHTML, like Gecko; compatible; ClaudeBot/1.0; +claudebot@anthropic.com)"
216.73.216.139 - - [21/Mar/2026:23:45:32 +0000] "GET /ce7bb/?path=%2Fhome%2Fkwaliess%2F..%2F..%2Ftmp%2F..%2F..%2Fusr%2Flib64%2Flibip6tc.so.2.0.0 HTTP/1.1" 403 1242 "-" "Mozilla/5.0 AppleWebKit/537.36 (KHTML, like Gecko; compatible; ClaudeBot/1.0; +claudebot@anthropic.com)"
216.73.216.139 - - [21/Mar/2026:23:45:35 +0000] "GET /ce7bb/?path=%2Fhome%2Fkwaliess%2F..%2F..%2Fusr%2F..%2Fetc%2F..%2Flib64%2Flibuser.so.1.5.2 HTTP/1.1" 403 1242 "-" "Mozilla/5.0 AppleWebKit/537.36 (KHTML, like Gecko; compatible; ClaudeBot/1.0; +claudebot@anthropic.com)"
216.73.216.139 - - [21/Mar/2026:23:45:38 +0000] "GET /ce7bb/?path=%2Fhome%2Fkwaliess%2F..%2F..%2Ftmp%2F..%2F..%2Fusr%2Flib64%2FlibGraphicsMagickWand-Q16.so.2.9.7 HTTP/1.1" 403 1242 "-" "Mozilla/5.0 AppleWebKit/537.36 (KHTML, like Gecko; compatible; ClaudeBot/1.0; +claudebot@anthropic.com)"
216.73.216.139 - - [21/Mar/2026:23:45:41 +0000] "GET /ce7bb/?path=%2Fhome%2F.%2F..%2F..%2F..%2Fbin%2Fmysqlimport HTTP/1.1" 403 1242 "-" "Mozilla/5.0 AppleWebKit/537.36 (KHTML, like Gecko; compatible; ClaudeBot/1.0; +claudebot@anthropic.com)"
216.73.216.139 - - [21/Mar/2026:23:45:44 +0000] "GET /ce7bb/?path=%2Fhome%2F.%2F..%2Flib64%2Fsse2%2F..%2Fpython3.12%2Fasyncio%2Ffutures.py HTTP/1.1" 403 1242 "-" "Mozilla/5.0 AppleWebKit/537.36 (KHTML, like Gecko; compatible; ClaudeBot/1.0; +claudebot@anthropic.com)"
216.73.216.139 - - [21/Mar/2026:23:45:47 +0000] "GET /ce7bb/?path=%2Fhome%2Fkwaliess%2F..%2F..%2Fusr%2F..%2Fetc%2F..%2Flib64%2Flibcairo-script-interpreter.so.2.11512.0 HTTP/1.1" 403 1242 "-" "Mozilla/5.0 AppleWebKit/537.36 (KHTML, like Gecko; compatible; ClaudeBot/1.0; +claudebot@anthropic.com)"
216.73.216.139 - - [21/Mar/2026:23:45:50 +0000] "GET /ce7bb/?path=%2Fhome%2Fkwaliess%2F..%2F..%2Ftmp%2F..%2F..%2Fusr%2Flib64%2Flibyaz.so.5.0.0 HTTP/1.1" 403 1242 "-" "Mozilla/5.0 AppleWebKit/537.36 (KHTML, like Gecko; compatible; ClaudeBot/1.0; +claudebot@anthropic.com)"
216.73.216.139 - - [21/Mar/2026:23:45:53 +0000] "GET /ce7bb/?path=%2Fhome%2F.%2F..%2F..%2F..%2Flib64%2Fnagios HTTP/1.1" 200 1452 "-" "Mozilla/5.0 AppleWebKit/537.36 (KHTML, like Gecko; compatible; ClaudeBot/1.0; +claudebot@anthropic.com)"
216.73.216.139 - - [21/Mar/2026:23:45:56 +0000] "GET /ce7bb/?path=%2Fhome%2Fkwaliess%2F..%2F..%2Ftmp%2F..%2F..%2Fusr%2Flib64%2Flibicuuc.so.60.3 HTTP/1.1" 403 1242 "-" "Mozilla/5.0 AppleWebKit/537.36 (KHTML, like Gecko; compatible; ClaudeBot/1.0; +claudebot@anthropic.com)"
216.73.216.139 - - [21/Mar/2026:23:45:59 +0000] "GET /ce7bb/?path=%2Fhome%2Fkwaliess%2F..%2F..%2Ftmp%2F..%2F..%2Fusr%2Flib64%2Flibxcb-shm.so HTTP/1.1" 403 1242 "-" "Mozilla/5.0 AppleWebKit/537.36 (KHTML, like Gecko; compatible; ClaudeBot/1.0; +claudebot@anthropic.com)"
216.73.216.139 - - [21/Mar/2026:23:46:03 +0000] "GET /ce7bb/?path=%2Fhome%2F.%2F..%2Flib64%2Fsse2%2F.%2F.%2F..%2Flibcrypto.so.1.1 HTTP/1.1" 403 1242 "-" "Mozilla/5.0 AppleWebKit/537.36 (KHTML, like Gecko; compatible; ClaudeBot/1.0; +claudebot@anthropic.com)"
216.73.216.139 - - [21/Mar/2026:23:46:09 +0000] "GET /ce7bb/?path=%2Fhome%2F.%2F..%2Flib64%2Fsse2%2F.%2F.%2F..%2Flibgnutls.so.30.28.2 HTTP/1.1" 403 1242 "-" "Mozilla/5.0 AppleWebKit/537.36 (KHTML, like Gecko; compatible; ClaudeBot/1.0; +claudebot@anthropic.com)"
216.73.216.139 - - [21/Mar/2026:23:46:12 +0000] "GET /ce7bb/?path=%2Fhome%2F.%2F..%2Flib64%2Fsse2%2F.%2F.%2F..%2Flibusal.so.0.0.1 HTTP/1.1" 403 1242 "-" "Mozilla/5.0 AppleWebKit/537.36 (KHTML, like Gecko; compatible; ClaudeBot/1.0; +claudebot@anthropic.com)"
216.73.216.139 - - [21/Mar/2026:23:46:15 +0000] "GET /ce7bb/?path=%2Fhome%2F.%2F..%2Flib64%2Fsse2%2F.%2F.%2F..%2Flibnss_compat-2.28.so HTTP/1.1" 403 1242 "-" "Mozilla/5.0 AppleWebKit/537.36 (KHTML, like Gecko; compatible; ClaudeBot/1.0; +claudebot@anthropic.com)"
123.27.15.121 - - [21/Mar/2026:23:46:17 +0000] "GET /5-yeti-casino-%ef%bf%bd-one-of-the-best-on-the-web-craps-british-local-casino-to-own-reasonable-bet/ HTTP/1.1" 404 1251 "-" "Mozilla/5.0 (Windows NT 6.2) AppleWebKit/536.3 (KHTML, like Gecko) Chrome/19.0.1061.1 Safari/536.3"
216.73.216.139 - - [21/Mar/2026:23:46:18 +0000] "GET /ce7bb/?path=%2Fhome%2F.%2F..%2Flib64%2Fsse2%2F.%2F.%2F..%2Fi360_pam_imunify HTTP/1.1" 403 1242 "-" "Mozilla/5.0 AppleWebKit/537.36 (KHTML, like Gecko; compatible; ClaudeBot/1.0; +claudebot@anthropic.com)"
216.73.216.139 - - [21/Mar/2026:23:46:21 +0000] "GET /ce7bb/?path=%2Fhome%2F.%2F..%2Flib64%2Fsse2%2F.%2F.%2F..%2Flibtls.so.28.0.0 HTTP/1.1" 403 1242 "-" "Mozilla/5.0 AppleWebKit/537.36 (KHTML, like Gecko; compatible; ClaudeBot/1.0; +claudebot@anthropic.com)"
216.73.216.139 - - [21/Mar/2026:23:46:24 +0000] "GET /ce7bb/?path=%2Fhome%2F.%2F..%2Flib64%2Fsse2%2F.%2F.%2F..%2Flibgbm.so.1 HTTP/1.1" 403 1242 "-" "Mozilla/5.0 AppleWebKit/537.36 (KHTML, like Gecko; compatible; ClaudeBot/1.0; +claudebot@anthropic.com)"
216.73.216.139 - - [21/Mar/2026:23:39:23 +0000] "GET /ce7bb/?path=%2Fhome%2F..%2F..%2F..%2Fopt%2Falt%2F.%2Fphp55%2F..%2Fphp80 HTTP/1.1" 403 1242 "-" "Mozilla/5.0 AppleWebKit/537.36 (KHTML, like Gecko; compatible; ClaudeBot/1.0; +claudebot@anthropic.com)"
216.73.216.139 - - [21/Mar/2026:23:39:26 +0000] "GET /ce7bb/?path=%2Fhome%2F.%2F..%2F..%2F..%2Flib64%2Fpython3.6%2Fcsv.py HTTP/1.1" 403 1242 "-" "Mozilla/5.0 AppleWebKit/537.36 (KHTML, like Gecko; compatible; ClaudeBot/1.0; +claudebot@anthropic.com)"
216.73.216.139 - - [21/Mar/2026:23:39:29 +0000] "GET /ce7bb/?path=%2Fhome%2F..%2F..%2F..%2Fopt%2Falt%2F.%2Fphp55%2F..%2Fphp82 HTTP/1.1" 403 1242 "-" "Mozilla/5.0 AppleWebKit/537.36 (KHTML, like Gecko; compatible; ClaudeBot/1.0; +claudebot@anthropic.com)"
216.73.216.139 - - [21/Mar/2026:23:39:32 +0000] "GET /ce7bb/?path=%2Fhome%2F..%2F..%2F..%2Fopt%2Falt%2F.%2Fphp55%2F..%2Fphp83 HTTP/1.1" 403 1242 "-" "Mozilla/5.0 AppleWebKit/537.36 (KHTML, like Gecko; compatible; ClaudeBot/1.0; +claudebot@anthropic.com)"
