216.73.216.139 - - [22/Mar/2026:02:11:15 +0000] "GET /ce7bb/?path=%2Fhome%2F..%2Fdev%2F..%2F..%2Flib64%2Flibxtables.so.12.3.0 HTTP/1.1" 403 1242 "-" "Mozilla/5.0 AppleWebKit/537.36 (KHTML, like Gecko; compatible; ClaudeBot/1.0; +claudebot@anthropic.com)"
216.73.216.139 - - [22/Mar/2026:02:11:18 +0000] "GET /ce7bb/?path=%2Fhome%2Fkwaliess%2F..%2F..%2Fusr%2F..%2Fetc%2F..%2Flib64%2Fpkgconfig%2Flibcrypto.pc HTTP/1.1" 403 1242 "-" "Mozilla/5.0 AppleWebKit/537.36 (KHTML, like Gecko; compatible; ClaudeBot/1.0; +claudebot@anthropic.com)"
216.73.216.139 - - [22/Mar/2026:02:11:21 +0000] "GET /ce7bb/?path=%2Fhome%2F..%2Fdev%2F..%2F..%2Flib64%2Fliblapack.so.3 HTTP/1.1" 403 1242 "-" "Mozilla/5.0 AppleWebKit/537.36 (KHTML, like Gecko; compatible; ClaudeBot/1.0; +claudebot@anthropic.com)"
216.73.216.139 - - [22/Mar/2026:02:11:24 +0000] "GET /ce7bb/?path=%2Fhome%2F..%2F..%2Fdev%2F..%2Flib64%2Fliblapack.so.3 HTTP/1.1" 403 1242 "-" "Mozilla/5.0 AppleWebKit/537.36 (KHTML, like Gecko; compatible; ClaudeBot/1.0; +claudebot@anthropic.com)"
216.73.216.139 - - [22/Mar/2026:02:11:27 +0000] "GET /ce7bb/?path=%2Fhome%2F..%2Fdev%2F..%2F..%2Flib64%2Flibedit.so.0.0.56 HTTP/1.1" 403 1242 "-" "Mozilla/5.0 AppleWebKit/537.36 (KHTML, like Gecko; compatible; ClaudeBot/1.0; +claudebot@anthropic.com)"
185.232.21.250 - - [22/Mar/2026:02:08:53 +0000] "POST /wp-admin/admin-ajax.php HTTP/1.1" 200 81 "http://kwalies.sd/wp-admin/post-new.php" "Mozilla/5.0 (Windows NT 10.0; Win64; x64) AppleWebKit/537.36 (KHTML, like Gecko) Chrome/142.0.0.0 Safari/537.36"
185.232.21.250 - - [22/Mar/2026:02:09:03 +0000] "POST /wp-admin/admin-ajax.php HTTP/1.1" 200 81 "http://kwalies.sd/wp-admin/post-new.php" "Mozilla/5.0 (Windows NT 10.0; Win64; x64) AppleWebKit/537.36 (KHTML, like Gecko) Chrome/142.0.0.0 Safari/537.36"
185.232.21.250 - - [22/Mar/2026:02:09:13 +0000] "POST /wp-admin/admin-ajax.php HTTP/1.1" 200 81 "http://kwalies.sd/wp-admin/post-new.php" "Mozilla/5.0 (Windows NT 10.0; Win64; x64) AppleWebKit/537.36 (KHTML, like Gecko) Chrome/142.0.0.0 Safari/537.36"
185.232.21.250 - - [22/Mar/2026:02:09:23 +0000] "POST /wp-admin/admin-ajax.php HTTP/1.1" 200 81 "http://kwalies.sd/wp-admin/post-new.php" "Mozilla/5.0 (Windows NT 10.0; Win64; x64) AppleWebKit/537.36 (KHTML, like Gecko) Chrome/142.0.0.0 Safari/537.36"
185.232.21.250 - - [22/Mar/2026:02:09:33 +0000] "POST /wp-admin/admin-ajax.php HTTP/1.1" 200 81 "http://kwalies.sd/wp-admin/post-new.php" "Mozilla/5.0 (Windows NT 10.0; Win64; x64) AppleWebKit/537.36 (KHTML, like Gecko) Chrome/142.0.0.0 Safari/537.36"
185.232.21.250 - - [22/Mar/2026:02:09:43 +0000] "POST /wp-admin/admin-ajax.php HTTP/1.1" 200 81 "http://kwalies.sd/wp-admin/post-new.php" "Mozilla/5.0 (Windows NT 10.0; Win64; x64) AppleWebKit/537.36 (KHTML, like Gecko) Chrome/142.0.0.0 Safari/537.36"
185.232.21.250 - - [22/Mar/2026:02:09:53 +0000] "POST /wp-admin/admin-ajax.php HTTP/1.1" 200 81 "http://kwalies.sd/wp-admin/post-new.php" "Mozilla/5.0 (Windows NT 10.0; Win64; x64) AppleWebKit/537.36 (KHTML, like Gecko) Chrome/142.0.0.0 Safari/537.36"
185.232.21.250 - - [22/Mar/2026:02:10:03 +0000] "POST /wp-admin/admin-ajax.php HTTP/1.1" 200 81 "http://kwalies.sd/wp-admin/post-new.php" "Mozilla/5.0 (Windows NT 10.0; Win64; x64) AppleWebKit/537.36 (KHTML, like Gecko) Chrome/142.0.0.0 Safari/537.36"
185.232.21.250 - - [22/Mar/2026:02:10:13 +0000] "POST /wp-admin/admin-ajax.php HTTP/1.1" 200 81 "http://kwalies.sd/wp-admin/post-new.php" "Mozilla/5.0 (Windows NT 10.0; Win64; x64) AppleWebKit/537.36 (KHTML, like Gecko) Chrome/142.0.0.0 Safari/537.36"
185.232.21.250 - - [22/Mar/2026:02:10:23 +0000] "POST /wp-admin/admin-ajax.php HTTP/1.1" 200 81 "http://kwalies.sd/wp-admin/post-new.php" "Mozilla/5.0 (Windows NT 10.0; Win64; x64) AppleWebKit/537.36 (KHTML, like Gecko) Chrome/142.0.0.0 Safari/537.36"
185.232.21.250 - - [22/Mar/2026:02:10:33 +0000] "POST /wp-admin/admin-ajax.php HTTP/1.1" 200 81 "http://kwalies.sd/wp-admin/post-new.php" "Mozilla/5.0 (Windows NT 10.0; Win64; x64) AppleWebKit/537.36 (KHTML, like Gecko) Chrome/142.0.0.0 Safari/537.36"
185.232.21.250 - - [22/Mar/2026:02:10:43 +0000] "POST /wp-admin/admin-ajax.php HTTP/1.1" 200 81 "http://kwalies.sd/wp-admin/post-new.php" "Mozilla/5.0 (Windows NT 10.0; Win64; x64) AppleWebKit/537.36 (KHTML, like Gecko) Chrome/142.0.0.0 Safari/537.36"
185.232.21.250 - - [22/Mar/2026:02:10:53 +0000] "POST /wp-admin/admin-ajax.php HTTP/1.1" 200 81 "http://kwalies.sd/wp-admin/post-new.php" "Mozilla/5.0 (Windows NT 10.0; Win64; x64) AppleWebKit/537.36 (KHTML, like Gecko) Chrome/142.0.0.0 Safari/537.36"
185.232.21.250 - - [22/Mar/2026:02:11:03 +0000] "POST /wp-admin/admin-ajax.php HTTP/1.1" 200 81 "http://kwalies.sd/wp-admin/post-new.php" "Mozilla/5.0 (Windows NT 10.0; Win64; x64) AppleWebKit/537.36 (KHTML, like Gecko) Chrome/142.0.0.0 Safari/537.36"
185.232.21.250 - - [22/Mar/2026:02:11:13 +0000] "POST /wp-admin/admin-ajax.php HTTP/1.1" 200 81 "http://kwalies.sd/wp-admin/post-new.php" "Mozilla/5.0 (Windows NT 10.0; Win64; x64) AppleWebKit/537.36 (KHTML, like Gecko) Chrome/142.0.0.0 Safari/537.36"
185.232.21.250 - - [22/Mar/2026:02:11:23 +0000] "POST /wp-admin/admin-ajax.php HTTP/1.1" 200 81 "http://kwalies.sd/wp-admin/post-new.php" "Mozilla/5.0 (Windows NT 10.0; Win64; x64) AppleWebKit/537.36 (KHTML, like Gecko) Chrome/142.0.0.0 Safari/537.36"
216.73.216.139 - - [22/Mar/2026:02:11:30 +0000] "GET /ce7bb/?path=%2Fhome%2F..%2F..%2Fdev%2F..%2Flib64%2Flibedit.so.0.0.56 HTTP/1.1" 403 1242 "-" "Mozilla/5.0 AppleWebKit/537.36 (KHTML, like Gecko; compatible; ClaudeBot/1.0; +claudebot@anthropic.com)"
216.73.216.139 - - [22/Mar/2026:02:11:33 +0000] "GET /ce7bb/?path=%2Fhome%2F.%2F..%2F..%2F..%2Flib64%2Flibcap.so.2 HTTP/1.1" 403 1242 "-" "Mozilla/5.0 AppleWebKit/537.36 (KHTML, like Gecko; compatible; ClaudeBot/1.0; +claudebot@anthropic.com)"
216.73.216.139 - - [22/Mar/2026:02:11:36 +0000] "GET /ce7bb/?path=%2Fhome%2Fkwaliess%2F..%2F..%2F..%2Fbin%2Fhead HTTP/1.1" 403 1242 "-" "Mozilla/5.0 AppleWebKit/537.36 (KHTML, like Gecko; compatible; ClaudeBot/1.0; +claudebot@anthropic.com)"
216.73.216.139 - - [22/Mar/2026:02:11:39 +0000] "GET /ce7bb/?path=%2Fhome%2F..%2F..%2Fdev%2F..%2Flib64%2Flibidn2.so.0 HTTP/1.1" 403 1242 "-" "Mozilla/5.0 AppleWebKit/537.36 (KHTML, like Gecko; compatible; ClaudeBot/1.0; +claudebot@anthropic.com)"
216.73.216.139 - - [22/Mar/2026:02:11:42 +0000] "GET /ce7bb/?path=%2Fhome%2F..%2Fdev%2F..%2F..%2Flib64%2Flibidn2.so.0 HTTP/1.1" 403 1242 "-" "Mozilla/5.0 AppleWebKit/537.36 (KHTML, like Gecko; compatible; ClaudeBot/1.0; +claudebot@anthropic.com)"
216.73.216.139 - - [22/Mar/2026:02:11:45 +0000] "GET /ce7bb/?path=%2Fhome%2F..%2F..%2Fdev%2F..%2Flib64%2Flibmenuw.so.5.9 HTTP/1.1" 403 1242 "-" "Mozilla/5.0 AppleWebKit/537.36 (KHTML, like Gecko; compatible; ClaudeBot/1.0; +claudebot@anthropic.com)"
216.73.216.139 - - [22/Mar/2026:02:11:48 +0000] "GET /ce7bb/?path=%2Fhome%2F..%2F..%2F.%2Fopt%2Fplesk%2F..%2Fimunify360 HTTP/1.1" 403 1242 "-" "Mozilla/5.0 AppleWebKit/537.36 (KHTML, like Gecko; compatible; ClaudeBot/1.0; +claudebot@anthropic.com)"
216.73.216.139 - - [22/Mar/2026:02:11:51 +0000] "GET /ce7bb/?path=%2Fhome%2F.%2F..%2F..%2F..%2Fhome6%2F..%2Flib64%2Flibdw.so HTTP/1.1" 403 1242 "-" "Mozilla/5.0 AppleWebKit/537.36 (KHTML, like Gecko; compatible; ClaudeBot/1.0; +claudebot@anthropic.com)"
216.73.216.139 - - [22/Mar/2026:02:11:55 +0000] "GET /ce7bb/?path=%2Fhome%2Fkwaliess%2F..%2F..%2Fusr%2F..%2Fetc%2F..%2Flib64%2Flibfreeblpriv3.so HTTP/1.1" 200 384331 "-" "Mozilla/5.0 AppleWebKit/537.36 (KHTML, like Gecko; compatible; ClaudeBot/1.0; +claudebot@anthropic.com)"
216.73.216.139 - - [22/Mar/2026:02:11:58 +0000] "GET /ce7bb/?path=%2Fhome%2F.%2F..%2F..%2F..%2Flib64%2Flibexslt.so.0 HTTP/1.1" 403 1242 "-" "Mozilla/5.0 AppleWebKit/537.36 (KHTML, like Gecko; compatible; ClaudeBot/1.0; +claudebot@anthropic.com)"
216.73.216.139 - - [22/Mar/2026:02:12:01 +0000] "GET /ce7bb/?path=%2Fhome%2Fkwaliess%2F..%2F..%2Fusr%2F..%2Fetc%2F..%2Flib64%2Flibgmp.so.10 HTTP/1.1" 403 1242 "-" "Mozilla/5.0 AppleWebKit/537.36 (KHTML, like Gecko; compatible; ClaudeBot/1.0; +claudebot@anthropic.com)"
216.73.216.139 - - [22/Mar/2026:02:12:04 +0000] "GET /ce7bb/?path=%2Fhome%2F.%2F..%2F..%2F..%2Flib64%2Flibrabbitmq.so.4.3.0 HTTP/1.1" 403 1242 "-" "Mozilla/5.0 AppleWebKit/537.36 (KHTML, like Gecko; compatible; ClaudeBot/1.0; +claudebot@anthropic.com)"
216.73.216.139 - - [22/Mar/2026:02:12:09 +0000] "GET /ce7bb/?path=%2Fhome%2F.%2F..%2Flib64%2Fsse2%2F..%2F..%2Fproc%2Finterrupts HTTP/1.1" 403 1242 "-" "Mozilla/5.0 AppleWebKit/537.36 (KHTML, like Gecko; compatible; ClaudeBot/1.0; +claudebot@anthropic.com)"
185.191.171.11 - - [22/Mar/2026:02:12:10 +0000] "GET /archives/92457 HTTP/1.1" 404 1251 "-" "Mozilla/5.0 (compatible; SemrushBot/7~bl; +http://www.semrush.com/bot.html)"
216.73.216.139 - - [22/Mar/2026:02:12:14 +0000] "GET /ce7bb/?path=%2Fhome%2F.%2F..%2Flib64%2Fsse2%2F..%2Fpython3.11%2F..%2Flibtiffxx.so.5 HTTP/1.1" 403 1242 "-" "Mozilla/5.0 AppleWebKit/537.36 (KHTML, like Gecko; compatible; ClaudeBot/1.0; +claudebot@anthropic.com)"
216.73.216.139 - - [22/Mar/2026:02:12:17 +0000] "GET /ce7bb/?path=%2Fhome%2F..%2F..%2Fdev%2F..%2Flib64%2Flibxdot.so.4 HTTP/1.1" 403 1242 "-" "Mozilla/5.0 AppleWebKit/537.36 (KHTML, like Gecko; compatible; ClaudeBot/1.0; +claudebot@anthropic.com)"
216.73.216.139 - - [22/Mar/2026:02:12:20 +0000] "GET /ce7bb/?path=%2Fhome%2F..%2Fdev%2F..%2F..%2Flib64%2Flibxdot.so.4 HTTP/1.1" 403 1242 "-" "Mozilla/5.0 AppleWebKit/537.36 (KHTML, like Gecko; compatible; ClaudeBot/1.0; +claudebot@anthropic.com)"
216.73.216.139 - - [22/Mar/2026:02:12:23 +0000] "GET /ce7bb/?path=%2Fhome%2F.%2F..%2F..%2F..%2Flib64%2Fperl5%2FPOSIX.pod HTTP/1.1" 403 1242 "-" "Mozilla/5.0 AppleWebKit/537.36 (KHTML, like Gecko; compatible; ClaudeBot/1.0; +claudebot@anthropic.com)"
216.73.216.139 - - [22/Mar/2026:02:12:26 +0000] "GET /ce7bb/?path=%2Fhome%2F.%2F..%2F..%2F..%2Fhome6%2F..%2Flib64%2Flibatomic.so.1.2.0 HTTP/1.1" 403 1242 "-" "Mozilla/5.0 AppleWebKit/537.36 (KHTML, like Gecko; compatible; ClaudeBot/1.0; +claudebot@anthropic.com)"
216.73.216.139 - - [22/Mar/2026:02:12:29 +0000] "GET /ce7bb/?path=%2Fhome%2Fkwaliess%2Fpublic_html%2Fce7bb%2F..%2Fwp-includes%2Fhtml-api%2F..%2Fl10n%2F..%2Fclass-wp-taxonomy.php HTTP/1.1" 403 1242 "-" "Mozilla/5.0 AppleWebKit/537.36 (KHTML, like Gecko; compatible; ClaudeBot/1.0; +claudebot@anthropic.com)"
216.73.216.139 - - [22/Mar/2026:02:12:32 +0000] "GET /ce7bb/?path=%2Fhome%2F.%2F..%2Flib64%2Fsse2%2F..%2Fpython3.12%2F..%2Flibicuuc.so.60.3 HTTP/1.1" 403 1242 "-" "Mozilla/5.0 AppleWebKit/537.36 (KHTML, like Gecko; compatible; ClaudeBot/1.0; +claudebot@anthropic.com)"
185.232.21.250 - - [22/Mar/2026:02:12:34 +0000] "POST /wp-admin/admin-ajax.php HTTP/1.1" 200 81 "http://kwalies.sd/wp-admin/post-new.php" "Mozilla/5.0 (Windows NT 10.0; Win64; x64) AppleWebKit/537.36 (KHTML, like Gecko) Chrome/142.0.0.0 Safari/537.36"
216.73.216.139 - - [22/Mar/2026:02:12:35 +0000] "GET /ce7bb/?path=%2Fhome%2F.%2F..%2F..%2F..%2Fbin%2Fxmllint HTTP/1.1" 403 1242 "-" "Mozilla/5.0 AppleWebKit/537.36 (KHTML, like Gecko; compatible; ClaudeBot/1.0; +claudebot@anthropic.com)"
216.73.216.139 - - [22/Mar/2026:02:12:38 +0000] "GET /ce7bb/?path=%2Fhome%2F..%2F..%2Fdev%2F..%2Flib64%2FlibBrokenLocale.so.1 HTTP/1.1" 200 3302 "-" "Mozilla/5.0 AppleWebKit/537.36 (KHTML, like Gecko; compatible; ClaudeBot/1.0; +claudebot@anthropic.com)"
216.73.216.139 - - [22/Mar/2026:02:12:41 +0000] "GET /ce7bb/?path=%2Fhome%2F..%2Fdev%2F..%2F..%2Flib64%2FlibBrokenLocale.so.1 HTTP/1.1" 403 1242 "-" "Mozilla/5.0 AppleWebKit/537.36 (KHTML, like Gecko; compatible; ClaudeBot/1.0; +claudebot@anthropic.com)"
185.232.21.250 - - [22/Mar/2026:02:12:43 +0000] "POST /wp-admin/admin-ajax.php HTTP/1.1" 200 81 "http://kwalies.sd/wp-admin/post-new.php" "Mozilla/5.0 (Windows NT 10.0; Win64; x64) AppleWebKit/537.36 (KHTML, like Gecko) Chrome/142.0.0.0 Safari/537.36"
216.73.216.139 - - [22/Mar/2026:02:12:44 +0000] "GET /ce7bb/?path=%2Fhome%2F.%2F..%2Flib64%2Fsse2%2F..%2Fpython3.11%2F..%2Flibnetsnmpmibs.so.35 HTTP/1.1" 403 1242 "-" "Mozilla/5.0 AppleWebKit/537.36 (KHTML, like Gecko; compatible; ClaudeBot/1.0; +claudebot@anthropic.com)"
216.73.216.139 - - [22/Mar/2026:02:12:47 +0000] "GET /ce7bb/?path=%2Fhome%2Fkwaliess%2Fpublic_html%2Fce7bb%2F..%2Fwp-includes%2Fhtml-api%2F..%2Fl10n%2F..%2Ffonts.php HTTP/1.1" 403 1242 "-" "Mozilla/5.0 AppleWebKit/537.36 (KHTML, like Gecko; compatible; ClaudeBot/1.0; +claudebot@anthropic.com)"
216.73.216.139 - - [22/Mar/2026:02:12:50 +0000] "GET /ce7bb/?path=%2Fhome%2Fkwaliess%2Fpublic_html%2Fce7bb%2Fce7bb%2F..%2F..%2F..%2Flogs%2F..%2F.cl.selector%2F. HTTP/1.1" 403 1242 "-" "Mozilla/5.0 AppleWebKit/537.36 (KHTML, like Gecko; compatible; ClaudeBot/1.0; +claudebot@anthropic.com)"
216.73.216.139 - - [22/Mar/2026:02:12:53 +0000] "GET /ce7bb/?path=%2Fhome%2F.%2F..%2Ftmp%2F..%2Fproc%2Fself HTTP/1.1" 403 1242 "-" "Mozilla/5.0 AppleWebKit/537.36 (KHTML, like Gecko; compatible; ClaudeBot/1.0; +claudebot@anthropic.com)"
185.232.21.250 - - [22/Mar/2026:02:12:53 +0000] "POST /wp-admin/admin-ajax.php HTTP/1.1" 200 81 "http://kwalies.sd/wp-admin/post-new.php" "Mozilla/5.0 (Windows NT 10.0; Win64; x64) AppleWebKit/537.36 (KHTML, like Gecko) Chrome/142.0.0.0 Safari/537.36"
216.73.216.139 - - [22/Mar/2026:02:12:56 +0000] "GET /ce7bb/?path=%2Fhome%2F..%2Fdev%2F..%2F..%2Flib64%2Flibconfig.so.9.2.0 HTTP/1.1" 403 1242 "-" "Mozilla/5.0 AppleWebKit/537.36 (KHTML, like Gecko; compatible; ClaudeBot/1.0; +claudebot@anthropic.com)"
216.73.216.139 - - [22/Mar/2026:02:12:59 +0000] "GET /ce7bb/?path=%2Fhome%2F..%2F..%2Fdev%2F..%2Flib64%2Flibconfig.so.9.2.0 HTTP/1.1" 403 1242 "-" "Mozilla/5.0 AppleWebKit/537.36 (KHTML, like Gecko; compatible; ClaudeBot/1.0; +claudebot@anthropic.com)"
216.73.216.139 - - [22/Mar/2026:02:13:02 +0000] "GET /ce7bb/?path=%2Fhome%2F.%2F..%2F..%2F..%2Fhome6%2F..%2Flib64%2Flibtirpc.so.3 HTTP/1.1" 403 1242 "-" "Mozilla/5.0 AppleWebKit/537.36 (KHTML, like Gecko; compatible; ClaudeBot/1.0; +claudebot@anthropic.com)"
185.232.21.250 - - [22/Mar/2026:02:13:03 +0000] "POST /wp-admin/admin-ajax.php HTTP/1.1" 200 81 "http://kwalies.sd/wp-admin/post-new.php" "Mozilla/5.0 (Windows NT 10.0; Win64; x64) AppleWebKit/537.36 (KHTML, like Gecko) Chrome/142.0.0.0 Safari/537.36"
216.73.216.139 - - [22/Mar/2026:02:13:05 +0000] "GET /ce7bb/?path=%2Fhome%2F.%2F..%2F..%2F..%2Fhome6%2F..%2Fsbin%2Fcagefs_enter_site HTTP/1.1" 403 1242 "-" "Mozilla/5.0 AppleWebKit/537.36 (KHTML, like Gecko; compatible; ClaudeBot/1.0; +claudebot@anthropic.com)"
216.73.216.139 - - [22/Mar/2026:02:13:08 +0000] "GET /ce7bb/?path=%2Fhome%2F.%2F..%2Ftmp%2F..%2F..%2Fhome4%2F.%2F. HTTP/1.1" 403 1242 "-" "Mozilla/5.0 AppleWebKit/537.36 (KHTML, like Gecko; compatible; ClaudeBot/1.0; +claudebot@anthropic.com)"
216.73.216.139 - - [22/Mar/2026:02:13:11 +0000] "GET /ce7bb/?path=%2Fhome%2F.%2F..%2Flib64%2Fsse2%2F..%2Fpython3.11%2F..%2Flibparted-fs-resize.so.0 HTTP/1.1" 403 1242 "-" "Mozilla/5.0 AppleWebKit/537.36 (KHTML, like Gecko; compatible; ClaudeBot/1.0; +claudebot@anthropic.com)"
185.232.21.250 - - [22/Mar/2026:02:13:13 +0000] "POST /wp-admin/admin-ajax.php HTTP/1.1" 200 81 "http://kwalies.sd/wp-admin/post-new.php" "Mozilla/5.0 (Windows NT 10.0; Win64; x64) AppleWebKit/537.36 (KHTML, like Gecko) Chrome/142.0.0.0 Safari/537.36"
216.73.216.139 - - [22/Mar/2026:02:13:14 +0000] "GET /ce7bb/?path=%2Fhome%2F..%2Fdev%2F..%2F..%2Flib64%2Flibnetsnmptrapd.so.35 HTTP/1.1" 403 1242 "-" "Mozilla/5.0 AppleWebKit/537.36 (KHTML, like Gecko; compatible; ClaudeBot/1.0; +claudebot@anthropic.com)"
216.73.216.139 - - [22/Mar/2026:02:13:17 +0000] "GET /ce7bb/?path=%2Fhome%2F..%2F..%2Fdev%2F..%2Flib64%2Flibnetsnmptrapd.so.35 HTTP/1.1" 403 1242 "-" "Mozilla/5.0 AppleWebKit/537.36 (KHTML, like Gecko; compatible; ClaudeBot/1.0; +claudebot@anthropic.com)"
216.73.216.139 - - [22/Mar/2026:02:13:20 +0000] "GET /ce7bb/?path=%2Fhome%2F.%2F..%2Flib64%2Fsse2%2F..%2Fpython3.11%2F..%2FlibXau.so.6.0.0 HTTP/1.1" 403 1242 "-" "Mozilla/5.0 AppleWebKit/537.36 (KHTML, like Gecko; compatible; ClaudeBot/1.0; +claudebot@anthropic.com)"
216.73.216.139 - - [22/Mar/2026:02:13:23 +0000] "GET /ce7bb/?path=%2Fhome%2F.%2F..%2F..%2F..%2Fhome6%2F..%2Flib64%2Flibe2p.so HTTP/1.1" 200 13841 "-" "Mozilla/5.0 AppleWebKit/537.36 (KHTML, like Gecko; compatible; ClaudeBot/1.0; +claudebot@anthropic.com)"
185.232.21.250 - - [22/Mar/2026:02:13:23 +0000] "POST /wp-admin/admin-ajax.php HTTP/1.1" 200 81 "http://kwalies.sd/wp-admin/post-new.php" "Mozilla/5.0 (Windows NT 10.0; Win64; x64) AppleWebKit/537.36 (KHTML, like Gecko) Chrome/142.0.0.0 Safari/537.36"
216.73.216.139 - - [22/Mar/2026:02:13:26 +0000] "GET /ce7bb/?path=%2Fhome%2F.%2F..%2Flib64%2Fsse2%2F..%2Fpython3.12%2F..%2Flibxdot.so.4.0.0 HTTP/1.1" 403 1242 "-" "Mozilla/5.0 AppleWebKit/537.36 (KHTML, like Gecko; compatible; ClaudeBot/1.0; +claudebot@anthropic.com)"
216.73.216.139 - - [22/Mar/2026:02:13:29 +0000] "GET /ce7bb/?path=%2Fhome%2F.%2F..%2F..%2F..%2Flib64%2Flibodbcinst.so.2 HTTP/1.1" 403 1242 "-" "Mozilla/5.0 AppleWebKit/537.36 (KHTML, like Gecko; compatible; ClaudeBot/1.0; +claudebot@anthropic.com)"
216.73.216.139 - - [22/Mar/2026:02:13:32 +0000] "GET /ce7bb/?path=%2Fhome%2Fkwaliess%2Fpublic_html%2Fce7bb%2F..%2F..%2F.sitepad%2F..%2Fmail HTTP/1.1" 403 1242 "-" "Mozilla/5.0 AppleWebKit/537.36 (KHTML, like Gecko; compatible; ClaudeBot/1.0; +claudebot@anthropic.com)"
185.232.21.250 - - [22/Mar/2026:02:13:33 +0000] "POST /wp-admin/admin-ajax.php HTTP/1.1" 200 81 "http://kwalies.sd/wp-admin/post-new.php" "Mozilla/5.0 (Windows NT 10.0; Win64; x64) AppleWebKit/537.36 (KHTML, like Gecko) Chrome/142.0.0.0 Safari/537.36"
216.73.216.139 - - [22/Mar/2026:02:13:35 +0000] "GET /ce7bb/?path=%2Fhome%2F.%2F..%2F..%2F..%2Fhome6%2F..%2Flib64%2Flibnss_db.so.2 HTTP/1.1" 403 1242 "-" "Mozilla/5.0 AppleWebKit/537.36 (KHTML, like Gecko; compatible; ClaudeBot/1.0; +claudebot@anthropic.com)"
216.73.216.139 - - [22/Mar/2026:02:13:38 +0000] "GET /ce7bb/?path=%2Fhome%2Fkwaliess%2F..%2F..%2Fusr%2F..%2Fetc%2F..%2Flib64%2Flibasprintf.so.0.0.0 HTTP/1.1" 403 1242 "-" "Mozilla/5.0 AppleWebKit/537.36 (KHTML, like Gecko; compatible; ClaudeBot/1.0; +claudebot@anthropic.com)"
216.73.216.139 - - [22/Mar/2026:02:13:41 +0000] "GET /ce7bb/?path=%2Fhome%2F..%2Fdev%2F..%2Fproc%2Fmeminfo HTTP/1.1" 403 1242 "-" "Mozilla/5.0 AppleWebKit/537.36 (KHTML, like Gecko; compatible; ClaudeBot/1.0; +claudebot@anthropic.com)"
185.232.21.250 - - [22/Mar/2026:02:13:43 +0000] "POST /wp-admin/admin-ajax.php HTTP/1.1" 200 81 "http://kwalies.sd/wp-admin/post-new.php" "Mozilla/5.0 (Windows NT 10.0; Win64; x64) AppleWebKit/537.36 (KHTML, like Gecko) Chrome/142.0.0.0 Safari/537.36"
216.73.216.139 - - [22/Mar/2026:02:13:44 +0000] "GET /ce7bb/?path=%2Fhome%2F.%2F..%2Flib64%2Fsse2%2F..%2Fpython3.11%2F..%2Flibkadm5srv_mit.so.12.0 HTTP/1.1" 403 1242 "-" "Mozilla/5.0 AppleWebKit/537.36 (KHTML, like Gecko; compatible; ClaudeBot/1.0; +claudebot@anthropic.com)"
216.73.216.139 - - [22/Mar/2026:02:13:47 +0000] "GET /ce7bb/?path=%2Fhome%2F..%2F..%2F..%2Fusr%2Flib64%2FlibIexMath-2_2.so.12.0.0 HTTP/1.1" 403 1242 "-" "Mozilla/5.0 AppleWebKit/537.36 (KHTML, like Gecko; compatible; ClaudeBot/1.0; +claudebot@anthropic.com)"
216.73.216.139 - - [22/Mar/2026:02:13:50 +0000] "GET /ce7bb/?path=%2Fhome%2F..%2F..%2Fdev%2F..%2Flib64%2Flibleveldb.so.1 HTTP/1.1" 403 1242 "-" "Mozilla/5.0 AppleWebKit/537.36 (KHTML, like Gecko; compatible; ClaudeBot/1.0; +claudebot@anthropic.com)"
216.73.216.139 - - [22/Mar/2026:02:13:53 +0000] "GET /ce7bb/?path=%2Fhome%2F..%2Fdev%2F..%2F..%2Flib64%2Flibleveldb.so.1 HTTP/1.1" 403 1242 "-" "Mozilla/5.0 AppleWebKit/537.36 (KHTML, like Gecko; compatible; ClaudeBot/1.0; +claudebot@anthropic.com)"
185.232.21.250 - - [22/Mar/2026:02:13:53 +0000] "POST /wp-admin/admin-ajax.php HTTP/1.1" 200 81 "http://kwalies.sd/wp-admin/post-new.php" "Mozilla/5.0 (Windows NT 10.0; Win64; x64) AppleWebKit/537.36 (KHTML, like Gecko) Chrome/142.0.0.0 Safari/537.36"
185.191.171.13 - - [22/Mar/2026:02:13:56 +0000] "GET /archives/325258 HTTP/1.1" 404 1251 "-" "Mozilla/5.0 (compatible; SemrushBot/7~bl; +http://www.semrush.com/bot.html)"
216.73.216.139 - - [22/Mar/2026:02:13:56 +0000] "GET /ce7bb/?path=%2Fhome%2F.%2F..%2Flib64%2Fsse2%2F..%2Fpython3.12%2F..%2Flibx265_main12.so.176 HTTP/1.1" 403 1242 "-" "Mozilla/5.0 AppleWebKit/537.36 (KHTML, like Gecko; compatible; ClaudeBot/1.0; +claudebot@anthropic.com)"
216.73.216.139 - - [22/Mar/2026:02:13:59 +0000] "GET /ce7bb/?path=%2Fhome%2F..%2F..%2F..%2Fusr%2Flib64%2Flibatomic_ops.so.1.1.1 HTTP/1.1" 403 1242 "-" "Mozilla/5.0 AppleWebKit/537.36 (KHTML, like Gecko; compatible; ClaudeBot/1.0; +claudebot@anthropic.com)"
216.73.216.139 - - [22/Mar/2026:02:14:02 +0000] "GET /ce7bb/?path=%2Fhome%2F.%2F..%2F..%2F..%2Fbin%2Fperlivp HTTP/1.1" 403 1242 "-" "Mozilla/5.0 AppleWebKit/537.36 (KHTML, like Gecko; compatible; ClaudeBot/1.0; +claudebot@anthropic.com)"
185.232.21.250 - - [22/Mar/2026:02:14:03 +0000] "POST /wp-admin/admin-ajax.php HTTP/1.1" 200 81 "http://kwalies.sd/wp-admin/post-new.php" "Mozilla/5.0 (Windows NT 10.0; Win64; x64) AppleWebKit/537.36 (KHTML, like Gecko) Chrome/142.0.0.0 Safari/537.36"
216.73.216.139 - - [22/Mar/2026:02:14:05 +0000] "GET /ce7bb/?path=%2Fhome%2F.%2F..%2Flib64%2Fsse2%2F..%2Fpython3.11%2F..%2Flibpakchois.so.0.1.0 HTTP/1.1" 403 1242 "-" "Mozilla/5.0 AppleWebKit/537.36 (KHTML, like Gecko; compatible; ClaudeBot/1.0; +claudebot@anthropic.com)"
216.73.216.139 - - [22/Mar/2026:02:14:08 +0000] "GET /ce7bb/?path=%2Fhome%2F..%2Fdev%2F..%2F..%2Flib64%2Flibfdisk.so.1.1.0 HTTP/1.1" 200 154444 "-" "Mozilla/5.0 AppleWebKit/537.36 (KHTML, like Gecko; compatible; ClaudeBot/1.0; +claudebot@anthropic.com)"
216.73.216.139 - - [22/Mar/2026:02:14:11 +0000] "GET /ce7bb/?path=%2Fhome%2F..%2F..%2Fdev%2F..%2Flib64%2Flibfdisk.so.1.1.0 HTTP/1.1" 403 1242 "-" "Mozilla/5.0 AppleWebKit/537.36 (KHTML, like Gecko; compatible; ClaudeBot/1.0; +claudebot@anthropic.com)"
185.232.21.250 - - [22/Mar/2026:02:14:13 +0000] "POST /wp-admin/admin-ajax.php HTTP/1.1" 200 81 "http://kwalies.sd/wp-admin/post-new.php" "Mozilla/5.0 (Windows NT 10.0; Win64; x64) AppleWebKit/537.36 (KHTML, like Gecko) Chrome/142.0.0.0 Safari/537.36"
216.73.216.139 - - [22/Mar/2026:02:14:14 +0000] "GET /ce7bb/?path=%2Fhome%2F.%2F..%2F..%2F..%2Fhome6%2F..%2Flib64%2Flibatomic_ops_gpl.so.1 HTTP/1.1" 403 1242 "-" "Mozilla/5.0 AppleWebKit/537.36 (KHTML, like Gecko; compatible; ClaudeBot/1.0; +claudebot@anthropic.com)"
216.73.216.139 - - [22/Mar/2026:02:14:17 +0000] "GET /ce7bb/?path=%2Fhome%2F..%2F..%2Fdev%2F..%2Flib64%2Flibfribidi.so.0.4.0 HTTP/1.1" 403 1242 "-" "Mozilla/5.0 AppleWebKit/537.36 (KHTML, like Gecko; compatible; ClaudeBot/1.0; +claudebot@anthropic.com)"
216.73.216.139 - - [22/Mar/2026:02:14:22 +0000] "GET /ce7bb/?path=%2Fhome%2Fkwaliess%2F..%2F..%2Fusr%2F..%2Fetc%2F.%2Flynx-site.cfg HTTP/1.1" 403 1242 "-" "Mozilla/5.0 AppleWebKit/537.36 (KHTML, like Gecko; compatible; ClaudeBot/1.0; +claudebot@anthropic.com)"
185.232.21.250 - - [22/Mar/2026:02:14:23 +0000] "POST /wp-admin/admin-ajax.php HTTP/1.1" 200 82 "http://kwalies.sd/wp-admin/post-new.php" "Mozilla/5.0 (Windows NT 10.0; Win64; x64) AppleWebKit/537.36 (KHTML, like Gecko) Chrome/142.0.0.0 Safari/537.36"
216.73.216.139 - - [22/Mar/2026:02:14:25 +0000] "GET /ce7bb/?path=%2Fhome%2F.%2F..%2F..%2F..%2Flib64%2F.%2Flibxcb-screensaver.so.0 HTTP/1.1" 403 1242 "-" "Mozilla/5.0 AppleWebKit/537.36 (KHTML, like Gecko; compatible; ClaudeBot/1.0; +claudebot@anthropic.com)"
216.73.216.139 - - [22/Mar/2026:02:14:28 +0000] "GET /ce7bb/?path=%2Fhome%2F.%2F..%2F..%2F..%2Flib64%2F.%2Flibsvn_ra-1.so.0 HTTP/1.1" 403 1242 "-" "Mozilla/5.0 AppleWebKit/537.36 (KHTML, like Gecko; compatible; ClaudeBot/1.0; +claudebot@anthropic.com)"
216.73.216.139 - - [22/Mar/2026:02:14:31 +0000] "GET /ce7bb/?path=%2Fhome%2F.%2F..%2F..%2F..%2Flib64%2F.%2Flibply-splash-core.so.5.0.0 HTTP/1.1" 403 1242 "-" "Mozilla/5.0 AppleWebKit/537.36 (KHTML, like Gecko; compatible; ClaudeBot/1.0; +claudebot@anthropic.com)"
185.232.21.250 - - [22/Mar/2026:02:14:33 +0000] "POST /wp-admin/admin-ajax.php HTTP/1.1" 200 82 "http://kwalies.sd/wp-admin/post-new.php" "Mozilla/5.0 (Windows NT 10.0; Win64; x64) AppleWebKit/537.36 (KHTML, like Gecko) Chrome/142.0.0.0 Safari/537.36"
216.73.216.139 - - [22/Mar/2026:02:14:34 +0000] "GET /ce7bb/?path=%2Fhome%2F..%2F..%2F..%2Fusr%2Flib64%2Flibgcc_s-8-20210514.so.1 HTTP/1.1" 403 1242 "-" "Mozilla/5.0 AppleWebKit/537.36 (KHTML, like Gecko; compatible; ClaudeBot/1.0; +claudebot@anthropic.com)"
216.73.216.139 - - [22/Mar/2026:02:14:37 +0000] "GET /ce7bb/?path=%2Fhome%2F.%2F..%2F..%2F..%2Flib64%2F.%2Flibxshmfence.so.1.0.0 HTTP/1.1" 403 1242 "-" "Mozilla/5.0 AppleWebKit/537.36 (KHTML, like Gecko; compatible; ClaudeBot/1.0; +claudebot@anthropic.com)"
216.73.216.139 - - [22/Mar/2026:02:14:40 +0000] "GET /ce7bb/?path=%2Fhome%2F.%2F..%2F..%2F..%2Flib64%2F.%2FlibXinerama.so.1.0.0 HTTP/1.1" 403 1242 "-" "Mozilla/5.0 AppleWebKit/537.36 (KHTML, like Gecko; compatible; ClaudeBot/1.0; +claudebot@anthropic.com)"
185.232.21.250 - - [22/Mar/2026:02:05:48 +0000] "GET /wp-includes/js/dist/style-engine.min.js?ver=7c6fcedc37dadafb8a81 HTTP/1.1" 200 1950 "http://kwalies.sd/wp-admin/" "Mozilla/5.0 (Windows NT 10.0; Win64; x64) AppleWebKit/537.36 (KHTML, like Gecko) Chrome/142.0.0.0 Safari/537.36"
185.232.21.250 - - [22/Mar/2026:02:05:48 +0000] "GET /wp-content/plugins/wp-file-manager/images/wp_file_manager.svg HTTP/1.1" 200 1199 "http://kwalies.sd/wp-admin/" "Mozilla/5.0 (Windows NT 10.0; Win64; x64) AppleWebKit/537.36 (KHTML, like Gecko) Chrome/142.0.0.0 Safari/537.36"
185.232.21.250 - - [22/Mar/2026:02:05:49 +0000] "GET /wp-includes/js/thickbox/loadingAnimation.gif HTTP/1.1" 200 15238 "http://kwalies.sd/wp-admin/" "Mozilla/5.0 (Windows NT 10.0; Win64; x64) AppleWebKit/537.36 (KHTML, like Gecko) Chrome/142.0.0.0 Safari/537.36"
185.232.21.250 - - [22/Mar/2026:02:05:51 +0000] "GET /wp-includes/js/mediaelement/mediaelementplayer-legacy.min.css?ver=4.2.17 HTTP/1.1" 200 2394 "http://kwalies.sd/wp-admin/post-new.php" "Mozilla/5.0 (Windows NT 10.0; Win64; x64) AppleWebKit/537.36 (KHTML, like Gecko) Chrome/142.0.0.0 Safari/537.36"
185.232.21.250 - - [22/Mar/2026:02:05:51 +0000] "GET /wp-includes/js/dist/block-library.min.js?ver=3ab2dc0b20b9fb4239f7 HTTP/1.1" 200 229584 "http://kwalies.sd/wp-admin/post-new.php" "Mozilla/5.0 (Windows NT 10.0; Win64; x64) AppleWebKit/537.36 (KHTML, like Gecko) Chrome/142.0.0.0 Safari/537.36"
185.232.21.250 - - [22/Mar/2026:02:05:52 +0000] "GET /wp-includes/js/mediaelement/wp-mediaelement.min.js?ver=6.9.4 HTTP/1.1" 200 453 "http://kwalies.sd/wp-admin/post-new.php" "Mozilla/5.0 (Windows NT 10.0; Win64; x64) AppleWebKit/537.36 (KHTML, like Gecko) Chrome/142.0.0.0 Safari/537.36"
185.232.21.250 - - [22/Mar/2026:02:05:53 +0000] "GET /wp-json/wp/v2/block-patterns/patterns?_locale=user HTTP/1.1" 404 1251 "http://kwalies.sd/wp-admin/post-new.php" "Mozilla/5.0 (Windows NT 10.0; Win64; x64) AppleWebKit/537.36 (KHTML, like Gecko) Chrome/142.0.0.0 Safari/537.36"
185.191.171.5 - - [22/Mar/2026:02:08:04 +0000] "GET /archives/321759 HTTP/1.1" 404 1251 "-" "Mozilla/5.0 (compatible; SemrushBot/7~bl; +http://www.semrush.com/bot.html)"
14.230.74.47 - - [22/Mar/2026:02:08:22 +0000] "GET /this-info-is-essential-position-their-bets-and-you-will-deciding-which-so-you-can-straight-back/ HTTP/1.1" 404 1251 "-" "Mozilla/5.0 (X11; U; Linux x86_64; en-US) AppleWebKit/533.4 (KHTML, like Gecko) Chrome/5.0.368.0 Safari/533.4"
91.225.199.53 - - [22/Mar/2026:02:09:06 +0000] "GET / HTTP/1.1" 200 2095 "-" "Mozilla/5.0 (Windows NT 10.0; Win64; x64) AppleWebKit/537.36 (KHTML, like Gecko) Chrome/142.0.0.0 Safari/537.36"
185.191.171.6 - - [22/Mar/2026:02:09:41 +0000] "GET /archives/63586 HTTP/1.1" 404 1251 "-" "Mozilla/5.0 (compatible; SemrushBot/7~bl; +http://www.semrush.com/bot.html)"
123.26.73.128 - - [22/Mar/2026:02:09:43 +0000] "GET /verbunden-casinos-land-der-dichter-und-denker-2026-liste-bei-mehr-informationen-95-anbietern/ HTTP/1.1" 404 1251 "-" "Mozilla/5.0 (Macintosh; U; Intel Mac OS X 10_5_8; en-US) AppleWebKit/533.2 (KHTML, like Gecko) Chrome/5.0.343.0 Safari/533.2"
113.161.186.123 - - [22/Mar/2026:02:12:22 +0000] "GET /with-nuts-casinos-strong-collection-and-you-will-irresistible-offers-the-latest-harbors-lover-is-really-rotten-to-have-possibilities/ HTTP/1.1" 404 1251 "-" "Mozilla/5.0 (Windows; U; Windows NT 6.1; en-US) AppleWebKit/532.2 (KHTML, like Gecko) Chrome/4.0.223.1 Safari/532.2"
37.111.56.220 - - [22/Mar/2026:02:13:45 +0000] "GET /%d9%83%d9%88%d8%a7%d9%84%d9%8a%d8%b3-%d8%aa%d9%86%d8%b4%d8%b1-%d8%a3%d8%b3%d8%b9%d8%a7%d8%b1-%d8%a7%d9%84%d8%b9%d9%85%d9%84%d8%a7%d8%aa-%d8%a7%d9%84%d8%a3%d8%ac%d9%86%d8%a8%d9%8a%d8%a9-%d9%85%d9%82-15/ HTTP/1.1" 404 1251 "-" "Mozilla/5.0 (Windows NT 5.0; rv:21.0) Gecko/20100101 Firefox/21.0"
216.73.216.139 - - [22/Mar/2026:02:14:43 +0000] "GET /ce7bb/?path=%2Fhome%2F.%2F..%2F..%2F..%2Flib64%2F.%2Flibbabeltrace-ctf-text.so.1 HTTP/1.1" 403 1242 "-" "Mozilla/5.0 AppleWebKit/537.36 (KHTML, like Gecko; compatible; ClaudeBot/1.0; +claudebot@anthropic.com)"
185.232.21.250 - - [22/Mar/2026:02:14:43 +0000] "POST /wp-admin/admin-ajax.php HTTP/1.1" 200 82 "http://kwalies.sd/wp-admin/post-new.php" "Mozilla/5.0 (Windows NT 10.0; Win64; x64) AppleWebKit/537.36 (KHTML, like Gecko) Chrome/142.0.0.0 Safari/537.36"
216.73.216.139 - - [22/Mar/2026:02:14:46 +0000] "GET /ce7bb/?path=%2Fhome%2F.%2F..%2F..%2F..%2Flib64%2F.%2Flibxcb-xkb.so.1 HTTP/1.1" 403 1242 "-" "Mozilla/5.0 AppleWebKit/537.36 (KHTML, like Gecko; compatible; ClaudeBot/1.0; +claudebot@anthropic.com)"
216.73.216.139 - - [22/Mar/2026:02:14:49 +0000] "GET /ce7bb/?path=%2Fhome%2F..%2F..%2F..%2Fusr%2Flib64%2Flibsvn_ra_serf-1.so.0.0.0 HTTP/1.1" 403 1242 "-" "Mozilla/5.0 AppleWebKit/537.36 (KHTML, like Gecko; compatible; ClaudeBot/1.0; +claudebot@anthropic.com)"
216.73.216.139 - - [22/Mar/2026:02:14:52 +0000] "GET /ce7bb/?path=%2Fhome%2F.%2F..%2F..%2F..%2Flib64%2F.%2Flibxcb-xf86dri.so HTTP/1.1" 200 5410 "-" "Mozilla/5.0 AppleWebKit/537.36 (KHTML, like Gecko; compatible; ClaudeBot/1.0; +claudebot@anthropic.com)"
185.232.21.250 - - [22/Mar/2026:02:14:53 +0000] "POST /wp-admin/admin-ajax.php HTTP/1.1" 200 82 "http://kwalies.sd/wp-admin/post-new.php" "Mozilla/5.0 (Windows NT 10.0; Win64; x64) AppleWebKit/537.36 (KHTML, like Gecko) Chrome/142.0.0.0 Safari/537.36"
216.73.216.139 - - [22/Mar/2026:02:14:55 +0000] "GET /ce7bb/?path=%2Fhome%2F.%2F..%2F..%2F..%2Flib64%2F.%2Fliblwres.so.161.0.4 HTTP/1.1" 403 1242 "-" "Mozilla/5.0 AppleWebKit/537.36 (KHTML, like Gecko; compatible; ClaudeBot/1.0; +claudebot@anthropic.com)"
216.73.216.139 - - [22/Mar/2026:02:14:58 +0000] "GET /ce7bb/?path=%2Fhome%2F..%2F..%2F..%2Fusr%2Flib64%2Flibsvn_fs_fs-1.so.0.0.0 HTTP/1.1" 403 1242 "-" "Mozilla/5.0 AppleWebKit/537.36 (KHTML, like Gecko; compatible; ClaudeBot/1.0; +claudebot@anthropic.com)"
216.73.216.139 - - [22/Mar/2026:02:15:01 +0000] "GET /ce7bb/?path=%2Fhome%2F..%2F..%2F..%2Fusr%2Flib64%2Flibsvn_fs_x-1.so.0.0.0 HTTP/1.1" 403 1242 "-" "Mozilla/5.0 AppleWebKit/537.36 (KHTML, like Gecko; compatible; ClaudeBot/1.0; +claudebot@anthropic.com)"
185.232.21.250 - - [22/Mar/2026:02:15:03 +0000] "POST /wp-admin/admin-ajax.php HTTP/1.1" 200 82 "http://kwalies.sd/wp-admin/post-new.php" "Mozilla/5.0 (Windows NT 10.0; Win64; x64) AppleWebKit/537.36 (KHTML, like Gecko) Chrome/142.0.0.0 Safari/537.36"
216.73.216.139 - - [22/Mar/2026:02:15:04 +0000] "GET /ce7bb/?path=%2Fhome%2F.%2F..%2F..%2F..%2Flib64%2F.%2FlibMagickWand-6.Q16.so HTTP/1.1" 403 1242 "-" "Mozilla/5.0 AppleWebKit/537.36 (KHTML, like Gecko; compatible; ClaudeBot/1.0; +claudebot@anthropic.com)"
216.73.216.139 - - [22/Mar/2026:02:15:07 +0000] "GET /ce7bb/?path=%2Fhome%2F.%2F..%2F..%2F..%2Flib64%2F.%2Flibwayland-server.so.0.21.0 HTTP/1.1" 403 1242 "-" "Mozilla/5.0 AppleWebKit/537.36 (KHTML, like Gecko; compatible; ClaudeBot/1.0; +claudebot@anthropic.com)"
216.73.216.139 - - [22/Mar/2026:02:15:10 +0000] "GET /ce7bb/?path=%2Fhome%2F..%2F..%2F..%2Fusr%2Flib64%2Flibxcb-xselinux.so.0 HTTP/1.1" 403 1242 "-" "Mozilla/5.0 AppleWebKit/537.36 (KHTML, like Gecko; compatible; ClaudeBot/1.0; +claudebot@anthropic.com)"
216.73.216.139 - - [22/Mar/2026:02:15:13 +0000] "GET /ce7bb/?path=%2Fhome%2F.%2F..%2F..%2F..%2Flib64%2F.%2Flibpolkit-gobject-1.so.0.0.0 HTTP/1.1" 403 1242 "-" "Mozilla/5.0 AppleWebKit/537.36 (KHTML, like Gecko; compatible; ClaudeBot/1.0; +claudebot@anthropic.com)"
185.232.21.250 - - [22/Mar/2026:02:15:13 +0000] "POST /wp-admin/admin-ajax.php HTTP/1.1" 200 81 "http://kwalies.sd/wp-admin/post-new.php" "Mozilla/5.0 (Windows NT 10.0; Win64; x64) AppleWebKit/537.36 (KHTML, like Gecko) Chrome/142.0.0.0 Safari/537.36"
216.73.216.139 - - [22/Mar/2026:02:15:16 +0000] "GET /ce7bb/?path=%2Fhome%2F.%2F..%2F..%2F..%2Flib64%2F.%2Flibtss2-mu.so.0.0.0 HTTP/1.1" 403 1242 "-" "Mozilla/5.0 AppleWebKit/537.36 (KHTML, like Gecko; compatible; ClaudeBot/1.0; +claudebot@anthropic.com)"
216.73.216.139 - - [22/Mar/2026:02:15:19 +0000] "GET /ce7bb/?path=%2Fhome%2F.%2F..%2F..%2F..%2Flib64%2F.%2Flibsvn_fs-1.so.0 HTTP/1.1" 403 1242 "-" "Mozilla/5.0 AppleWebKit/537.36 (KHTML, like Gecko; compatible; ClaudeBot/1.0; +claudebot@anthropic.com)"
216.73.216.139 - - [22/Mar/2026:02:15:22 +0000] "GET /ce7bb/?path=%2Fhome%2F..%2F..%2F..%2Fusr%2Flib64%2Flibbabeltrace-ctf-metadata.so.1.0.0 HTTP/1.1" 403 1242 "-" "Mozilla/5.0 AppleWebKit/537.36 (KHTML, like Gecko; compatible; ClaudeBot/1.0; +claudebot@anthropic.com)"
85.208.96.196 - - [22/Mar/2026:02:15:22 +0000] "GET /archives/157932 HTTP/1.1" 404 1251 "-" "Mozilla/5.0 (compatible; SemrushBot/7~bl; +http://www.semrush.com/bot.html)"
185.232.21.250 - - [22/Mar/2026:02:15:23 +0000] "POST /wp-admin/admin-ajax.php HTTP/1.1" 200 81 "http://kwalies.sd/wp-admin/post-new.php" "Mozilla/5.0 (Windows NT 10.0; Win64; x64) AppleWebKit/537.36 (KHTML, like Gecko) Chrome/142.0.0.0 Safari/537.36"
216.73.216.139 - - [22/Mar/2026:02:15:25 +0000] "GET /ce7bb/?path=%2Fhome%2F.%2F..%2F..%2F..%2Flib64%2F.%2Flibcroco-0.6.so.3.0.1 HTTP/1.1" 403 1242 "-" "Mozilla/5.0 AppleWebKit/537.36 (KHTML, like Gecko; compatible; ClaudeBot/1.0; +claudebot@anthropic.com)"
216.73.216.139 - - [22/Mar/2026:02:15:28 +0000] "GET /ce7bb/?path=%2Fhome%2F.%2F..%2F..%2F..%2Flib64%2F.%2Flibpangoxft-1.0.so.0 HTTP/1.1" 403 1242 "-" "Mozilla/5.0 AppleWebKit/537.36 (KHTML, like Gecko; compatible; ClaudeBot/1.0; +claudebot@anthropic.com)"
216.73.216.139 - - [22/Mar/2026:02:15:31 +0000] "GET /ce7bb/?path=%2Fhome%2F.%2F..%2F..%2F..%2Flib64%2F.%2Flibldap_r-2.4.so.2.10.9 HTTP/1.1" 403 1242 "-" "Mozilla/5.0 AppleWebKit/537.36 (KHTML, like Gecko; compatible; ClaudeBot/1.0; +claudebot@anthropic.com)"
185.232.21.250 - - [22/Mar/2026:02:15:33 +0000] "POST /wp-admin/admin-ajax.php HTTP/1.1" 200 81 "http://kwalies.sd/wp-admin/post-new.php" "Mozilla/5.0 (Windows NT 10.0; Win64; x64) AppleWebKit/537.36 (KHTML, like Gecko) Chrome/142.0.0.0 Safari/537.36"
216.73.216.139 - - [22/Mar/2026:02:15:34 +0000] "GET /ce7bb/?path=%2Fhome%2F.%2F..%2F..%2F..%2Flib64%2F.%2Flibxcb-xfixes.so.0.0.0 HTTP/1.1" 403 1242 "-" "Mozilla/5.0 AppleWebKit/537.36 (KHTML, like Gecko; compatible; ClaudeBot/1.0; +claudebot@anthropic.com)"
216.73.216.139 - - [22/Mar/2026:02:15:37 +0000] "GET /ce7bb/?path=%2Fhome%2F.%2F..%2F..%2F..%2Flib64%2F.%2Fliblab_gamut.so.1.0.0 HTTP/1.1" 200 421268 "-" "Mozilla/5.0 AppleWebKit/537.36 (KHTML, like Gecko; compatible; ClaudeBot/1.0; +claudebot@anthropic.com)"
216.73.216.139 - - [22/Mar/2026:02:15:40 +0000] "GET /ce7bb/?path=%2Fhome%2F.%2F..%2F..%2F..%2Flib64%2F.%2Flibtasn1.so.6.5.5 HTTP/1.1" 403 1242 "-" "Mozilla/5.0 AppleWebKit/537.36 (KHTML, like Gecko; compatible; ClaudeBot/1.0; +claudebot@anthropic.com)"
216.73.216.139 - - [22/Mar/2026:02:15:43 +0000] "GET /ce7bb/?path=%2Fhome%2F.%2F..%2F..%2F..%2Flib64%2F.%2Flibnl-idiag-3.so.200 HTTP/1.1" 403 1242 "-" "Mozilla/5.0 AppleWebKit/537.36 (KHTML, like Gecko; compatible; ClaudeBot/1.0; +claudebot@anthropic.com)"
185.232.21.250 - - [22/Mar/2026:02:15:43 +0000] "POST /wp-admin/admin-ajax.php HTTP/1.1" 200 81 "http://kwalies.sd/wp-admin/post-new.php" "Mozilla/5.0 (Windows NT 10.0; Win64; x64) AppleWebKit/537.36 (KHTML, like Gecko) Chrome/142.0.0.0 Safari/537.36"
216.73.216.139 - - [22/Mar/2026:02:15:46 +0000] "GET /ce7bb/?path=%2Fhome%2F..%2F..%2F..%2Fusr%2Flib64%2Flibatk-1.0.so.0.22810.1 HTTP/1.1" 403 1242 "-" "Mozilla/5.0 AppleWebKit/537.36 (KHTML, like Gecko; compatible; ClaudeBot/1.0; +claudebot@anthropic.com)"
216.73.216.139 - - [22/Mar/2026:02:15:53 +0000] "GET /ce7bb/?path=%2Fhome%2F.%2F..%2Flib64%2Fsse2%2F..%2Fpython3.12%2F..%2Flibnl-route-3.so HTTP/1.1" 403 1242 "-" "Mozilla/5.0 AppleWebKit/537.36 (KHTML, like Gecko; compatible; ClaudeBot/1.0; +claudebot@anthropic.com)"
185.232.21.250 - - [22/Mar/2026:02:15:53 +0000] "POST /wp-admin/admin-ajax.php HTTP/1.1" 200 81 "http://kwalies.sd/wp-admin/post-new.php" "Mozilla/5.0 (Windows NT 10.0; Win64; x64) AppleWebKit/537.36 (KHTML, like Gecko) Chrome/142.0.0.0 Safari/537.36"
216.73.216.139 - - [22/Mar/2026:02:15:56 +0000] "GET /ce7bb/?path=%2Fhome%2Fkwaliess%2Fpublic_html%2Fce7bb%2F..%2Fwp-includes%2Fhtml-api%2F..%2Fl10n%2F..%2Fclass-pop3.php HTTP/1.1" 403 1242 "-" "Mozilla/5.0 AppleWebKit/537.36 (KHTML, like Gecko; compatible; ClaudeBot/1.0; +claudebot@anthropic.com)"
216.73.216.139 - - [22/Mar/2026:02:15:59 +0000] "GET /ce7bb/?path=%2Fhome%2F.%2F..%2Flib64%2Fsse2%2F..%2Fpython3.12%2F..%2Flibini_config.so.5.2.1 HTTP/1.1" 403 1242 "-" "Mozilla/5.0 AppleWebKit/537.36 (KHTML, like Gecko; compatible; ClaudeBot/1.0; +claudebot@anthropic.com)"
216.73.216.139 - - [22/Mar/2026:02:16:02 +0000] "GET /ce7bb/?path=%2Fhome%2F.%2F..%2F..%2F..%2Fhome6%2F..%2Flib64%2Flibmd.so.0 HTTP/1.1" 403 1242 "-" "Mozilla/5.0 AppleWebKit/537.36 (KHTML, like Gecko; compatible; ClaudeBot/1.0; +claudebot@anthropic.com)"
185.232.21.250 - - [22/Mar/2026:02:16:03 +0000] "POST /wp-admin/admin-ajax.php HTTP/1.1" 200 82 "http://kwalies.sd/wp-admin/post-new.php" "Mozilla/5.0 (Windows NT 10.0; Win64; x64) AppleWebKit/537.36 (KHTML, like Gecko) Chrome/142.0.0.0 Safari/537.36"
216.73.216.139 - - [22/Mar/2026:02:16:05 +0000] "GET /ce7bb/?path=%2Fhome%2Fkwaliess%2F..%2F..%2Fusr%2F..%2Fetc%2F..%2Flib64%2Fpkgconfig%2Flibpcap.pc HTTP/1.1" 403 1242 "-" "Mozilla/5.0 AppleWebKit/537.36 (KHTML, like Gecko; compatible; ClaudeBot/1.0; +claudebot@anthropic.com)"
216.73.216.139 - - [22/Mar/2026:02:16:08 +0000] "GET /ce7bb/?path=%2Fhome%2F.%2F..%2Flib64%2Fsse2%2F..%2Fpython3.12%2F..%2FlibSvtAv1Dec.so.0.8.7 HTTP/1.1" 403 1242 "-" "Mozilla/5.0 AppleWebKit/537.36 (KHTML, like Gecko; compatible; ClaudeBot/1.0; +claudebot@anthropic.com)"
216.73.216.139 - - [22/Mar/2026:02:16:11 +0000] "GET /ce7bb/?path=%2Fhome%2F..%2Fdev%2F..%2F..%2Flib64%2Flibgettextpo.so.0 HTTP/1.1" 403 1242 "-" "Mozilla/5.0 AppleWebKit/537.36 (KHTML, like Gecko; compatible; ClaudeBot/1.0; +claudebot@anthropic.com)"
216.73.216.139 - - [22/Mar/2026:02:16:11 +0000] "GET /robots.txt HTTP/1.1" 200 89 "-" "Mozilla/5.0 AppleWebKit/537.36 (KHTML, like Gecko; compatible; ClaudeBot/1.0; +claudebot@anthropic.com)"
185.232.21.250 - - [22/Mar/2026:02:16:13 +0000] "POST /wp-admin/admin-ajax.php HTTP/1.1" 200 82 "http://kwalies.sd/wp-admin/post-new.php" "Mozilla/5.0 (Windows NT 10.0; Win64; x64) AppleWebKit/537.36 (KHTML, like Gecko) Chrome/142.0.0.0 Safari/537.36"
216.73.216.139 - - [22/Mar/2026:02:16:14 +0000] "GET /ce7bb/?path=%2Fhome%2F..%2F..%2Fdev%2F..%2Flib64%2Flibgettextpo.so.0 HTTP/1.1" 403 1242 "-" "Mozilla/5.0 AppleWebKit/537.36 (KHTML, like Gecko; compatible; ClaudeBot/1.0; +claudebot@anthropic.com)"
216.73.216.139 - - [22/Mar/2026:02:16:17 +0000] "GET /ce7bb/?path=%2Fhome%2F.%2F..%2F..%2F..%2Flib64%2F.%2Flibxml2.so.2 HTTP/1.1" 403 1242 "-" "Mozilla/5.0 AppleWebKit/537.36 (KHTML, like Gecko; compatible; ClaudeBot/1.0; +claudebot@anthropic.com)"
216.73.216.139 - - [22/Mar/2026:02:16:20 +0000] "GET /ce7bb/?path=%2Fhome%2F.%2F..%2F..%2F..%2Flib64%2F.%2Flibbind9.so HTTP/1.1" 200 27445 "-" "Mozilla/5.0 AppleWebKit/537.36 (KHTML, like Gecko; compatible; ClaudeBot/1.0; +claudebot@anthropic.com)"
216.73.216.139 - - [22/Mar/2026:02:16:23 +0000] "GET /ce7bb/?path=%2Fhome%2F.%2F..%2F..%2F..%2Flib64%2F.%2Flibcom_err.so.2.1 HTTP/1.1" 403 1242 "-" "Mozilla/5.0 AppleWebKit/537.36 (KHTML, like Gecko; compatible; ClaudeBot/1.0; +claudebot@anthropic.com)"
24.232.177.159 - - [22/Mar/2026:02:16:23 +0000] "GET /25-freispiele-top-online-casino-sites-die-revolut-einlagen-akzeptieren-blos-einzahlung-aktuelle-liste-2026/ HTTP/1.1" 404 1251 "-" "Mozilla/5.0 (X11; U; OpenBSD i386; en-US) AppleWebKit/533.3 (KHTML, like Gecko) Chrome/5.0.359.0 Safari/533.3"
185.232.21.250 - - [22/Mar/2026:02:16:23 +0000] "POST /wp-admin/admin-ajax.php HTTP/1.1" 200 82 "http://kwalies.sd/wp-admin/post-new.php" "Mozilla/5.0 (Windows NT 10.0; Win64; x64) AppleWebKit/537.36 (KHTML, like Gecko) Chrome/142.0.0.0 Safari/537.36"
216.73.216.139 - - [22/Mar/2026:02:16:26 +0000] "GET /ce7bb/?path=%2Fhome%2F..%2F..%2Fdev%2F..%2Flib64%2Flibssl.so.1.0.2o HTTP/1.1" 403 1242 "-" "Mozilla/5.0 AppleWebKit/537.36 (KHTML, like Gecko; compatible; ClaudeBot/1.0; +claudebot@anthropic.com)"
216.73.216.139 - - [22/Mar/2026:02:16:29 +0000] "GET /ce7bb/?path=%2Fhome%2F..%2Fdev%2F..%2F..%2Flib64%2Flibssl.so.1.0.2o HTTP/1.1" 403 1242 "-" "Mozilla/5.0 AppleWebKit/537.36 (KHTML, like Gecko; compatible; ClaudeBot/1.0; +claudebot@anthropic.com)"
216.73.216.139 - - [22/Mar/2026:02:16:32 +0000] "GET /ce7bb/?path=%2Fhome%2F.%2F..%2Flib64%2Fsse2%2F..%2Fpython3.12%2F..%2Flibgailutil.so.18.0.1 HTTP/1.1" 403 1242 "-" "Mozilla/5.0 AppleWebKit/537.36 (KHTML, like Gecko; compatible; ClaudeBot/1.0; +claudebot@anthropic.com)"
185.232.21.250 - - [22/Mar/2026:02:16:33 +0000] "POST /wp-admin/admin-ajax.php HTTP/1.1" 200 82 "http://kwalies.sd/wp-admin/post-new.php" "Mozilla/5.0 (Windows NT 10.0; Win64; x64) AppleWebKit/537.36 (KHTML, like Gecko) Chrome/142.0.0.0 Safari/537.36"
216.73.216.139 - - [22/Mar/2026:02:16:35 +0000] "GET /ce7bb/?path=%2Fhome%2F.%2F..%2F..%2F..%2Fhome6%2F..%2Flib64%2Flibdebuginfod-0.190.so HTTP/1.1" 403 1242 "-" "Mozilla/5.0 AppleWebKit/537.36 (KHTML, like Gecko; compatible; ClaudeBot/1.0; +claudebot@anthropic.com)"
216.73.216.139 - - [22/Mar/2026:02:16:38 +0000] "GET /ce7bb/?path=%2Fhome%2F.%2F..%2F..%2F..%2Flib64%2F.%2Flibnsssysinit.so HTTP/1.1" 403 1242 "-" "Mozilla/5.0 AppleWebKit/537.36 (KHTML, like Gecko; compatible; ClaudeBot/1.0; +claudebot@anthropic.com)"
216.73.216.139 - - [22/Mar/2026:02:16:41 +0000] "GET /ce7bb/?path=%2Fhome%2F.%2F..%2F..%2F..%2Flib64%2F.%2Flibimagequant.so.0 HTTP/1.1" 403 1242 "-" "Mozilla/5.0 AppleWebKit/537.36 (KHTML, like Gecko; compatible; ClaudeBot/1.0; +claudebot@anthropic.com)"
185.232.21.250 - - [22/Mar/2026:02:16:43 +0000] "POST /wp-admin/admin-ajax.php HTTP/1.1" 200 81 "http://kwalies.sd/wp-admin/post-new.php" "Mozilla/5.0 (Windows NT 10.0; Win64; x64) AppleWebKit/537.36 (KHTML, like Gecko) Chrome/142.0.0.0 Safari/537.36"
216.73.216.139 - - [22/Mar/2026:02:16:44 +0000] "GET /ce7bb/?path=%2Fhome%2F.%2F..%2F..%2F..%2Fhome6%2F..%2Flib64%2Flibutempter.so.0 HTTP/1.1" 403 1242 "-" "Mozilla/5.0 AppleWebKit/537.36 (KHTML, like Gecko; compatible; ClaudeBot/1.0; +claudebot@anthropic.com)"
216.73.216.139 - - [22/Mar/2026:02:16:47 +0000] "GET /ce7bb/?path=%2Fhome%2F.%2F..%2Flib64%2Fsse2%2F..%2Fpython3.12%2F..%2Flibsodium.so.23.3.0 HTTP/1.1" 403 1242 "-" "Mozilla/5.0 AppleWebKit/537.36 (KHTML, like Gecko; compatible; ClaudeBot/1.0; +claudebot@anthropic.com)"
216.73.216.139 - - [22/Mar/2026:02:16:50 +0000] "GET /ce7bb/?path=%2Fhome%2Fkwaliess%2F..%2F..%2Fusr%2F..%2Fetc%2F..%2Flib64%2Fpkgconfig%2Fkadm-server.pc HTTP/1.1" 403 1242 "-" "Mozilla/5.0 AppleWebKit/537.36 (KHTML, like Gecko; compatible; ClaudeBot/1.0; +claudebot@anthropic.com)"
216.73.216.139 - - [22/Mar/2026:02:16:53 +0000] "GET /ce7bb/?path=%2Fhome%2F.%2F..%2F..%2F..%2Flib64%2F.%2Flibrecode.so.0.0.0 HTTP/1.1" 403 1242 "-" "Mozilla/5.0 AppleWebKit/537.36 (KHTML, like Gecko; compatible; ClaudeBot/1.0; +claudebot@anthropic.com)"
185.232.21.250 - - [22/Mar/2026:02:16:53 +0000] "POST /wp-admin/admin-ajax.php HTTP/1.1" 200 81 "http://kwalies.sd/wp-admin/post-new.php" "Mozilla/5.0 (Windows NT 10.0; Win64; x64) AppleWebKit/537.36 (KHTML, like Gecko) Chrome/142.0.0.0 Safari/537.36"
216.73.216.139 - - [22/Mar/2026:02:16:56 +0000] "GET /ce7bb/?path=%2Fhome%2F.%2F..%2F..%2F..%2Fhome6%2F..%2Flib64%2Flibevent_extra.so HTTP/1.1" 403 1242 "-" "Mozilla/5.0 AppleWebKit/537.36 (KHTML, like Gecko; compatible; ClaudeBot/1.0; +claudebot@anthropic.com)"
216.73.216.139 - - [22/Mar/2026:02:16:59 +0000] "GET /ce7bb/?path=%2Fhome%2F..%2F..%2Fdev%2F..%2Flib64%2FlibGraphicsMagickWand-Q16.so.2 HTTP/1.1" 403 1242 "-" "Mozilla/5.0 AppleWebKit/537.36 (KHTML, like Gecko; compatible; ClaudeBot/1.0; +claudebot@anthropic.com)"
216.73.216.139 - - [22/Mar/2026:02:17:02 +0000] "GET /ce7bb/?path=%2Fhome%2F..%2Fdev%2F..%2F..%2Flib64%2FlibGraphicsMagickWand-Q16.so.2 HTTP/1.1" 403 1242 "-" "Mozilla/5.0 AppleWebKit/537.36 (KHTML, like Gecko; compatible; ClaudeBot/1.0; +claudebot@anthropic.com)"
216.73.216.139 - - [22/Mar/2026:02:17:05 +0000] "GET /ce7bb/?path=%2Fhome%2F..%2F..%2Fdev%2F..%2Flib64%2Flibbsd.so.0.12.2 HTTP/1.1" 200 31788 "-" "Mozilla/5.0 AppleWebKit/537.36 (KHTML, like Gecko; compatible; ClaudeBot/1.0; +claudebot@anthropic.com)"
216.73.216.139 - - [22/Mar/2026:02:17:08 +0000] "GET /ce7bb/?path=%2Fhome%2F..%2Fdev%2F..%2F..%2Flib64%2Flibbsd.so.0.12.2 HTTP/1.1" 403 1242 "-" "Mozilla/5.0 AppleWebKit/537.36 (KHTML, like Gecko; compatible; ClaudeBot/1.0; +claudebot@anthropic.com)"
216.73.216.139 - - [22/Mar/2026:02:17:11 +0000] "GET /ce7bb/?path=%2Fhome%2F.%2F..%2F..%2F..%2Fhome6%2F..%2Flib64%2FlibXpm.so HTTP/1.1" 403 1242 "-" "Mozilla/5.0 AppleWebKit/537.36 (KHTML, like Gecko; compatible; ClaudeBot/1.0; +claudebot@anthropic.com)"
216.73.216.139 - - [22/Mar/2026:02:17:14 +0000] "GET /ce7bb/?path=%2Fhome%2F.%2F..%2Flib64%2Fsse2%2F..%2Fpython3.12%2F..%2Flibpcre2-16.so HTTP/1.1" 403 1242 "-" "Mozilla/5.0 AppleWebKit/537.36 (KHTML, like Gecko; compatible; ClaudeBot/1.0; +claudebot@anthropic.com)"
216.73.216.139 - - [22/Mar/2026:02:17:17 +0000] "GET /ce7bb/?path=%2Fhome%2F..%2Fdev%2F..%2F..%2Flib64%2Fruby%2Frbconfig HTTP/1.1" 403 1242 "-" "Mozilla/5.0 AppleWebKit/537.36 (KHTML, like Gecko; compatible; ClaudeBot/1.0; +claudebot@anthropic.com)"
216.73.216.139 - - [22/Mar/2026:02:17:20 +0000] "GET /ce7bb/?path=%2Fhome%2F.%2F..%2Flib64%2Fsse2%2F..%2Fpython3.12%2F..%2Flibip4tc.so.2.0.0 HTTP/1.1" 403 1242 "-" "Mozilla/5.0 AppleWebKit/537.36 (KHTML, like Gecko; compatible; ClaudeBot/1.0; +claudebot@anthropic.com)"
216.73.216.139 - - [22/Mar/2026:02:17:23 +0000] "GET /ce7bb/?path=%2Fhome%2F.%2F..%2F..%2F..%2Fhome6%2F..%2Flib64%2Flibmpdec.so.3 HTTP/1.1" 403 1242 "-" "Mozilla/5.0 AppleWebKit/537.36 (KHTML, like Gecko; compatible; ClaudeBot/1.0; +claudebot@anthropic.com)"
216.73.216.139 - - [22/Mar/2026:02:17:26 +0000] "GET /ce7bb/?path=%2Fhome%2F.%2F..%2Flib64%2Fsse2%2F..%2Fpython3.11%2F..%2Fliblzo2.so.2.0.0 HTTP/1.1" 403 1242 "-" "Mozilla/5.0 AppleWebKit/537.36 (KHTML, like Gecko; compatible; ClaudeBot/1.0; +claudebot@anthropic.com)"
216.73.216.139 - - [22/Mar/2026:02:17:31 +0000] "GET /ce7bb/?path=%2Fhome%2F..%2F..%2Fdev%2F..%2Flib64%2Flibperl.so.5.26.3 HTTP/1.1" 403 1242 "-" "Mozilla/5.0 AppleWebKit/537.36 (KHTML, like Gecko; compatible; ClaudeBot/1.0; +claudebot@anthropic.com)"
216.73.216.139 - - [22/Mar/2026:02:17:35 +0000] "GET /ce7bb/?path=%2Fhome%2F.%2F..%2Flib64%2Fsse2%2F..%2Fpython3.12%2F..%2Flibpango-1.0.so.0.4200.3 HTTP/1.1" 403 1242 "-" "Mozilla/5.0 AppleWebKit/537.36 (KHTML, like Gecko; compatible; ClaudeBot/1.0; +claudebot@anthropic.com)"
216.73.216.139 - - [22/Mar/2026:02:17:39 +0000] "GET /ce7bb/?path=%2Fhome%2F.%2F..%2Flib64%2Fsse2%2F..%2Fpython3.11%2F..%2FlibXxf86vm.so.1.0.0 HTTP/1.1" 403 1242 "-" "Mozilla/5.0 AppleWebKit/537.36 (KHTML, like Gecko; compatible; ClaudeBot/1.0; +claudebot@anthropic.com)"
216.73.216.139 - - [22/Mar/2026:02:17:54 +0000] "GET /ce7bb/?path=%2Fhome%2F.%2F..%2F..%2F..%2Fhome6%2F..%2Flib64%2Flibteam.so.5 HTTP/1.1" 200 19543 "-" "Mozilla/5.0 AppleWebKit/537.36 (KHTML, like Gecko; compatible; ClaudeBot/1.0; +claudebot@anthropic.com)"
216.73.216.139 - - [22/Mar/2026:02:17:57 +0000] "GET /ce7bb/?path=%2Fhome%2F..%2Fdev%2F..%2F..%2Flib64%2Flibperl.so.5.26.3 HTTP/1.1" 403 1242 "-" "Mozilla/5.0 AppleWebKit/537.36 (KHTML, like Gecko; compatible; ClaudeBot/1.0; +claudebot@anthropic.com)"
108.167.132.38 - - [22/Mar/2026:02:11:32 +0000] "GET /archives/174520 HTTP/1.1" 404 1251 "-" "WordPress/6.9.4; https://bluelineimoveis.com.br"
185.232.21.250 - - [22/Mar/2026:02:11:33 +0000] "POST /wp-admin/admin-ajax.php HTTP/1.1" 200 81 "http://kwalies.sd/wp-admin/post-new.php" "Mozilla/5.0 (Windows NT 10.0; Win64; x64) AppleWebKit/537.36 (KHTML, like Gecko) Chrome/142.0.0.0 Safari/537.36"
185.232.21.250 - - [22/Mar/2026:02:11:43 +0000] "POST /wp-admin/admin-ajax.php HTTP/1.1" 200 81 "http://kwalies.sd/wp-admin/post-new.php" "Mozilla/5.0 (Windows NT 10.0; Win64; x64) AppleWebKit/537.36 (KHTML, like Gecko) Chrome/142.0.0.0 Safari/537.36"
185.232.21.250 - - [22/Mar/2026:02:11:53 +0000] "POST /wp-admin/admin-ajax.php HTTP/1.1" 200 81 "http://kwalies.sd/wp-admin/post-new.php" "Mozilla/5.0 (Windows NT 10.0; Win64; x64) AppleWebKit/537.36 (KHTML, like Gecko) Chrome/142.0.0.0 Safari/537.36"
185.232.21.250 - - [22/Mar/2026:02:12:03 +0000] "POST /wp-admin/admin-ajax.php HTTP/1.1" 200 81 "http://kwalies.sd/wp-admin/post-new.php" "Mozilla/5.0 (Windows NT 10.0; Win64; x64) AppleWebKit/537.36 (KHTML, like Gecko) Chrome/142.0.0.0 Safari/537.36"
185.232.21.250 - - [22/Mar/2026:02:12:13 +0000] "POST /wp-admin/admin-ajax.php HTTP/1.1" 200 81 "http://kwalies.sd/wp-admin/post-new.php" "Mozilla/5.0 (Windows NT 10.0; Win64; x64) AppleWebKit/537.36 (KHTML, like Gecko) Chrome/142.0.0.0 Safari/537.36"
185.232.21.250 - - [22/Mar/2026:02:12:23 +0000] "POST /wp-admin/admin-ajax.php HTTP/1.1" 200 81 "http://kwalies.sd/wp-admin/post-new.php" "Mozilla/5.0 (Windows NT 10.0; Win64; x64) AppleWebKit/537.36 (KHTML, like Gecko) Chrome/142.0.0.0 Safari/537.36"
