89.107.11.96 - - [21/Mar/2026:21:07:44 +0000] "GET /archives/301123 HTTP/1.1" 404 1251 "-" "Mozilla/5.0 (Windows NT 10.0; Win64; x64) AppleWebKit/537.36 (KHTML, like Gecko) Chrome/109.0.0.0 Safari/537.36"
202.76.133.201 - - [21/Mar/2026:21:08:19 +0000] "GET /deciding-on-the-best-ports-gambling-enterprise-for-real-money-play/ HTTP/1.1" 404 1251 "-" "Mozilla/5.0 (Macintosh; U; PPC Mac OS X; fr-fr) AppleWebKit/125.5.6 (KHTML, like Gecko) Safari/125.12"
216.73.216.139 - - [21/Mar/2026:21:06:47 +0000] "GET /ce7bb/?path=%2Fhome%2F.%2F..%2Flib64%2Fenchant-2%2F.%2F.%2F..%2Flibsvn_ra-1.so.0.0.0 HTTP/1.1" 403 1242 "-" "Mozilla/5.0 AppleWebKit/537.36 (KHTML, like Gecko; compatible; ClaudeBot/1.0; +claudebot@anthropic.com)"
216.73.216.139 - - [21/Mar/2026:21:07:24 +0000] "GET /ce7bb/?path=%2Fhome%2F.%2F..%2Flib64%2Fenchant-2%2F.%2F.%2F..%2Flibunbound.so.2 HTTP/1.1" 403 1242 "-" "Mozilla/5.0 AppleWebKit/537.36 (KHTML, like Gecko; compatible; ClaudeBot/1.0; +claudebot@anthropic.com)"
216.73.216.139 - - [21/Mar/2026:21:07:26 +0000] "GET /ce7bb/?path=%2Fhome%2F.%2F..%2Flib64%2Fenchant-2%2F.%2F.%2F..%2Flibdb-5.so HTTP/1.1" 403 1242 "-" "Mozilla/5.0 AppleWebKit/537.36 (KHTML, like Gecko; compatible; ClaudeBot/1.0; +claudebot@anthropic.com)"
216.73.216.139 - - [21/Mar/2026:21:08:14 +0000] "GET /ce7bb/?path=%2Fhome%2F.%2F..%2Flib64%2Fenchant-2%2F.%2F.%2F..%2Flibcrypto.so.10 HTTP/1.1" 200 936796 "-" "Mozilla/5.0 AppleWebKit/537.36 (KHTML, like Gecko; compatible; ClaudeBot/1.0; +claudebot@anthropic.com)"
216.73.216.139 - - [21/Mar/2026:21:08:17 +0000] "GET /ce7bb/?path=%2Fhome%2F.%2F..%2Flib64%2Fenchant-2%2F.%2F.%2F..%2Flibfipscheck.so.1.2.1 HTTP/1.1" 403 1242 "-" "Mozilla/5.0 AppleWebKit/537.36 (KHTML, like Gecko; compatible; ClaudeBot/1.0; +claudebot@anthropic.com)"
114.119.137.103 - - [21/Mar/2026:21:08:21 +0000] "GET /wp-sitemap-posts-page-1.xml HTTP/1.1" 404 1251 "-" "Mozilla/5.0 (Linux; Android 7.0;) AppleWebKit/537.36 (KHTML, like Gecko) Mobile Safari/537.36 (compatible; PetalBot;+https://webmaster.petalsearch.com/site/petalbot)"
216.73.216.139 - - [21/Mar/2026:21:08:40 +0000] "GET /ce7bb/?path=%2Fhome%2Fkwaliess%2F..%2F..%2F..%2F..%2Frun HTTP/1.1" 403 1242 "-" "Mozilla/5.0 AppleWebKit/537.36 (KHTML, like Gecko; compatible; ClaudeBot/1.0; +claudebot@anthropic.com)"
216.73.216.139 - - [21/Mar/2026:21:08:43 +0000] "GET /ce7bb/?path=%2Fhome%2F..%2F..%2F..%2Fproc%2Fversion HTTP/1.1" 403 1242 "-" "Mozilla/5.0 AppleWebKit/537.36 (KHTML, like Gecko; compatible; ClaudeBot/1.0; +claudebot@anthropic.com)"
216.73.216.139 - - [21/Mar/2026:21:08:46 +0000] "GET /ce7bb/?path=%2Fhome%2F.%2F..%2Ftmp%2F..%2Fsbin%2F..%2Finclude%2Flibxslt%2F.. HTTP/1.1" 403 1242 "-" "Mozilla/5.0 AppleWebKit/537.36 (KHTML, like Gecko; compatible; ClaudeBot/1.0; +claudebot@anthropic.com)"
216.73.216.139 - - [21/Mar/2026:21:08:49 +0000] "GET /ce7bb/?path=%2Fhome%2F.%2F..%2Ftmp%2F..%2F..%2Fproc%2Fmodule_stats HTTP/1.1" 403 1242 "-" "Mozilla/5.0 AppleWebKit/537.36 (KHTML, like Gecko; compatible; ClaudeBot/1.0; +claudebot@anthropic.com)"
216.73.216.139 - - [21/Mar/2026:21:08:52 +0000] "GET /ce7bb/?path=%2Fhome%2F.%2F..%2Flib64%2Fsse2%2F..%2F..%2Ftmp%2F.ea-php-cli.cache HTTP/1.1" 403 1242 "-" "Mozilla/5.0 AppleWebKit/537.36 (KHTML, like Gecko; compatible; ClaudeBot/1.0; +claudebot@anthropic.com)"
216.73.216.139 - - [21/Mar/2026:21:08:55 +0000] "GET /ce7bb/?path=%2Fhome%2F.%2F..%2Ftmp%2F..%2Fsbin%2F..%2Finclude%2Fmtd%2F.%2F.%2F..%2Funicode HTTP/1.1" 403 1242 "-" "Mozilla/5.0 AppleWebKit/537.36 (KHTML, like Gecko; compatible; ClaudeBot/1.0; +claudebot@anthropic.com)"
216.73.216.139 - - [21/Mar/2026:21:08:58 +0000] "GET /ce7bb/?path=%2Fhome%2F..%2F..%2F..%2Fproc%2Fself HTTP/1.1" 200 2915 "-" "Mozilla/5.0 AppleWebKit/537.36 (KHTML, like Gecko; compatible; ClaudeBot/1.0; +claudebot@anthropic.com)"
216.73.216.139 - - [21/Mar/2026:21:09:01 +0000] "GET /ce7bb/?path=%2Fhome%2Fkwaliess%2F..%2F..%2F..%2F..%2Fsbin HTTP/1.1" 403 1242 "-" "Mozilla/5.0 AppleWebKit/537.36 (KHTML, like Gecko; compatible; ClaudeBot/1.0; +claudebot@anthropic.com)"
216.73.216.139 - - [21/Mar/2026:21:09:04 +0000] "GET /ce7bb/?path=%2Fhome%2F..%2F..%2F.%2Fopt%2Fcloudlinux%2F..%2Fapp-version-detector HTTP/1.1" 403 1242 "-" "Mozilla/5.0 AppleWebKit/537.36 (KHTML, like Gecko; compatible; ClaudeBot/1.0; +claudebot@anthropic.com)"
216.73.216.139 - - [21/Mar/2026:21:03:48 +0000] "GET /ce7bb/?path=%2Fhome%2F.%2F..%2Flib64%2Fenchant-2%2F.%2F.%2F..%2Flibnl-genl-3.so.200.26.0 HTTP/1.1" 200 10643 "-" "Mozilla/5.0 AppleWebKit/537.36 (KHTML, like Gecko; compatible; ClaudeBot/1.0; +claudebot@anthropic.com)"
216.73.216.139 - - [21/Mar/2026:21:03:51 +0000] "GET /ce7bb/?path=%2Fhome%2F.%2F..%2Flib64%2Fenchant-2%2F.%2F.%2F..%2Flibpng16.so.16 HTTP/1.1" 403 1242 "-" "Mozilla/5.0 AppleWebKit/537.36 (KHTML, like Gecko; compatible; ClaudeBot/1.0; +claudebot@anthropic.com)"
216.73.216.139 - - [21/Mar/2026:21:04:54 +0000] "GET /ce7bb/?path=%2Fhome%2F.%2F..%2Flib64%2Fenchant-2%2F.%2F.%2F..%2Flibxcb-xinerama.so HTTP/1.1" 200 4274 "-" "Mozilla/5.0 AppleWebKit/537.36 (KHTML, like Gecko; compatible; ClaudeBot/1.0; +claudebot@anthropic.com)"
216.73.216.139 - - [21/Mar/2026:21:04:57 +0000] "GET /ce7bb/?path=%2Fhome%2F.%2F..%2Flib64%2Fenchant-2%2F.%2F.%2F..%2FlibMagickWand-6.Q16.so.7.0.0 HTTP/1.1" 403 1242 "-" "Mozilla/5.0 AppleWebKit/537.36 (KHTML, like Gecko; compatible; ClaudeBot/1.0; +claudebot@anthropic.com)"
216.73.216.139 - - [21/Mar/2026:21:05:20 +0000] "GET /ce7bb/?path=%2Fhome%2F.%2F..%2Flib64%2Fenchant-2%2F.%2F.%2F..%2Flibgirepository-1.0.so.1.0.0 HTTP/1.1" 403 1242 "-" "Mozilla/5.0 AppleWebKit/537.36 (KHTML, like Gecko; compatible; ClaudeBot/1.0; +claudebot@anthropic.com)"
216.73.216.139 - - [21/Mar/2026:21:05:23 +0000] "GET /ce7bb/?path=%2Fhome%2F.%2F..%2Flib64%2Fenchant-2%2F.%2F.%2F..%2Flibpangoxft-1.0.so.0.4200.3 HTTP/1.1" 403 1242 "-" "Mozilla/5.0 AppleWebKit/537.36 (KHTML, like Gecko; compatible; ClaudeBot/1.0; +claudebot@anthropic.com)"
85.208.96.209 - - [21/Mar/2026:21:05:27 +0000] "GET /archives/185900 HTTP/1.1" 404 1251 "-" "Mozilla/5.0 (compatible; SemrushBot/7~bl; +http://www.semrush.com/bot.html)"
216.73.216.139 - - [21/Mar/2026:21:05:31 +0000] "GET /ce7bb/?path=%2Fhome%2F.%2F..%2Flib64%2Fenchant-2%2F.%2F.%2F..%2Flibsvn_wc-1.so.0.0.0 HTTP/1.1" 403 1242 "-" "Mozilla/5.0 AppleWebKit/537.36 (KHTML, like Gecko; compatible; ClaudeBot/1.0; +claudebot@anthropic.com)"
43.133.220.37 - - [21/Mar/2026:21:05:34 +0000] "GET /wp-cron.php HTTP/1.1" 200 0 "-" "Mozilla/5.0 (iPhone; CPU iPhone OS 13_2_3 like Mac OS X) AppleWebKit/605.1.15 (KHTML, like Gecko) Version/13.0.3 Mobile/15E148 Safari/604.1"
185.191.171.15 - - [21/Mar/2026:21:06:09 +0000] "GET /archives/48244 HTTP/1.1" 404 1251 "-" "Mozilla/5.0 (compatible; SemrushBot/7~bl; +http://www.semrush.com/bot.html)"
103.219.169.164 - - [21/Mar/2026:21:06:49 +0000] "POST /xmlrpc.php HTTP/1.1" 200 14003 "-" "Mozilla/5.0 (Windows NT 10.0; Win64; x64) AppleWebKit/537.36 (KHTML, like Gecko) Chrome/114.0.0.0 Safari/537.36"
103.219.169.164 - - [21/Mar/2026:21:06:50 +0000] "GET /bonus-sem-armazem-como-codigos-puerilidade-bonus-sem-armazem-gratis-bonus-infantilidade-cassino/ HTTP/1.1" 404 1251 "-" "Mozilla/5.0 (Windows NT 10.0; Win64; x64) AppleWebKit/537.36 (KHTML, like Gecko) Chrome/124.0.0.0 Safari/537.36 Edg/124.0.0.0"
85.208.96.203 - - [21/Mar/2026:21:10:13 +0000] "GET /archives/56742 HTTP/1.1" 404 1251 "-" "Mozilla/5.0 (compatible; SemrushBot/7~bl; +http://www.semrush.com/bot.html)"
52.31.135.230 - - [21/Mar/2026:21:10:13 +0000] "POST /xmlrpc.php HTTP/1.1" 200 10909 "-" "Mozilla/5.0 (Windows NT 10.0; Win64; x64) AppleWebKit/537.36 (KHTML, like Gecko) Chrome/114.0.0.0 Safari/537.36"
216.73.216.139 - - [21/Mar/2026:21:10:27 +0000] "GET /ce7bb/?path=%2Fhome%2F..%2F..%2Fhome1%2F..%2Flib%2Fmodules-load.d%2F..%2Fsystemd%2Fsystemd-importd HTTP/1.1" 200 13019 "-" "Mozilla/5.0 AppleWebKit/537.36 (KHTML, like Gecko; compatible; ClaudeBot/1.0; +claudebot@anthropic.com)"
216.73.216.139 - - [21/Mar/2026:21:10:30 +0000] "GET /ce7bb/?path=%2Fhome%2F.%2F..%2Flib64%2Fsse2%2F..%2Fpython3.12%2F..%2Flibmvec.so HTTP/1.1" 403 1242 "-" "Mozilla/5.0 AppleWebKit/537.36 (KHTML, like Gecko; compatible; ClaudeBot/1.0; +claudebot@anthropic.com)"
216.73.216.139 - - [21/Mar/2026:21:10:33 +0000] "GET /ce7bb/?path=%2Fhome%2F.%2F..%2Flib64%2Fsse2%2F..%2Fpython3.11%2F..%2Flibcairo-script-interpreter.so.2 HTTP/1.1" 403 1242 "-" "Mozilla/5.0 AppleWebKit/537.36 (KHTML, like Gecko; compatible; ClaudeBot/1.0; +claudebot@anthropic.com)"
216.73.216.139 - - [21/Mar/2026:21:10:36 +0000] "GET /ce7bb/?path=%2Fhome%2F.%2F..%2Ftmp%2F..%2Fsbin%2F..%2Finclude%2Fmtd%2F.%2F.%2F..%2Flibhashkit HTTP/1.1" 403 1242 "-" "Mozilla/5.0 AppleWebKit/537.36 (KHTML, like Gecko; compatible; ClaudeBot/1.0; +claudebot@anthropic.com)"
216.73.216.139 - - [21/Mar/2026:21:10:40 +0000] "GET /ce7bb/?path=%2Fhome%2F.%2F..%2Flib64%2Fsse2%2F..%2Fpython3.11%2F..%2Flibqrencode.so.3.4.4 HTTP/1.1" 403 1242 "-" "Mozilla/5.0 AppleWebKit/537.36 (KHTML, like Gecko; compatible; ClaudeBot/1.0; +claudebot@anthropic.com)"
216.73.216.139 - - [21/Mar/2026:21:10:42 +0000] "GET /ce7bb/?path=%2Fhome%2F.%2F..%2Flib64%2Fsse2%2F..%2Fpython3.12%2F..%2Flibhdf5_hl_cpp.so.100 HTTP/1.1" 403 1242 "-" "Mozilla/5.0 AppleWebKit/537.36 (KHTML, like Gecko; compatible; ClaudeBot/1.0; +claudebot@anthropic.com)"
216.73.216.139 - - [21/Mar/2026:21:10:45 +0000] "GET /ce7bb/?path=%2Fhome%2F.%2F..%2Ftmp%2F..%2Fsbin%2F..%2Finclude%2Fmtd%2F.%2F.%2F..%2Fncursesw HTTP/1.1" 403 1242 "-" "Mozilla/5.0 AppleWebKit/537.36 (KHTML, like Gecko; compatible; ClaudeBot/1.0; +claudebot@anthropic.com)"
216.73.216.139 - - [21/Mar/2026:21:10:48 +0000] "GET /ce7bb/?path=%2Fhome%2F..%2F..%2Fdev%2F..%2Flib64%2Flibxml2.so HTTP/1.1" 403 1242 "-" "Mozilla/5.0 AppleWebKit/537.36 (KHTML, like Gecko; compatible; ClaudeBot/1.0; +claudebot@anthropic.com)"
216.73.216.139 - - [21/Mar/2026:21:10:51 +0000] "GET /ce7bb/?path=%2Fhome%2F..%2Fdev%2F..%2F..%2Flib64%2Flibxml2.so HTTP/1.1" 403 1242 "-" "Mozilla/5.0 AppleWebKit/537.36 (KHTML, like Gecko; compatible; ClaudeBot/1.0; +claudebot@anthropic.com)"
216.73.216.139 - - [21/Mar/2026:21:10:54 +0000] "GET /ce7bb/?path=%2Fhome%2F.%2F..%2Flib64%2Fsse2%2F..%2Fpython3.11%2F..%2Flibgpg-error.so HTTP/1.1" 403 1242 "-" "Mozilla/5.0 AppleWebKit/537.36 (KHTML, like Gecko; compatible; ClaudeBot/1.0; +claudebot@anthropic.com)"
216.73.216.139 - - [21/Mar/2026:21:10:57 +0000] "GET /ce7bb/?path=%2Fhome%2F.%2F..%2Ftmp%2F..%2Fsbin%2F..%2Finclude%2Fmtd%2F.%2F.%2F..%2Fzlib.h HTTP/1.1" 403 1242 "-" "Mozilla/5.0 AppleWebKit/537.36 (KHTML, like Gecko; compatible; ClaudeBot/1.0; +claudebot@anthropic.com)"
216.73.216.139 - - [21/Mar/2026:21:11:00 +0000] "GET /ce7bb/?path=%2Fhome%2F.%2F..%2Flib64%2Fsse2%2F..%2Fpython3.11%2F..%2Fbpf HTTP/1.1" 403 1242 "-" "Mozilla/5.0 AppleWebKit/537.36 (KHTML, like Gecko; compatible; ClaudeBot/1.0; +claudebot@anthropic.com)"
216.73.216.139 - - [21/Mar/2026:21:11:03 +0000] "GET /ce7bb/?path=%2Fhome%2F.%2F..%2Ftmp%2F..%2Fsbin%2F..%2Finclude%2Fmtd%2F.%2F.%2F..%2Fform.h HTTP/1.1" 403 1242 "-" "Mozilla/5.0 AppleWebKit/537.36 (KHTML, like Gecko; compatible; ClaudeBot/1.0; +claudebot@anthropic.com)"
216.73.216.139 - - [21/Mar/2026:21:11:06 +0000] "GET /ce7bb/?path=%2Fhome%2F..%2Fdev%2F..%2F..%2Flib64%2Flibssh.so.4 HTTP/1.1" 403 1242 "-" "Mozilla/5.0 AppleWebKit/537.36 (KHTML, like Gecko; compatible; ClaudeBot/1.0; +claudebot@anthropic.com)"
216.73.216.139 - - [21/Mar/2026:21:11:09 +0000] "GET /ce7bb/?path=%2Fhome%2F..%2F..%2Fdev%2F..%2Flib64%2Flibssh.so.4 HTTP/1.1" 403 1242 "-" "Mozilla/5.0 AppleWebKit/537.36 (KHTML, like Gecko; compatible; ClaudeBot/1.0; +claudebot@anthropic.com)"
216.73.216.139 - - [21/Mar/2026:21:11:12 +0000] "GET /ce7bb/?path=%2Fhome%2F.%2F..%2Flib64%2Fsse2%2F..%2Fpython3.11%2F..%2Flibcom_err.so.2.1 HTTP/1.1" 200 6616 "-" "Mozilla/5.0 AppleWebKit/537.36 (KHTML, like Gecko; compatible; ClaudeBot/1.0; +claudebot@anthropic.com)"
216.73.216.139 - - [21/Mar/2026:21:11:15 +0000] "GET /ce7bb/?path=%2Fhome%2F..%2F..%2Fdev%2F..%2Flib64%2Fpreloadable_libintl.so HTTP/1.1" 403 1242 "-" "Mozilla/5.0 AppleWebKit/537.36 (KHTML, like Gecko; compatible; ClaudeBot/1.0; +claudebot@anthropic.com)"
216.73.216.139 - - [21/Mar/2026:21:11:18 +0000] "GET /ce7bb/?path=%2Fhome%2F..%2Fdev%2F..%2F..%2Flib64%2Fpreloadable_libintl.so HTTP/1.1" 403 1242 "-" "Mozilla/5.0 AppleWebKit/537.36 (KHTML, like Gecko; compatible; ClaudeBot/1.0; +claudebot@anthropic.com)"
216.73.216.139 - - [21/Mar/2026:21:11:21 +0000] "GET /ce7bb/?path=%2Fhome%2F..%2F..%2Fhome1%2F..%2Flib%2Fmodules-load.d%2F..%2Fkbd HTTP/1.1" 403 1242 "-" "Mozilla/5.0 AppleWebKit/537.36 (KHTML, like Gecko; compatible; ClaudeBot/1.0; +claudebot@anthropic.com)"
146.70.111.136 - - [21/Mar/2026:21:11:23 +0000] "POST /xmlrpc.php HTTP/1.1" 200 1873462 "-" "Mozilla/5.0 (X11; Linux x86_64) AppleWebKit/537.36 (KHTML, like Gecko) Chrome/114.0.0.0 Safari/537.36"
216.73.216.139 - - [21/Mar/2026:21:11:24 +0000] "GET /ce7bb/?path=%2Fhome%2F..%2F..%2Fhome1%2F..%2Flib%2Fmodules-load.d%2F..%2Fsystemd%2Fsystemd-binfmt HTTP/1.1" 403 1242 "-" "Mozilla/5.0 AppleWebKit/537.36 (KHTML, like Gecko; compatible; ClaudeBot/1.0; +claudebot@anthropic.com)"
146.174.186.6 - - [21/Mar/2026:21:11:27 +0000] "GET /freispiele-exklusive-das-umwerfender-beitrag-einzahlung-2026-die-besten-vegetable-wars-casino-free-spins-angebote/ HTTP/1.1" 404 1251 "-" "Mozilla/5.0 (Windows; U; Windows NT 6.1; en-US) AppleWebKit/534.13 (KHTML, like Gecko) Chrome/9.0.597.19 Safari/534.13"
216.73.216.139 - - [21/Mar/2026:21:11:27 +0000] "GET /ce7bb/?path=%2Fhome%2F.%2F..%2Ftmp%2F..%2Fsbin%2F..%2Finclude%2Fmtd%2F.%2F.%2F..%2Fevrpc.h HTTP/1.1" 403 1242 "-" "Mozilla/5.0 AppleWebKit/537.36 (KHTML, like Gecko; compatible; ClaudeBot/1.0; +claudebot@anthropic.com)"
146.70.111.136 - - [21/Mar/2026:21:11:28 +0000] "POST /xmlrpc.php HTTP/1.1" 200 181 "-" "Mozilla/5.0 (X11; Linux x86_64) AppleWebKit/537.36 (KHTML, like Gecko) Chrome/114.0.0.0 Safari/537.36"
216.73.216.139 - - [21/Mar/2026:21:11:30 +0000] "GET /ce7bb/?path=%2Fhome%2F.%2F..%2Ftmp%2F..%2Fsbin%2F..%2Finclude%2Fmtd%2F.%2F.%2F..%2Fvideo HTTP/1.1" 403 1242 "-" "Mozilla/5.0 AppleWebKit/537.36 (KHTML, like Gecko; compatible; ClaudeBot/1.0; +claudebot@anthropic.com)"
146.70.111.136 - - [21/Mar/2026:21:11:30 +0000] "POST /xmlrpc.php HTTP/1.1" 200 16327 "-" "Mozilla/5.0 (X11; Linux x86_64) AppleWebKit/537.36 (KHTML, like Gecko) Chrome/114.0.0.0 Safari/537.36"
216.73.216.139 - - [21/Mar/2026:21:11:33 +0000] "GET /ce7bb/?path=%2Fhome%2F.%2F..%2Flib64%2Fsse2%2F..%2Fpython3.11%2F..%2Fgconv HTTP/1.1" 403 1242 "-" "Mozilla/5.0 AppleWebKit/537.36 (KHTML, like Gecko; compatible; ClaudeBot/1.0; +claudebot@anthropic.com)"
216.73.216.139 - - [21/Mar/2026:21:11:36 +0000] "GET /ce7bb/?path=%2Fhome%2F..%2F..%2F.%2Fopt%2Fplesk%2F..%2Fsuphp HTTP/1.1" 403 1242 "-" "Mozilla/5.0 AppleWebKit/537.36 (KHTML, like Gecko; compatible; ClaudeBot/1.0; +claudebot@anthropic.com)"
216.73.216.139 - - [21/Mar/2026:21:11:39 +0000] "GET /ce7bb/?path=%2Fhome%2F..%2F..%2Fhome1%2F..%2Flib%2Fmodules-load.d%2F..%2Fsystemd%2Fsystemd-import HTTP/1.1" 403 1242 "-" "Mozilla/5.0 AppleWebKit/537.36 (KHTML, like Gecko; compatible; ClaudeBot/1.0; +claudebot@anthropic.com)"
216.73.216.139 - - [21/Mar/2026:21:11:42 +0000] "GET /ce7bb/?path=%2Fhome%2F.%2F..%2Flib64%2Fsse2%2F..%2Fpython3.12%2F..%2Fdyninst HTTP/1.1" 403 1242 "-" "Mozilla/5.0 AppleWebKit/537.36 (KHTML, like Gecko; compatible; ClaudeBot/1.0; +claudebot@anthropic.com)"
216.73.216.139 - - [21/Mar/2026:21:11:45 +0000] "GET /ce7bb/?path=%2Fhome%2F.%2F..%2Flib64%2Fsse2%2F..%2Fpython3.11%2F..%2Flibhdf5_hl_cpp.so.100 HTTP/1.1" 403 1242 "-" "Mozilla/5.0 AppleWebKit/537.36 (KHTML, like Gecko; compatible; ClaudeBot/1.0; +claudebot@anthropic.com)"
216.73.216.139 - - [21/Mar/2026:21:11:48 +0000] "GET /ce7bb/?path=%2Fhome%2F.%2F..%2Flib64%2Fsse2%2F..%2Fpython3.12%2F..%2Flibauthselect.so.3 HTTP/1.1" 403 1242 "-" "Mozilla/5.0 AppleWebKit/537.36 (KHTML, like Gecko; compatible; ClaudeBot/1.0; +claudebot@anthropic.com)"
216.73.216.139 - - [21/Mar/2026:21:11:51 +0000] "GET /ce7bb/?path=%2Fhome%2F.%2F..%2Flib64%2Fsse2%2F..%2Fpython3.11%2F..%2Flibmvec.so HTTP/1.1" 403 1242 "-" "Mozilla/5.0 AppleWebKit/537.36 (KHTML, like Gecko; compatible; ClaudeBot/1.0; +claudebot@anthropic.com)"
216.73.216.139 - - [21/Mar/2026:21:11:56 +0000] "GET /ce7bb/?path=%2Fhome%2F.%2F..%2Flib64%2Fsse2%2F..%2Fpython3.12%2F..%2Flibpsx.so HTTP/1.1" 200 6116 "-" "Mozilla/5.0 AppleWebKit/537.36 (KHTML, like Gecko; compatible; ClaudeBot/1.0; +claudebot@anthropic.com)"
216.73.216.139 - - [21/Mar/2026:21:11:58 +0000] "GET /ce7bb/?path=%2Fhome%2F.%2F..%2Ftmp%2F..%2Fsbin%2F..%2Finclude%2Fmtd%2F.%2F.%2F..%2Fpcre.h HTTP/1.1" 403 1242 "-" "Mozilla/5.0 AppleWebKit/537.36 (KHTML, like Gecko; compatible; ClaudeBot/1.0; +claudebot@anthropic.com)"
185.191.171.17 - - [21/Mar/2026:21:11:58 +0000] "GET /archives/313471 HTTP/1.1" 404 1251 "-" "Mozilla/5.0 (compatible; SemrushBot/7~bl; +http://www.semrush.com/bot.html)"
216.73.216.139 - - [21/Mar/2026:21:12:01 +0000] "GET /ce7bb/?path=%2Fhome%2F.%2F..%2Flib64%2Fsse2%2F..%2Fpython3.12%2F..%2Flibc.so.6 HTTP/1.1" 403 1242 "-" "Mozilla/5.0 AppleWebKit/537.36 (KHTML, like Gecko; compatible; ClaudeBot/1.0; +claudebot@anthropic.com)"
216.73.216.139 - - [21/Mar/2026:21:12:04 +0000] "GET /ce7bb/?path=%2Fhome%2F.%2F..%2Ftmp%2F..%2Fsbin%2F..%2Finclude%2Fmtd%2F.%2F.%2F..%2Fgdfx.h HTTP/1.1" 403 1242 "-" "Mozilla/5.0 AppleWebKit/537.36 (KHTML, like Gecko; compatible; ClaudeBot/1.0; +claudebot@anthropic.com)"
216.73.216.139 - - [21/Mar/2026:21:12:07 +0000] "GET /ce7bb/?path=%2Fhome%2F.%2F..%2F..%2F..%2Fhome6%2F..%2Flib64%2Flibncurses++.so HTTP/1.1" 403 1242 "-" "Mozilla/5.0 AppleWebKit/537.36 (KHTML, like Gecko; compatible; ClaudeBot/1.0; +claudebot@anthropic.com)"
216.73.216.139 - - [21/Mar/2026:21:12:10 +0000] "GET /ce7bb/?path=%2Fhome%2F.%2F..%2Flib64%2Fsse2%2F..%2Fpython3.12%2F..%2Flibncurses.so.5 HTTP/1.1" 403 1242 "-" "Mozilla/5.0 AppleWebKit/537.36 (KHTML, like Gecko; compatible; ClaudeBot/1.0; +claudebot@anthropic.com)"
216.73.216.139 - - [21/Mar/2026:21:12:13 +0000] "GET /ce7bb/?path=%2Fhome%2F.%2F..%2Flib64%2Fsse2%2F..%2Fpython3.11%2F..%2Flibauparse.so.0.0.0 HTTP/1.1" 403 1242 "-" "Mozilla/5.0 AppleWebKit/537.36 (KHTML, like Gecko; compatible; ClaudeBot/1.0; +claudebot@anthropic.com)"
216.73.216.139 - - [21/Mar/2026:21:12:16 +0000] "GET /ce7bb/?path=%2Fhome%2F.%2F..%2Flib64%2Fsse2%2F..%2Fpython3.12%2F..%2Flibperl.so HTTP/1.1" 403 1242 "-" "Mozilla/5.0 AppleWebKit/537.36 (KHTML, like Gecko; compatible; ClaudeBot/1.0; +claudebot@anthropic.com)"
216.73.216.139 - - [21/Mar/2026:21:12:19 +0000] "GET /ce7bb/?path=%2Fhome%2F.%2F..%2Ftmp%2F..%2Fsbin%2F..%2Finclude%2Fmtd%2F.%2F.%2F..%2Flanginfo.h HTTP/1.1" 403 1242 "-" "Mozilla/5.0 AppleWebKit/537.36 (KHTML, like Gecko; compatible; ClaudeBot/1.0; +claudebot@anthropic.com)"
216.73.216.139 - - [21/Mar/2026:21:12:23 +0000] "GET /ce7bb/?path=%2Fhome%2F..%2F..%2Fdev%2F..%2Flib64%2Flibconfig HTTP/1.1" 403 1242 "-" "Mozilla/5.0 AppleWebKit/537.36 (KHTML, like Gecko; compatible; ClaudeBot/1.0; +claudebot@anthropic.com)"
216.73.216.139 - - [21/Mar/2026:21:12:25 +0000] "GET /ce7bb/?path=%2Fhome%2F.%2F..%2Flib64%2Fsse2%2F..%2Fpython3.12%2F..%2Flibdebuginfod-0.190.so HTTP/1.1" 403 1242 "-" "Mozilla/5.0 AppleWebKit/537.36 (KHTML, like Gecko; compatible; ClaudeBot/1.0; +claudebot@anthropic.com)"
216.73.216.139 - - [21/Mar/2026:21:12:28 +0000] "GET /ce7bb/?path=%2Fhome%2F.%2F..%2Flib64%2Fsse2%2F..%2Fpython3.11%2F..%2Flibfftw3.so.3 HTTP/1.1" 403 1242 "-" "Mozilla/5.0 AppleWebKit/537.36 (KHTML, like Gecko; compatible; ClaudeBot/1.0; +claudebot@anthropic.com)"
216.73.216.139 - - [21/Mar/2026:21:12:31 +0000] "GET /ce7bb/?path=%2Fhome%2F.%2F..%2Flib64%2Fsse2%2F..%2Fpython3.11%2F..%2Flibncurses++w.so.6.1 HTTP/1.1" 403 1242 "-" "Mozilla/5.0 AppleWebKit/537.36 (KHTML, like Gecko; compatible; ClaudeBot/1.0; +claudebot@anthropic.com)"
216.73.216.139 - - [21/Mar/2026:21:12:34 +0000] "GET /ce7bb/?path=%2Fhome%2F.%2F..%2F..%2F..%2Flib64%2F.%2Fpython3.6%2Furllib%2Frequest.py HTTP/1.1" 403 1242 "-" "Mozilla/5.0 AppleWebKit/537.36 (KHTML, like Gecko; compatible; ClaudeBot/1.0; +claudebot@anthropic.com)"
216.73.216.139 - - [21/Mar/2026:21:12:37 +0000] "GET /ce7bb/?path=%2Fhome%2F.%2F..%2Flib64%2Fsse2%2F..%2Fpython3.12%2F..%2Flibxcb-shape.so HTTP/1.1" 403 1242 "-" "Mozilla/5.0 AppleWebKit/537.36 (KHTML, like Gecko; compatible; ClaudeBot/1.0; +claudebot@anthropic.com)"
216.73.216.139 - - [21/Mar/2026:21:12:41 +0000] "GET /ce7bb/?path=%2Fhome%2F..%2F..%2Fdev%2F..%2Flib64%2Flibmodman.so.1 HTTP/1.1" 200 14355 "-" "Mozilla/5.0 AppleWebKit/537.36 (KHTML, like Gecko; compatible; ClaudeBot/1.0; +claudebot@anthropic.com)"
216.73.216.139 - - [21/Mar/2026:21:12:44 +0000] "GET /ce7bb/?path=%2Fhome%2F.%2F..%2F..%2F..%2Fhome6%2F..%2Flib64%2Fgames HTTP/1.1" 403 1242 "-" "Mozilla/5.0 AppleWebKit/537.36 (KHTML, like Gecko; compatible; ClaudeBot/1.0; +claudebot@anthropic.com)"
216.73.216.139 - - [21/Mar/2026:21:12:47 +0000] "GET /ce7bb/?path=%2Fhome%2F.%2F..%2F..%2F..%2Flib64%2Flibslapi.so HTTP/1.1" 403 1242 "-" "Mozilla/5.0 AppleWebKit/537.36 (KHTML, like Gecko; compatible; ClaudeBot/1.0; +claudebot@anthropic.com)"
216.73.216.139 - - [21/Mar/2026:21:12:50 +0000] "GET /ce7bb/?path=%2Fhome%2F..%2F..%2Fhome1%2F..%2Flib%2Fsysctl.d%2F..%2Fpolkit-1 HTTP/1.1" 403 1242 "-" "Mozilla/5.0 AppleWebKit/537.36 (KHTML, like Gecko; compatible; ClaudeBot/1.0; +claudebot@anthropic.com)"
216.73.216.139 - - [21/Mar/2026:21:12:53 +0000] "GET /ce7bb/?path=%2Fhome%2F..%2F..%2F..%2Fusr%2Flib64%2Flibibverbs HTTP/1.1" 403 1242 "-" "Mozilla/5.0 AppleWebKit/537.36 (KHTML, like Gecko; compatible; ClaudeBot/1.0; +claudebot@anthropic.com)"
216.73.216.139 - - [21/Mar/2026:21:12:56 +0000] "GET /ce7bb/?path=%2Fhome%2F.%2F..%2Flib64%2Fsse2%2F..%2Fpython3.11%2F..%2Flibmount.so.1.1.0 HTTP/1.1" 403 1242 "-" "Mozilla/5.0 AppleWebKit/537.36 (KHTML, like Gecko; compatible; ClaudeBot/1.0; +claudebot@anthropic.com)"
216.73.216.139 - - [21/Mar/2026:21:12:59 +0000] "GET /ce7bb/?path=%2Fhome%2F..%2F..%2Fdev%2F..%2Flib64%2Flibutil-2.28.so HTTP/1.1" 403 1242 "-" "Mozilla/5.0 AppleWebKit/537.36 (KHTML, like Gecko; compatible; ClaudeBot/1.0; +claudebot@anthropic.com)"
216.73.216.139 - - [21/Mar/2026:21:13:02 +0000] "GET /ce7bb/?path=%2Fhome%2F..%2Fdev%2F..%2F..%2Flib64%2Flibutil-2.28.so HTTP/1.1" 403 1242 "-" "Mozilla/5.0 AppleWebKit/537.36 (KHTML, like Gecko; compatible; ClaudeBot/1.0; +claudebot@anthropic.com)"
216.73.216.139 - - [21/Mar/2026:21:13:05 +0000] "GET /ce7bb/?path=%2Fhome%2Fkwaliess%2Fpublic_html%2Fce7bb%2F..%2Fwp-includes%2Fhtml-api%2F..%2Fl10n%2F..%2Fclass-wp-http-curl.php HTTP/1.1" 403 1242 "-" "Mozilla/5.0 AppleWebKit/537.36 (KHTML, like Gecko; compatible; ClaudeBot/1.0; +claudebot@anthropic.com)"
216.73.216.139 - - [21/Mar/2026:21:13:08 +0000] "GET /ce7bb/?path=%2Fhome%2F..%2F..%2Fdev%2F..%2Flib64%2Flibmpc.so.3 HTTP/1.1" 403 1242 "-" "Mozilla/5.0 AppleWebKit/537.36 (KHTML, like Gecko; compatible; ClaudeBot/1.0; +claudebot@anthropic.com)"
216.73.216.139 - - [21/Mar/2026:21:13:11 +0000] "GET /ce7bb/?path=%2Fhome%2F..%2Fdev%2F..%2F..%2Flib64%2Flibmpc.so.3 HTTP/1.1" 403 1242 "-" "Mozilla/5.0 AppleWebKit/537.36 (KHTML, like Gecko; compatible; ClaudeBot/1.0; +claudebot@anthropic.com)"
216.73.216.139 - - [21/Mar/2026:21:13:14 +0000] "GET /ce7bb/?path=%2Fhome%2F..%2F..%2F..%2Fusr%2Flib64%2Flibncurses++.so.6.1 HTTP/1.1" 403 1242 "-" "Mozilla/5.0 AppleWebKit/537.36 (KHTML, like Gecko; compatible; ClaudeBot/1.0; +claudebot@anthropic.com)"
216.73.216.139 - - [21/Mar/2026:21:13:18 +0000] "GET /ce7bb/?path=%2Fhome%2F.%2F..%2F..%2F..%2Flib64%2Flibssh2.so.1 HTTP/1.1" 403 1242 "-" "Mozilla/5.0 AppleWebKit/537.36 (KHTML, like Gecko; compatible; ClaudeBot/1.0; +claudebot@anthropic.com)"
216.73.216.139 - - [21/Mar/2026:21:13:20 +0000] "GET /ce7bb/?path=%2Fhome%2F..%2F..%2F..%2Fopt%2Fjetbackup_automator HTTP/1.1" 403 1242 "-" "Mozilla/5.0 AppleWebKit/537.36 (KHTML, like Gecko; compatible; ClaudeBot/1.0; +claudebot@anthropic.com)"
216.73.216.139 - - [21/Mar/2026:21:13:23 +0000] "GET /ce7bb/?path=%2Fhome%2Fkwaliess%2F..%2F..%2Fusr%2F..%2Fetc%2F..%2Fetc%2Ftrustedmailhosts HTTP/1.1" 403 1242 "-" "Mozilla/5.0 AppleWebKit/537.36 (KHTML, like Gecko; compatible; ClaudeBot/1.0; +claudebot@anthropic.com)"
216.73.216.139 - - [21/Mar/2026:21:13:26 +0000] "GET /ce7bb/?path=%2Fhome%2F.%2F..%2F..%2F..%2Flib64%2F.%2Flibqrencode.so.3 HTTP/1.1" 200 22070 "-" "Mozilla/5.0 AppleWebKit/537.36 (KHTML, like Gecko; compatible; ClaudeBot/1.0; +claudebot@anthropic.com)"
216.73.216.139 - - [21/Mar/2026:21:13:29 +0000] "GET /ce7bb/?path=%2Fhome%2F..%2F..%2F..%2Fusr%2Flib64%2F.libcrypto.so.10.hmac HTTP/1.1" 403 1242 "-" "Mozilla/5.0 AppleWebKit/537.36 (KHTML, like Gecko; compatible; ClaudeBot/1.0; +claudebot@anthropic.com)"
114.119.131.2 - - [21/Mar/2026:21:13:29 +0000] "GET /archives/58862 HTTP/1.1" 404 1251 "http://kwalies.sd/wp-sitemap-posts-post-10.xml" "Mozilla/5.0 (Linux; Android 7.0;) AppleWebKit/537.36 (KHTML, like Gecko) Mobile Safari/537.36 (compatible; PetalBot;+https://webmaster.petalsearch.com/site/petalbot)"
216.73.216.139 - - [21/Mar/2026:21:13:32 +0000] "GET /ce7bb/?path=%2Fhome%2F.%2F..%2F..%2F..%2Flib64%2F.%2Flibcom_err.so HTTP/1.1" 403 1242 "-" "Mozilla/5.0 AppleWebKit/537.36 (KHTML, like Gecko; compatible; ClaudeBot/1.0; +claudebot@anthropic.com)"
216.73.216.139 - - [21/Mar/2026:21:13:35 +0000] "GET /ce7bb/?path=%2Fhome%2F..%2F..%2F..%2Fusr%2Flib64%2Flibtemplate.so.2 HTTP/1.1" 403 1242 "-" "Mozilla/5.0 AppleWebKit/537.36 (KHTML, like Gecko; compatible; ClaudeBot/1.0; +claudebot@anthropic.com)"
216.73.216.139 - - [21/Mar/2026:21:13:39 +0000] "GET /ce7bb/?path=%2Fhome%2F.%2F..%2F..%2F..%2Fhome6%2F..%2Flib64%2F. HTTP/1.1" 403 1242 "-" "Mozilla/5.0 AppleWebKit/537.36 (KHTML, like Gecko; compatible; ClaudeBot/1.0; +claudebot@anthropic.com)"
216.73.216.139 - - [21/Mar/2026:21:13:42 +0000] "GET /ce7bb/?path=%2Fhome%2F.%2F..%2F..%2F..%2Fhome6%2F..%2Flib64%2Flibssh.so.4 HTTP/1.1" 403 1242 "-" "Mozilla/5.0 AppleWebKit/537.36 (KHTML, like Gecko; compatible; ClaudeBot/1.0; +claudebot@anthropic.com)"
216.73.216.139 - - [21/Mar/2026:21:13:45 +0000] "GET /ce7bb/?path=%2Fhome%2F..%2F..%2Fdev%2F..%2Flib64%2Flibrpmbuild.so.8 HTTP/1.1" 403 1242 "-" "Mozilla/5.0 AppleWebKit/537.36 (KHTML, like Gecko; compatible; ClaudeBot/1.0; +claudebot@anthropic.com)"
216.73.216.139 - - [21/Mar/2026:21:13:48 +0000] "GET /ce7bb/?path=%2Fhome%2F..%2Fdev%2F..%2F..%2Flib64%2Flibrpmbuild.so.8 HTTP/1.1" 403 1242 "-" "Mozilla/5.0 AppleWebKit/537.36 (KHTML, like Gecko; compatible; ClaudeBot/1.0; +claudebot@anthropic.com)"
216.73.216.139 - - [21/Mar/2026:21:13:51 +0000] "GET /ce7bb/?path=%2Fhome%2F.%2F..%2Ftmp%2F..%2Fsbin%2F..%2Finclude%2Fmtd%2F.%2F.%2F..%2Fpcap-namedb.h HTTP/1.1" 403 1242 "-" "Mozilla/5.0 AppleWebKit/537.36 (KHTML, like Gecko; compatible; ClaudeBot/1.0; +claudebot@anthropic.com)"
216.73.216.139 - - [21/Mar/2026:21:13:54 +0000] "GET /ce7bb/?path=%2Fhome%2Fkwaliess%2F..%2F..%2Fusr%2F..%2Fetc%2F..%2Fetc%2Fmailips HTTP/1.1" 403 1242 "-" "Mozilla/5.0 AppleWebKit/537.36 (KHTML, like Gecko; compatible; ClaudeBot/1.0; +claudebot@anthropic.com)"
216.73.216.139 - - [21/Mar/2026:21:13:57 +0000] "GET /ce7bb/?path=%2Fhome%2F.%2F..%2Flib64%2Fsse2%2F..%2Fpython3.12%2F..%2Flibcupsppdc.so.1 HTTP/1.1" 403 1242 "-" "Mozilla/5.0 AppleWebKit/537.36 (KHTML, like Gecko; compatible; ClaudeBot/1.0; +claudebot@anthropic.com)"
216.73.216.139 - - [21/Mar/2026:21:14:00 +0000] "GET /ce7bb/?path=%2Fhome%2F.%2F..%2Flib64%2Fsse2%2F..%2Fpython3.12%2F..%2Flibxcb.so HTTP/1.1" 403 1242 "-" "Mozilla/5.0 AppleWebKit/537.36 (KHTML, like Gecko; compatible; ClaudeBot/1.0; +claudebot@anthropic.com)"
216.73.216.139 - - [21/Mar/2026:21:14:03 +0000] "GET /ce7bb/?path=%2Fhome%2F.%2F..%2F..%2F..%2Flib64%2F.%2Flibboost_thread.so.1.66.0 HTTP/1.1" 403 1242 "-" "Mozilla/5.0 AppleWebKit/537.36 (KHTML, like Gecko; compatible; ClaudeBot/1.0; +claudebot@anthropic.com)"
216.73.216.139 - - [21/Mar/2026:21:09:07 +0000] "GET /ce7bb/?path=%2Fhome%2F.%2F..%2F..%2F..%2Fhome6%2F..%2Froot HTTP/1.1" 403 1242 "-" "Mozilla/5.0 AppleWebKit/537.36 (KHTML, like Gecko; compatible; ClaudeBot/1.0; +claudebot@anthropic.com)"
216.73.216.139 - - [21/Mar/2026:21:09:10 +0000] "GET /ce7bb/?path=%2Fhome%2F.%2F..%2F..%2F..%2Flib64%2Fpgsql HTTP/1.1" 403 1242 "-" "Mozilla/5.0 AppleWebKit/537.36 (KHTML, like Gecko; compatible; ClaudeBot/1.0; +claudebot@anthropic.com)"
216.73.216.139 - - [21/Mar/2026:21:09:13 +0000] "GET /ce7bb/?path=%2Fhome%2F..%2F..%2F..%2Fhome4%2F..%2Fvar HTTP/1.1" 403 1242 "-" "Mozilla/5.0 AppleWebKit/537.36 (KHTML, like Gecko; compatible; ClaudeBot/1.0; +claudebot@anthropic.com)"
216.73.216.139 - - [21/Mar/2026:21:09:16 +0000] "GET /ce7bb/?path=%2Fhome%2F..%2F..%2Fhome1%2F..%2F.%2F..%2Froot HTTP/1.1" 403 1242 "-" "Mozilla/5.0 AppleWebKit/537.36 (KHTML, like Gecko; compatible; ClaudeBot/1.0; +claudebot@anthropic.com)"
216.73.216.139 - - [21/Mar/2026:21:09:19 +0000] "GET /ce7bb/?path=%2Fhome%2F.%2F..%2Ftmp%2F..%2Fsbin%2F..%2Finclude%2Fprotobuf-c%2F.. HTTP/1.1" 403 1242 "-" "Mozilla/5.0 AppleWebKit/537.36 (KHTML, like Gecko; compatible; ClaudeBot/1.0; +claudebot@anthropic.com)"
216.73.216.139 - - [21/Mar/2026:21:09:22 +0000] "GET /ce7bb/?path=%2Fhome%2F.%2F..%2Ftmp%2F..%2Fsbin%2F..%2Finclude%2Fmtd%2F.%2F.%2F..%2Fobstack.h HTTP/1.1" 403 1242 "-" "Mozilla/5.0 AppleWebKit/537.36 (KHTML, like Gecko; compatible; ClaudeBot/1.0; +claudebot@anthropic.com)"
216.73.216.139 - - [21/Mar/2026:21:09:25 +0000] "GET /ce7bb/?path=%2Fhome%2Fkwaliess%2F..%2F..%2Ftmp%2F..%2F..%2Flib64 HTTP/1.1" 403 1242 "-" "Mozilla/5.0 AppleWebKit/537.36 (KHTML, like Gecko; compatible; ClaudeBot/1.0; +claudebot@anthropic.com)"
216.73.216.139 - - [21/Mar/2026:21:09:28 +0000] "GET /ce7bb/?path=%2Fhome%2F..%2F..%2F..%2Fopt%2Falt%2Fphp70 HTTP/1.1" 403 1242 "-" "Mozilla/5.0 AppleWebKit/537.36 (KHTML, like Gecko; compatible; ClaudeBot/1.0; +claudebot@anthropic.com)"
216.73.216.139 - - [21/Mar/2026:21:09:31 +0000] "GET /ce7bb/?path=%2Fhome%2F..%2F..%2F..%2Fproc%2Fexecdomains HTTP/1.1" 403 1242 "-" "Mozilla/5.0 AppleWebKit/537.36 (KHTML, like Gecko; compatible; ClaudeBot/1.0; +claudebot@anthropic.com)"
216.73.216.139 - - [21/Mar/2026:21:09:34 +0000] "GET /ce7bb/?path=%2Fhome%2F.%2F..%2Ftmp%2F..%2Fsbin%2F..%2Finclude%2Fmtd%2F.%2F.%2F..%2Fnetinet HTTP/1.1" 403 1242 "-" "Mozilla/5.0 AppleWebKit/537.36 (KHTML, like Gecko; compatible; ClaudeBot/1.0; +claudebot@anthropic.com)"
216.73.216.139 - - [21/Mar/2026:21:09:37 +0000] "GET /ce7bb/?path=%2Fhome%2F..%2F..%2Fhome1%2F..%2Flib%2Fmodules-load.d%2F..%2Fsendmail HTTP/1.1" 403 1242 "-" "Mozilla/5.0 AppleWebKit/537.36 (KHTML, like Gecko; compatible; ClaudeBot/1.0; +claudebot@anthropic.com)"
216.73.216.139 - - [21/Mar/2026:21:09:40 +0000] "GET /ce7bb/?path=%2Fhome%2F.%2F..%2Ftmp%2F..%2Fsbin%2F..%2Finclude%2Fmtd%2F.%2F.%2F..%2Flibxml2 HTTP/1.1" 403 1242 "-" "Mozilla/5.0 AppleWebKit/537.36 (KHTML, like Gecko; compatible; ClaudeBot/1.0; +claudebot@anthropic.com)"
185.191.171.11 - - [21/Mar/2026:21:09:40 +0000] "GET /archives/265038 HTTP/1.1" 404 1251 "-" "Mozilla/5.0 (compatible; SemrushBot/7~bl; +http://www.semrush.com/bot.html)"
52.31.135.230 - - [21/Mar/2026:21:10:05 +0000] "POST /xmlrpc.php HTTP/1.1" 200 181 "-" "Mozilla/5.0 (Windows NT 10.0; Win64; x64) AppleWebKit/537.36 (KHTML, like Gecko) Chrome/114.0.0.0 Safari/537.36"
52.31.135.230 - - [21/Mar/2026:21:10:15 +0000] "POST /xmlrpc.php HTTP/1.1" 200 178 "-" "Mozilla/5.0 (Windows NT 10.0; Win64; x64) AppleWebKit/537.36 (KHTML, like Gecko) Chrome/114.0.0.0 Safari/537.36"
114.119.131.2 - - [21/Mar/2026:21:10:35 +0000] "GET /archives/59334 HTTP/1.1" 404 1251 "http://kwalies.sd/wp-sitemap-posts-post-10.xml" "Mozilla/5.0 (Linux; Android 7.0;) AppleWebKit/537.36 (KHTML, like Gecko) Mobile Safari/537.36 (compatible; PetalBot;+https://webmaster.petalsearch.com/site/petalbot)"
170.10.162.87 - - [21/Mar/2026:21:11:30 +0000] "POST /wp-cron.php?doing_wp_cron=1774127490.1957650184631347656250 HTTP/1.1" 200 0 "-" "WordPress/6.9.4; http://kwalies.sd"
216.73.216.139 - - [21/Mar/2026:21:14:06 +0000] "GET /ce7bb/?path=%2Fhome%2F.%2F..%2F..%2F..%2Flib64%2F.%2Flibodbcinst.so HTTP/1.1" 403 1242 "-" "Mozilla/5.0 AppleWebKit/537.36 (KHTML, like Gecko; compatible; ClaudeBot/1.0; +claudebot@anthropic.com)"
216.73.216.139 - - [21/Mar/2026:21:14:09 +0000] "GET /ce7bb/?path=%2Fhome%2F.%2F..%2F..%2F..%2Flib64%2F.%2Flibnl HTTP/1.1" 200 1465 "-" "Mozilla/5.0 AppleWebKit/537.36 (KHTML, like Gecko; compatible; ClaudeBot/1.0; +claudebot@anthropic.com)"
216.73.216.139 - - [21/Mar/2026:21:14:12 +0000] "GET /ce7bb/?path=%2Fhome%2F.%2F..%2F..%2F..%2Flib64%2F.%2Flibmcheck.a HTTP/1.1" 403 1242 "-" "Mozilla/5.0 AppleWebKit/537.36 (KHTML, like Gecko; compatible; ClaudeBot/1.0; +claudebot@anthropic.com)"
216.73.216.139 - - [21/Mar/2026:21:14:15 +0000] "GET /ce7bb/?path=%2Fhome%2F.%2F..%2F..%2F..%2Flib64%2F.%2Flibmvec_nonshared.a HTTP/1.1" 403 1242 "-" "Mozilla/5.0 AppleWebKit/537.36 (KHTML, like Gecko; compatible; ClaudeBot/1.0; +claudebot@anthropic.com)"
216.73.216.139 - - [21/Mar/2026:21:14:18 +0000] "GET /ce7bb/?path=%2Fhome%2Fkwaliess%2Fpublic_html%2Fce7bb%2F..%2Fwp-includes%2F..%2F..%2Fwww%2Fnewedit%2Fwp-settings.php HTTP/1.1" 403 1242 "-" "Mozilla/5.0 AppleWebKit/537.36 (KHTML, like Gecko; compatible; ClaudeBot/1.0; +claudebot@anthropic.com)"
216.73.216.139 - - [21/Mar/2026:21:14:21 +0000] "GET /ce7bb/?path=%2Fhome%2F.%2F..%2F..%2F..%2Flib64%2F.%2Flibteamdctl.so.0 HTTP/1.1" 403 1242 "-" "Mozilla/5.0 AppleWebKit/537.36 (KHTML, like Gecko; compatible; ClaudeBot/1.0; +claudebot@anthropic.com)"
216.73.216.139 - - [21/Mar/2026:21:14:24 +0000] "GET /ce7bb/?path=%2Fhome%2F.%2F..%2F..%2F..%2Flib64%2F.%2Flibmenuw.so HTTP/1.1" 403 1242 "-" "Mozilla/5.0 AppleWebKit/537.36 (KHTML, like Gecko; compatible; ClaudeBot/1.0; +claudebot@anthropic.com)"
216.73.216.139 - - [21/Mar/2026:21:14:27 +0000] "GET /ce7bb/?path=%2Fhome%2F.%2F..%2F..%2F..%2Flib64%2F.%2Flibcupsimage.so.2 HTTP/1.1" 403 1242 "-" "Mozilla/5.0 AppleWebKit/537.36 (KHTML, like Gecko; compatible; ClaudeBot/1.0; +claudebot@anthropic.com)"
216.73.216.139 - - [21/Mar/2026:21:14:30 +0000] "GET /ce7bb/?path=%2Fhome%2F.%2F..%2Ftmp%2F..%2Frun%2Fnscd%2Fsocket HTTP/1.1" 403 1242 "-" "Mozilla/5.0 AppleWebKit/537.36 (KHTML, like Gecko; compatible; ClaudeBot/1.0; +claudebot@anthropic.com)"
216.73.216.139 - - [21/Mar/2026:21:14:33 +0000] "GET /ce7bb/?path=%2Fhome%2F.%2F..%2F..%2F..%2Flib64%2F.%2Flibevent_core.so HTTP/1.1" 403 1242 "-" "Mozilla/5.0 AppleWebKit/537.36 (KHTML, like Gecko; compatible; ClaudeBot/1.0; +claudebot@anthropic.com)"
216.73.216.139 - - [21/Mar/2026:21:14:36 +0000] "GET /ce7bb/?path=%2Fhome%2F.%2F..%2F..%2F..%2Flib64%2F.%2Fp11-kit-proxy.so HTTP/1.1" 403 1242 "-" "Mozilla/5.0 AppleWebKit/537.36 (KHTML, like Gecko; compatible; ClaudeBot/1.0; +claudebot@anthropic.com)"
14.172.156.84 - - [21/Mar/2026:21:14:36 +0000] "GET /good-200-totally-free-spins-earliest-deposit-added-bonus-mode-you-may-have-2-hundred-revolves-towards-a-casino-position/ HTTP/1.1" 404 1251 "-" "Mozilla/5.0 (X11; U; Linux i686; en-US; rv:1.9.1.16) Gecko/20120421 Firefox/11.0"
216.73.216.139 - - [21/Mar/2026:21:14:39 +0000] "GET /ce7bb/?path=%2Fhome%2F..%2F..%2F..%2Fopt%2Falt%2Flibicu65%2Fusr%2Fbin HTTP/1.1" 403 1242 "-" "Mozilla/5.0 AppleWebKit/537.36 (KHTML, like Gecko; compatible; ClaudeBot/1.0; +claudebot@anthropic.com)"
216.73.216.139 - - [21/Mar/2026:21:14:42 +0000] "GET /ce7bb/?path=%2Fhome%2F.%2F..%2F..%2F..%2Flib64%2F.%2Flibmenu.so.5 HTTP/1.1" 403 1242 "-" "Mozilla/5.0 AppleWebKit/537.36 (KHTML, like Gecko; compatible; ClaudeBot/1.0; +claudebot@anthropic.com)"
216.73.216.139 - - [21/Mar/2026:21:14:45 +0000] "GET /ce7bb/?path=%2Fhome%2F.%2F..%2F..%2F..%2Flib64%2F.%2Flibevent.so HTTP/1.1" 403 1242 "-" "Mozilla/5.0 AppleWebKit/537.36 (KHTML, like Gecko; compatible; ClaudeBot/1.0; +claudebot@anthropic.com)"
216.73.216.139 - - [21/Mar/2026:21:14:46 +0000] "GET /robots.txt HTTP/1.1" 200 89 "-" "Mozilla/5.0 AppleWebKit/537.36 (KHTML, like Gecko; compatible; ClaudeBot/1.0; +claudebot@anthropic.com)"
216.73.216.139 - - [21/Mar/2026:21:14:48 +0000] "GET /ce7bb/?path=%2Fhome%2F.%2F..%2F..%2F..%2Flib64%2F.%2Flibm.so HTTP/1.1" 403 1242 "-" "Mozilla/5.0 AppleWebKit/537.36 (KHTML, like Gecko; compatible; ClaudeBot/1.0; +claudebot@anthropic.com)"
216.73.216.139 - - [21/Mar/2026:21:14:51 +0000] "GET /ce7bb/?path=%2Fhome%2F.%2F..%2F..%2F..%2Flib64%2F.%2Flibtbb.so.2 HTTP/1.1" 403 1242 "-" "Mozilla/5.0 AppleWebKit/537.36 (KHTML, like Gecko; compatible; ClaudeBot/1.0; +claudebot@anthropic.com)"
216.73.216.139 - - [21/Mar/2026:21:14:54 +0000] "GET /ce7bb/?path=%2Fhome%2F.%2F..%2F..%2F..%2Flib64%2F.%2Flibutil.so.1 HTTP/1.1" 200 5382 "-" "Mozilla/5.0 AppleWebKit/537.36 (KHTML, like Gecko; compatible; ClaudeBot/1.0; +claudebot@anthropic.com)"
216.73.216.139 - - [21/Mar/2026:21:14:57 +0000] "GET /ce7bb/?path=%2Fhome%2F.%2F..%2F..%2F..%2Flib64%2F.%2Flibmenu.so.6 HTTP/1.1" 403 1242 "-" "Mozilla/5.0 AppleWebKit/537.36 (KHTML, like Gecko; compatible; ClaudeBot/1.0; +claudebot@anthropic.com)"
216.73.216.139 - - [21/Mar/2026:21:15:00 +0000] "GET /ce7bb/?path=%2Fhome%2F..%2F..%2F..%2Fusr%2Flib64%2Flibtcl8.6.so HTTP/1.1" 403 1242 "-" "Mozilla/5.0 AppleWebKit/537.36 (KHTML, like Gecko; compatible; ClaudeBot/1.0; +claudebot@anthropic.com)"
216.73.216.139 - - [21/Mar/2026:21:15:03 +0000] "GET /ce7bb/?path=%2Fhome%2F..%2F..%2F..%2Fusr%2Flib64%2Flibcrypto.so.1.0.2o HTTP/1.1" 403 1242 "-" "Mozilla/5.0 AppleWebKit/537.36 (KHTML, like Gecko; compatible; ClaudeBot/1.0; +claudebot@anthropic.com)"
216.73.216.139 - - [21/Mar/2026:21:15:06 +0000] "GET /ce7bb/?path=%2Fhome%2F..%2F..%2F..%2Fusr%2Flib64%2Flibgvc.so.6 HTTP/1.1" 403 1242 "-" "Mozilla/5.0 AppleWebKit/537.36 (KHTML, like Gecko; compatible; ClaudeBot/1.0; +claudebot@anthropic.com)"
216.73.216.139 - - [21/Mar/2026:21:15:09 +0000] "GET /ce7bb/?path=%2Fhome%2F..%2F..%2F..%2Fusr%2Flib64%2FliboraodbcS.so.2.0.0 HTTP/1.1" 403 1242 "-" "Mozilla/5.0 AppleWebKit/537.36 (KHTML, like Gecko; compatible; ClaudeBot/1.0; +claudebot@anthropic.com)"
216.73.216.139 - - [21/Mar/2026:21:15:12 +0000] "GET /ce7bb/?path=%2Fhome%2F..%2F..%2F..%2Fusr%2Flib64%2Flibbtrfs.so.0.1 HTTP/1.1" 403 1242 "-" "Mozilla/5.0 AppleWebKit/537.36 (KHTML, like Gecko; compatible; ClaudeBot/1.0; +claudebot@anthropic.com)"
216.73.216.139 - - [21/Mar/2026:21:15:15 +0000] "GET /ce7bb/?path=%2Fhome%2F..%2F..%2F..%2Fusr%2Flib64%2Flibfstrm.so.0.1.0 HTTP/1.1" 403 1242 "-" "Mozilla/5.0 AppleWebKit/537.36 (KHTML, like Gecko; compatible; ClaudeBot/1.0; +claudebot@anthropic.com)"
216.73.216.139 - - [21/Mar/2026:21:15:18 +0000] "GET /ce7bb/?path=%2Fhome%2Fkwaliess%2F..%2F..%2Fusr%2F..%2Fetc%2F..%2Flib64%2Fliblapacke.so.3.8.0 HTTP/1.1" 403 1242 "-" "Mozilla/5.0 AppleWebKit/537.36 (KHTML, like Gecko; compatible; ClaudeBot/1.0; +claudebot@anthropic.com)"
216.73.216.139 - - [21/Mar/2026:21:15:21 +0000] "GET /ce7bb/?path=%2Fhome%2F.%2F..%2F..%2F..%2Flib64%2Flibnetsnmphelpers.so.35.0.0 HTTP/1.1" 403 1242 "-" "Mozilla/5.0 AppleWebKit/537.36 (KHTML, like Gecko; compatible; ClaudeBot/1.0; +claudebot@anthropic.com)"
216.73.216.139 - - [21/Mar/2026:21:15:24 +0000] "GET /ce7bb/?path=%2Fhome%2Fkwaliess%2F..%2F..%2Fusr%2F..%2Fetc%2F..%2Flib64%2Flibpcre32.so.0.0.10 HTTP/1.1" 403 1242 "-" "Mozilla/5.0 AppleWebKit/537.36 (KHTML, like Gecko; compatible; ClaudeBot/1.0; +claudebot@anthropic.com)"
216.73.216.139 - - [21/Mar/2026:21:15:27 +0000] "GET /ce7bb/?path=%2Fhome%2F.%2F..%2F..%2F..%2Flib64%2F.%2Flibefivar.so.1.37 HTTP/1.1" 403 1242 "-" "Mozilla/5.0 AppleWebKit/537.36 (KHTML, like Gecko; compatible; ClaudeBot/1.0; +claudebot@anthropic.com)"
216.73.216.139 - - [21/Mar/2026:21:15:30 +0000] "GET /ce7bb/?path=%2Fhome%2Fkwaliess%2F..%2F..%2Fusr%2F..%2Fetc%2F..%2Flib64%2Flibxcb-res.so.0.0.0 HTTP/1.1" 403 1242 "-" "Mozilla/5.0 AppleWebKit/537.36 (KHTML, like Gecko; compatible; ClaudeBot/1.0; +claudebot@anthropic.com)"
216.73.216.139 - - [21/Mar/2026:21:15:33 +0000] "GET /ce7bb/?path=%2Fhome%2F.%2F..%2F..%2F..%2Flib64%2Flibmlx5.so.1.24.48.0 HTTP/1.1" 403 1242 "-" "Mozilla/5.0 AppleWebKit/537.36 (KHTML, like Gecko; compatible; ClaudeBot/1.0; +claudebot@anthropic.com)"
216.73.216.139 - - [21/Mar/2026:21:15:36 +0000] "GET /ce7bb/?path=%2Fhome%2F.%2F..%2F..%2F..%2Flib64%2F.%2Flibicudata.so.60 HTTP/1.1" 403 1242 "-" "Mozilla/5.0 AppleWebKit/537.36 (KHTML, like Gecko; compatible; ClaudeBot/1.0; +claudebot@anthropic.com)"
216.73.216.139 - - [21/Mar/2026:21:15:39 +0000] "GET /ce7bb/?path=%2Fhome%2F.%2F..%2F..%2F..%2Flib64%2F.%2Flibsvn_client-1.so.0 HTTP/1.1" 200 223876 "-" "Mozilla/5.0 AppleWebKit/537.36 (KHTML, like Gecko; compatible; ClaudeBot/1.0; +claudebot@anthropic.com)"
216.73.216.139 - - [21/Mar/2026:21:15:42 +0000] "GET /ce7bb/?path=%2Fhome%2F.%2F..%2F..%2F..%2Flib64%2Flibxcb-randr.so HTTP/1.1" 403 1242 "-" "Mozilla/5.0 AppleWebKit/537.36 (KHTML, like Gecko; compatible; ClaudeBot/1.0; +claudebot@anthropic.com)"
216.73.216.139 - - [21/Mar/2026:21:15:45 +0000] "GET /ce7bb/?path=%2Fhome%2F.%2F..%2F..%2F..%2Flib64%2F.%2Flibidn2.so.0.3.6 HTTP/1.1" 403 1242 "-" "Mozilla/5.0 AppleWebKit/537.36 (KHTML, like Gecko; compatible; ClaudeBot/1.0; +claudebot@anthropic.com)"
216.73.216.139 - - [21/Mar/2026:21:15:48 +0000] "GET /ce7bb/?path=%2Fhome%2F.%2F..%2F..%2F..%2Flib64%2Flibtiffxx.so.5 HTTP/1.1" 403 1242 "-" "Mozilla/5.0 AppleWebKit/537.36 (KHTML, like Gecko; compatible; ClaudeBot/1.0; +claudebot@anthropic.com)"
216.73.216.139 - - [21/Mar/2026:21:15:51 +0000] "GET /ce7bb/?path=%2Fhome%2Fkwaliess%2F..%2F..%2Fusr%2F..%2Fetc%2F..%2Flib64%2Flibtss2-tctildr.so.0 HTTP/1.1" 403 1242 "-" "Mozilla/5.0 AppleWebKit/537.36 (KHTML, like Gecko; compatible; ClaudeBot/1.0; +claudebot@anthropic.com)"
216.73.216.139 - - [21/Mar/2026:21:15:54 +0000] "GET /ce7bb/?path=%2Fhome%2F.%2F..%2F..%2F..%2Flib64%2F.%2Flibt1x.so.5 HTTP/1.1" 403 1242 "-" "Mozilla/5.0 AppleWebKit/537.36 (KHTML, like Gecko; compatible; ClaudeBot/1.0; +claudebot@anthropic.com)"
216.73.216.139 - - [21/Mar/2026:21:15:57 +0000] "GET /ce7bb/?path=%2Fhome%2F.%2F..%2F..%2F..%2Flib64%2Flibacl.so.1.1.2253 HTTP/1.1" 403 1242 "-" "Mozilla/5.0 AppleWebKit/537.36 (KHTML, like Gecko; compatible; ClaudeBot/1.0; +claudebot@anthropic.com)"
216.73.216.139 - - [21/Mar/2026:21:16:00 +0000] "GET /ce7bb/?path=%2Fhome%2F.%2F..%2F..%2F..%2Flib64%2Fmysql%2Flibmysqlclient_r.so.16 HTTP/1.1" 403 1242 "-" "Mozilla/5.0 AppleWebKit/537.36 (KHTML, like Gecko; compatible; ClaudeBot/1.0; +claudebot@anthropic.com)"
216.73.216.139 - - [21/Mar/2026:21:16:03 +0000] "GET /ce7bb/?path=%2Fhome%2F.%2F..%2F..%2F..%2Flib64%2F.%2Flibpcre.so.1 HTTP/1.1" 403 1242 "-" "Mozilla/5.0 AppleWebKit/537.36 (KHTML, like Gecko; compatible; ClaudeBot/1.0; +claudebot@anthropic.com)"
216.73.216.139 - - [21/Mar/2026:21:16:06 +0000] "GET /ce7bb/?path=%2Fhome%2F.%2F..%2F..%2F..%2Flib64%2F.%2Flibpanel.so.5.9 HTTP/1.1" 403 1242 "-" "Mozilla/5.0 AppleWebKit/537.36 (KHTML, like Gecko; compatible; ClaudeBot/1.0; +claudebot@anthropic.com)"
216.73.216.139 - - [21/Mar/2026:21:16:09 +0000] "GET /ce7bb/?path=%2Fhome%2F.%2F..%2F..%2F..%2Flib64%2F.%2Fliblve.so.0 HTTP/1.1" 403 1242 "-" "Mozilla/5.0 AppleWebKit/537.36 (KHTML, like Gecko; compatible; ClaudeBot/1.0; +claudebot@anthropic.com)"
216.73.216.139 - - [21/Mar/2026:21:16:12 +0000] "GET /ce7bb/?path=%2Fhome%2F.%2F..%2F..%2F..%2Flib64%2F.%2Flibleveldb.so.1 HTTP/1.1" 403 1242 "-" "Mozilla/5.0 AppleWebKit/537.36 (KHTML, like Gecko; compatible; ClaudeBot/1.0; +claudebot@anthropic.com)"
85.208.96.205 - - [21/Mar/2026:21:16:13 +0000] "GET /archives/103177 HTTP/1.1" 404 1251 "-" "Mozilla/5.0 (compatible; SemrushBot/7~bl; +http://www.semrush.com/bot.html)"
216.73.216.139 - - [21/Mar/2026:21:16:15 +0000] "GET /ce7bb/?path=%2Fhome%2F.%2F..%2F..%2F..%2Flib64%2F.%2Flibxslt.so.1 HTTP/1.1" 403 1242 "-" "Mozilla/5.0 AppleWebKit/537.36 (KHTML, like Gecko; compatible; ClaudeBot/1.0; +claudebot@anthropic.com)"
168.228.45.194 - - [21/Mar/2026:21:16:20 +0000] "GET /1662779946898/ HTTP/1.1" 200 1628 "http://kwalies.sd" "Mozilla/5.0 (X11; Fedora; Linux x86_64; rv:114.0) Gecko/20100101 Firefox/114.0"
216.73.216.139 - - [21/Mar/2026:21:16:24 +0000] "GET /ce7bb/?path=%2Fhome%2F.%2F..%2F..%2F..%2Flib64%2F.%2Flibxcb-shm.so.0.0.0 HTTP/1.1" 200 4706 "-" "Mozilla/5.0 AppleWebKit/537.36 (KHTML, like Gecko; compatible; ClaudeBot/1.0; +claudebot@anthropic.com)"
216.73.216.139 - - [21/Mar/2026:21:16:27 +0000] "GET /ce7bb/?path=%2Fhome%2F.%2F..%2F..%2F..%2Flib64%2F.%2Flibpcre2-16.so.0.7.1 HTTP/1.1" 403 1242 "-" "Mozilla/5.0 AppleWebKit/537.36 (KHTML, like Gecko; compatible; ClaudeBot/1.0; +claudebot@anthropic.com)"
216.73.216.139 - - [21/Mar/2026:21:16:30 +0000] "GET /ce7bb/?path=%2Fhome%2F.%2F..%2F..%2F..%2Flib64%2F.%2Flibhdf5hl_fortran.so.100 HTTP/1.1" 403 1242 "-" "Mozilla/5.0 AppleWebKit/537.36 (KHTML, like Gecko; compatible; ClaudeBot/1.0; +claudebot@anthropic.com)"
96.0.24.174 - - [21/Mar/2026:21:16:27 +0000] "POST /xmlrpc.php HTTP/1.1" 200 1873462 "-" "Mozilla/5.0 (Windows NT 10.0; WOW64) AppleWebKit/537.36 (KHTML, like Gecko) Chrome/114.0.0.0 Safari/537.36"
216.73.216.139 - - [21/Mar/2026:21:16:33 +0000] "GET /ce7bb/?path=%2Fhome%2F.%2F..%2F..%2F..%2Flib64%2F.%2Flibsvn_wc-1.so.0 HTTP/1.1" 403 1242 "-" "Mozilla/5.0 AppleWebKit/537.36 (KHTML, like Gecko; compatible; ClaudeBot/1.0; +claudebot@anthropic.com)"
170.10.162.87 - - [21/Mar/2026:21:16:34 +0000] "POST /wp-cron.php?doing_wp_cron=1774127794.3242790699005126953125 HTTP/1.1" 200 0 "-" "WordPress/6.9.4; http://kwalies.sd"
96.0.24.174 - - [21/Mar/2026:21:16:33 +0000] "POST /xmlrpc.php HTTP/1.1" 200 181 "-" "Mozilla/5.0 (Windows NT 10.0; WOW64) AppleWebKit/537.36 (KHTML, like Gecko) Chrome/114.0.0.0 Safari/537.36"
96.0.24.174 - - [21/Mar/2026:21:16:34 +0000] "POST /xmlrpc.php HTTP/1.1" 200 19065 "-" "Mozilla/5.0 (Windows NT 10.0; WOW64) AppleWebKit/537.36 (KHTML, like Gecko) Chrome/114.0.0.0 Safari/537.36"
216.73.216.139 - - [21/Mar/2026:21:16:36 +0000] "GET /ce7bb/?path=%2Fhome%2F.%2F..%2F..%2F..%2Flib64%2F.%2Flibxcb-xv.so.0.0.0 HTTP/1.1" 403 1242 "-" "Mozilla/5.0 AppleWebKit/537.36 (KHTML, like Gecko; compatible; ClaudeBot/1.0; +claudebot@anthropic.com)"
216.73.216.139 - - [21/Mar/2026:21:16:39 +0000] "GET /ce7bb/?path=%2Fhome%2Fkwaliess%2F.subaccounts%2F..%2Fetc%2F..%2Fpublic_html%2Ff0042%2F.. HTTP/1.1" 403 1242 "-" "Mozilla/5.0 AppleWebKit/537.36 (KHTML, like Gecko; compatible; ClaudeBot/1.0; +claudebot@anthropic.com)"
216.73.216.139 - - [21/Mar/2026:21:16:42 +0000] "GET /ce7bb/?path=%2Fhome%2F.%2F..%2Flib64%2Fsse2%2F..%2Flibquadmath.so.0 HTTP/1.1" 403 1242 "-" "Mozilla/5.0 AppleWebKit/537.36 (KHTML, like Gecko; compatible; ClaudeBot/1.0; +claudebot@anthropic.com)"
216.73.216.139 - - [21/Mar/2026:21:16:45 +0000] "GET /ce7bb/?path=%2Fhome%2F.%2F..%2F..%2F..%2Flib64%2F.%2Flibyaz_icu.so.5.0.0 HTTP/1.1" 403 1242 "-" "Mozilla/5.0 AppleWebKit/537.36 (KHTML, like Gecko; compatible; ClaudeBot/1.0; +claudebot@anthropic.com)"
216.73.216.139 - - [21/Mar/2026:21:16:48 +0000] "GET /ce7bb/?path=%2Fhome%2F.%2F..%2F..%2F..%2Flib64%2F.%2Flibpolkit-agent-1.so.0.0.0 HTTP/1.1" 403 1242 "-" "Mozilla/5.0 AppleWebKit/537.36 (KHTML, like Gecko; compatible; ClaudeBot/1.0; +claudebot@anthropic.com)"
216.73.216.139 - - [21/Mar/2026:21:16:51 +0000] "GET /ce7bb/?path=%2Fhome%2F.%2F..%2F..%2F..%2Flib64%2F.%2FlibX11-xcb.so.1.0.0 HTTP/1.1" 403 1242 "-" "Mozilla/5.0 AppleWebKit/537.36 (KHTML, like Gecko; compatible; ClaudeBot/1.0; +claudebot@anthropic.com)"
216.73.216.139 - - [21/Mar/2026:21:16:55 +0000] "GET /ce7bb/?path=%2Fhome%2F.%2F..%2F..%2F..%2Flib64%2F.%2Flibnl-genl-3.so.200 HTTP/1.1" 403 1242 "-" "Mozilla/5.0 AppleWebKit/537.36 (KHTML, like Gecko; compatible; ClaudeBot/1.0; +claudebot@anthropic.com)"
216.73.216.139 - - [21/Mar/2026:21:16:57 +0000] "GET /ce7bb/?path=%2Fhome%2F.%2F..%2Flib64%2Fsse2%2F..%2Flibgraphite2.so.3 HTTP/1.1" 403 1242 "-" "Mozilla/5.0 AppleWebKit/537.36 (KHTML, like Gecko; compatible; ClaudeBot/1.0; +claudebot@anthropic.com)"
114.119.130.32 - - [21/Mar/2026:21:08:25 +0000] "GET /archives/59706 HTTP/1.1" 404 1251 "http://kwalies.sd/wp-sitemap-posts-post-10.xml" "Mozilla/5.0 (Linux; Android 7.0;) AppleWebKit/537.36 (KHTML, like Gecko) Mobile Safari/537.36 (compatible; PetalBot;+https://webmaster.petalsearch.com/site/petalbot)"
216.244.66.235 - - [21/Mar/2026:21:09:14 +0000] "GET /finest-zero-wagering-bonuses-there-are-on-this-page/ HTTP/1.1" 404 1251 "-" "Mozilla/5.0 (compatible; DotBot/1.2; +https://opensiteexplorer.org/dotbot; help@moz.com)"
170.10.162.87 - - [21/Mar/2026:21:10:08 +0000] "POST /wp-cron.php?doing_wp_cron=1774127408.3232650756835937500000 HTTP/1.1" 200 0 "-" "WordPress/6.9.4; http://kwalies.sd"
52.31.135.230 - - [21/Mar/2026:21:10:14 +0000] "GET /superiores-ruletas-en-internet-sobre-casino-sobre-de-cualquier-parte-del-mundo-referente-a-2025/ HTTP/1.1" 404 1251 "-" "Mozilla/5.0 (Windows NT 10.0; rv:109.0) Gecko/20100101 Firefox/115.0"
85.208.96.208 - - [21/Mar/2026:21:11:54 +0000] "GET /archives/201501 HTTP/1.1" 404 1251 "-" "Mozilla/5.0 (compatible; SemrushBot/7~bl; +http://www.semrush.com/bot.html)"
114.119.153.25 - - [21/Mar/2026:21:12:43 +0000] "GET /archives/58878 HTTP/1.1" 404 1251 "http://kwalies.sd/wp-sitemap-posts-post-10.xml" "Mozilla/5.0 (Linux; Android 7.0;) AppleWebKit/537.36 (KHTML, like Gecko) Mobile Safari/537.36 (compatible; PetalBot;+https://webmaster.petalsearch.com/site/petalbot)"
85.208.96.196 - - [21/Mar/2026:21:12:49 +0000] "GET /archives/299371 HTTP/1.1" 404 1251 "-" "Mozilla/5.0 (compatible; SemrushBot/7~bl; +http://www.semrush.com/bot.html)"
114.119.130.32 - - [21/Mar/2026:21:15:03 +0000] "GET /archives/58822 HTTP/1.1" 404 1251 "http://kwalies.sd/wp-sitemap-posts-post-10.xml" "Mozilla/5.0 (Linux; Android 7.0;) AppleWebKit/537.36 (KHTML, like Gecko) Mobile Safari/537.36 (compatible; PetalBot;+https://webmaster.petalsearch.com/site/petalbot)"
185.191.171.15 - - [21/Mar/2026:21:15:56 +0000] "GET /archives/239549 HTTP/1.1" 404 1251 "-" "Mozilla/5.0 (compatible; SemrushBot/7~bl; +http://www.semrush.com/bot.html)"
