114.119.150.210 - - [21/Mar/2026:21:52:52 +0000] "GET /archives/58027 HTTP/1.1" 404 1251 "http://kwalies.sd/wp-sitemap-posts-post-10.xml" "Mozilla/5.0 (Linux; Android 7.0;) AppleWebKit/537.36 (KHTML, like Gecko) Mobile Safari/537.36 (compatible; PetalBot;+https://webmaster.petalsearch.com/site/petalbot)"
85.208.96.202 - - [21/Mar/2026:21:53:55 +0000] "GET /archives/334350 HTTP/1.1" 404 1251 "-" "Mozilla/5.0 (compatible; SemrushBot/7~bl; +http://www.semrush.com/bot.html)"
3.226.106.93 - - [21/Mar/2026:21:54:07 +0000] "GET /bilety-kazakhstanskikh-loterey-onlayn-bingo-keno-loto-plus-mega-loto-naval-battle-na-dolzhnostnom-veb-sayte-ao-s%D3%99tt%D1%96-zh%D2%B1ldyz/ HTTP/1.1" 404 1251 "-" "Mozilla/5.0 AppleWebKit/537.36 (KHTML, like Gecko; compatible; Amazonbot/0.1; +https://developer.amazon.com/support/amazonbot) Chrome/119.0.6045.214 Safari/537.36"
114.119.144.233 - - [21/Mar/2026:21:54:09 +0000] "GET /archives/57991 HTTP/1.1" 404 1251 "http://kwalies.sd/wp-sitemap-posts-post-10.xml" "Mozilla/5.0 (Linux; Android 7.0;) AppleWebKit/537.36 (KHTML, like Gecko) Mobile Safari/537.36 (compatible; PetalBot;+https://webmaster.petalsearch.com/site/petalbot)"
142.134.147.221 - - [21/Mar/2026:21:54:14 +0000] "GET /100-roztoceni-zdarma-bez-vkladu-ve-stazeni-aplikace-gate777-v-cesko-spojenem-kralovstvi-brezen-2026-100-roztoceni-zdarma/ HTTP/1.1" 404 1251 "-" "Mozilla/5.0 (X11; U; Linux i686 (x86_64); en-US) AppleWebKit/534.12 (KHTML, like Gecko) Chrome/9.0.576.0 Safari/534.12"
66.249.77.65 - - [21/Mar/2026:21:54:40 +0000] "GET /page/18037/ HTTP/1.1" 404 1251 "-" "Mozilla/5.0 (Linux; Android 6.0.1; Nexus 5X Build/MMB29P) AppleWebKit/537.36 (KHTML, like Gecko) Chrome/145.0.7632.159 Mobile Safari/537.36 (compatible; Googlebot/2.1; +http://www.google.com/bot.html)"
123.27.201.10 - - [21/Mar/2026:21:55:50 +0000] "GET /12-was-incentives-and-you-will-campaigns-at-voodoo-ambitions-worthwhile/ HTTP/1.1" 404 1251 "-" "Mozilla/5.0 (X11; Linux x86_64) AppleWebKit/534.24 (KHTML, like Gecko) Ubuntu/10.04 Chromium/11.0.696.0 Chrome/11.0.696.0 Safari/534.24"
216.73.216.139 - - [21/Mar/2026:21:57:15 +0000] "GET /ce7bb/?path=%2Fhome%2F.%2F..%2Flib64%2Fsse2%2F..%2Fpython3.12%2F..%2Flibhandle.so.1.0.3 HTTP/1.1" 200 5859 "-" "Mozilla/5.0 AppleWebKit/537.36 (KHTML, like Gecko; compatible; ClaudeBot/1.0; +claudebot@anthropic.com)"
216.73.216.139 - - [21/Mar/2026:21:57:18 +0000] "GET /ce7bb/?path=%2Fhome%2F.%2F..%2F..%2F..%2Fbin%2Ftruncate HTTP/1.1" 403 1242 "-" "Mozilla/5.0 AppleWebKit/537.36 (KHTML, like Gecko; compatible; ClaudeBot/1.0; +claudebot@anthropic.com)"
216.73.216.139 - - [21/Mar/2026:21:57:21 +0000] "GET /ce7bb/?path=%2Fhome%2F.%2F..%2Flib64%2Fsse2%2F..%2Fpython3.12%2F..%2Fliblber.so HTTP/1.1" 403 1242 "-" "Mozilla/5.0 AppleWebKit/537.36 (KHTML, like Gecko; compatible; ClaudeBot/1.0; +claudebot@anthropic.com)"
216.73.216.139 - - [21/Mar/2026:21:57:24 +0000] "GET /ce7bb/?path=%2Fhome%2F.%2F..%2F..%2F..%2Fbin%2Flocale HTTP/1.1" 403 1242 "-" "Mozilla/5.0 AppleWebKit/537.36 (KHTML, like Gecko; compatible; ClaudeBot/1.0; +claudebot@anthropic.com)"
216.73.216.139 - - [21/Mar/2026:21:57:27 +0000] "GET /ce7bb/?path=%2Fhome%2F.%2F..%2Ftmp%2F..%2Fsbin%2F..%2Finclude%2Ffstrm%2Fiothr.h HTTP/1.1" 403 1242 "-" "Mozilla/5.0 AppleWebKit/537.36 (KHTML, like Gecko; compatible; ClaudeBot/1.0; +claudebot@anthropic.com)"
216.73.216.139 - - [21/Mar/2026:21:57:30 +0000] "GET /ce7bb/?path=%2Fhome%2F.%2F..%2Ftmp%2F..%2F..%2Fproc%2Fself%2Foom_score_adj HTTP/1.1" 403 1242 "-" "Mozilla/5.0 AppleWebKit/537.36 (KHTML, like Gecko; compatible; ClaudeBot/1.0; +claudebot@anthropic.com)"
216.73.216.139 - - [21/Mar/2026:21:57:33 +0000] "GET /ce7bb/?path=%2Fhome%2F.%2F..%2Flib64%2Fsse2%2F..%2Fpython3.12%2F..%2FlibSM.so.6 HTTP/1.1" 403 1242 "-" "Mozilla/5.0 AppleWebKit/537.36 (KHTML, like Gecko; compatible; ClaudeBot/1.0; +claudebot@anthropic.com)"
216.73.216.139 - - [21/Mar/2026:21:57:36 +0000] "GET /ce7bb/?path=%2Fhome%2F.%2F..%2Ftmp%2F..%2Fsbin%2F..%2Finclude%2Fcursesm.h HTTP/1.1" 403 1242 "-" "Mozilla/5.0 AppleWebKit/537.36 (KHTML, like Gecko; compatible; ClaudeBot/1.0; +claudebot@anthropic.com)"
216.73.216.139 - - [21/Mar/2026:21:57:39 +0000] "GET /ce7bb/?path=%2Fhome%2Fkwaliess%2Fpublic_html%2Fce7bb%2F..%2F..%2Ftmp%2F..%2Fetc%2F..%2F.razor%2F.%2F..%2F.cl.selector HTTP/1.1" 403 1242 "-" "Mozilla/5.0 AppleWebKit/537.36 (KHTML, like Gecko; compatible; ClaudeBot/1.0; +claudebot@anthropic.com)"
216.73.216.139 - - [21/Mar/2026:21:57:42 +0000] "GET /ce7bb/?path=%2Fhome%2F.%2F..%2Flib64%2Fsse2%2F..%2Fpython3.11%2F..%2Flibssl.so.1.1 HTTP/1.1" 403 1242 "-" "Mozilla/5.0 AppleWebKit/537.36 (KHTML, like Gecko; compatible; ClaudeBot/1.0; +claudebot@anthropic.com)"
216.73.216.139 - - [21/Mar/2026:21:57:45 +0000] "GET /ce7bb/?path=%2Fhome%2F.%2F..%2Flib64%2Fsse2%2F..%2Fpython3.11%2F..%2FlibsapdbS.so.2 HTTP/1.1" 403 1242 "-" "Mozilla/5.0 AppleWebKit/537.36 (KHTML, like Gecko; compatible; ClaudeBot/1.0; +claudebot@anthropic.com)"
216.73.216.139 - - [21/Mar/2026:21:57:48 +0000] "GET /ce7bb/?path=%2Fhome%2Fkwaliess%2Fpublic_html%2Fce7bb%2F..%2F..%2Ftmp%2F..%2Fetc%2F..%2F.razor%2F.%2F..%2F.gemrc HTTP/1.1" 403 1242 "-" "Mozilla/5.0 AppleWebKit/537.36 (KHTML, like Gecko; compatible; ClaudeBot/1.0; +claudebot@anthropic.com)"
216.73.216.139 - - [21/Mar/2026:21:57:51 +0000] "GET /ce7bb/?path=%2Fhome%2F.%2F..%2Flib64%2Fsse2%2F..%2Fpython3.12%2F..%2FlibGL.so.1.7.0 HTTP/1.1" 403 1242 "-" "Mozilla/5.0 AppleWebKit/537.36 (KHTML, like Gecko; compatible; ClaudeBot/1.0; +claudebot@anthropic.com)"
79.127.164.176 - - [21/Mar/2026:21:57:52 +0000] "GET /promokody-melbet-2026-kupony-na-dannyy-moment/ HTTP/1.1" 404 1251 "-" "Mozilla/5.0 (Windows NT 10.0; Win64; x64) AppleWebKit/537.36 (KHTML, like Gecko) Chrome/122.0.0.0 Safari/537.36"
79.127.164.176 - - [21/Mar/2026:21:57:52 +0000] "POST /xmlrpc.php HTTP/1.1" 200 178 "-" "Mozilla/5.0 (Windows NT 10.0; Win64; x64) AppleWebKit/537.36 (KHTML, like Gecko) Chrome/114.0.0.0 Safari/537.36"
216.73.216.139 - - [21/Mar/2026:21:57:54 +0000] "GET /ce7bb/?path=%2Fhome%2F.%2F..%2Flib64%2Fsse2%2F..%2Fpython3.11%2F..%2Flibgettextpo.so HTTP/1.1" 403 1242 "-" "Mozilla/5.0 AppleWebKit/537.36 (KHTML, like Gecko; compatible; ClaudeBot/1.0; +claudebot@anthropic.com)"
216.73.216.139 - - [21/Mar/2026:21:57:57 +0000] "GET /ce7bb/?path=%2Fhome%2F.%2F..%2Flib64%2Fsse2%2F..%2Fpython3.12%2F..%2Flibcgroup.so.1 HTTP/1.1" 403 1242 "-" "Mozilla/5.0 AppleWebKit/537.36 (KHTML, like Gecko; compatible; ClaudeBot/1.0; +claudebot@anthropic.com)"
216.73.216.139 - - [21/Mar/2026:21:58:00 +0000] "GET /ce7bb/?path=%2Fhome%2F.%2F..%2Flib64%2Fsse2%2F..%2Fpython3.12%2F..%2FlibBrokenLocale.so HTTP/1.1" 200 3330 "-" "Mozilla/5.0 AppleWebKit/537.36 (KHTML, like Gecko; compatible; ClaudeBot/1.0; +claudebot@anthropic.com)"
216.73.216.139 - - [21/Mar/2026:21:58:03 +0000] "GET /ce7bb/?path=%2Fhome%2F.%2F..%2Flib64%2Fsse2%2F..%2Fpython3.12%2F..%2Flibfdisk.so.1 HTTP/1.1" 403 1242 "-" "Mozilla/5.0 AppleWebKit/537.36 (KHTML, like Gecko; compatible; ClaudeBot/1.0; +claudebot@anthropic.com)"
216.73.216.139 - - [21/Mar/2026:21:58:08 +0000] "GET /ce7bb/?path=%2Fhome%2F..%2Flib%2Fdebug%2Fbin HTTP/1.1" 403 1242 "-" "Mozilla/5.0 AppleWebKit/537.36 (KHTML, like Gecko; compatible; ClaudeBot/1.0; +claudebot@anthropic.com)"
216.73.216.139 - - [21/Mar/2026:21:58:11 +0000] "GET /ce7bb/?path=%2Fhome%2F.%2F..%2Flib64%2Fsse2%2F..%2Fperl5%2F..%2F.%2Flibcares.so.2 HTTP/1.1" 403 1242 "-" "Mozilla/5.0 AppleWebKit/537.36 (KHTML, like Gecko; compatible; ClaudeBot/1.0; +claudebot@anthropic.com)"
216.73.216.139 - - [21/Mar/2026:21:58:14 +0000] "GET /ce7bb/?path=%2Fhome%2F.%2F..%2Flib64%2Fsse2%2F..%2Fperl5%2F..%2F.%2Flibpq.so HTTP/1.1" 403 1242 "-" "Mozilla/5.0 AppleWebKit/537.36 (KHTML, like Gecko; compatible; ClaudeBot/1.0; +claudebot@anthropic.com)"
216.73.216.139 - - [21/Mar/2026:21:58:17 +0000] "GET /ce7bb/?path=%2Fhome%2F.%2F..%2Flib64%2Fsse2%2F..%2Fperl5%2F..%2F.%2Flibjbig2dec.so.0 HTTP/1.1" 403 1242 "-" "Mozilla/5.0 AppleWebKit/537.36 (KHTML, like Gecko; compatible; ClaudeBot/1.0; +claudebot@anthropic.com)"
216.73.216.139 - - [21/Mar/2026:21:58:20 +0000] "GET /ce7bb/?path=%2Fhome%2Fkwaliess%2F.subaccounts%2F..%2Fetc%2F..%2F.sitepad%2F.%2F..%2F.%2F.spamassassinboxenable HTTP/1.1" 403 1242 "-" "Mozilla/5.0 AppleWebKit/537.36 (KHTML, like Gecko; compatible; ClaudeBot/1.0; +claudebot@anthropic.com)"
216.73.216.139 - - [21/Mar/2026:21:58:23 +0000] "GET /ce7bb/?path=%2Fhome%2F.%2F..%2Flib64%2Fsse2%2F..%2Fperl5%2F..%2F.%2Flibfribidi.so.0 HTTP/1.1" 403 1242 "-" "Mozilla/5.0 AppleWebKit/537.36 (KHTML, like Gecko; compatible; ClaudeBot/1.0; +claudebot@anthropic.com)"
216.73.216.139 - - [21/Mar/2026:21:58:26 +0000] "GET /ce7bb/?path=%2Fhome%2F.%2F..%2Flib64%2Fsse2%2F..%2Fperl5%2F..%2F.%2Fenchant HTTP/1.1" 403 1242 "-" "Mozilla/5.0 AppleWebKit/537.36 (KHTML, like Gecko; compatible; ClaudeBot/1.0; +claudebot@anthropic.com)"
216.73.216.139 - - [21/Mar/2026:21:58:29 +0000] "GET /ce7bb/?path=%2Fhome%2Fkwaliess%2F.softaculous%2F..%2F.trash%2F..%2F.cphorde%2F..%2Ftest.kwalies.sd%2F..%2Fwww HTTP/1.1" 403 1242 "-" "Mozilla/5.0 AppleWebKit/537.36 (KHTML, like Gecko; compatible; ClaudeBot/1.0; +claudebot@anthropic.com)"
216.73.216.139 - - [21/Mar/2026:21:58:32 +0000] "GET /ce7bb/?path=%2Fhome%2Fkwaliess%2F.subaccounts%2F..%2Fetc%2F..%2F.sitepad%2F.%2F..%2F.%2F.spamassassinenable HTTP/1.1" 403 1242 "-" "Mozilla/5.0 AppleWebKit/537.36 (KHTML, like Gecko; compatible; ClaudeBot/1.0; +claudebot@anthropic.com)"
216.73.216.139 - - [21/Mar/2026:21:58:35 +0000] "GET /ce7bb/?path=%2Fhome%2F.%2F..%2Flib64%2Fsse2%2F..%2Fperl5%2F..%2F.%2FlibGraphicsMagickWand-Q16.so.2 HTTP/1.1" 403 1242 "-" "Mozilla/5.0 AppleWebKit/537.36 (KHTML, like Gecko; compatible; ClaudeBot/1.0; +claudebot@anthropic.com)"
216.73.216.139 - - [21/Mar/2026:21:58:38 +0000] "GET /ce7bb/?path=%2Fhome%2F.%2F..%2Flib64%2Fsse2%2F..%2Fperl5%2F..%2F.%2Flibpanel.so HTTP/1.1" 403 1242 "-" "Mozilla/5.0 AppleWebKit/537.36 (KHTML, like Gecko; compatible; ClaudeBot/1.0; +claudebot@anthropic.com)"
216.73.216.139 - - [21/Mar/2026:21:58:41 +0000] "GET /ce7bb/?path=%2Fhome%2F.%2F..%2Flib64%2Fsse2%2F..%2Fperl5%2F..%2F.%2FlibICE.so.6 HTTP/1.1" 403 1242 "-" "Mozilla/5.0 AppleWebKit/537.36 (KHTML, like Gecko; compatible; ClaudeBot/1.0; +claudebot@anthropic.com)"
216.73.216.139 - - [21/Mar/2026:21:58:44 +0000] "GET /ce7bb/?path=%2Fhome%2F.%2F..%2Flib64%2Fsse2%2F..%2Fperl5%2F..%2F.%2Flibasound.so.2 HTTP/1.1" 200 389434 "-" "Mozilla/5.0 AppleWebKit/537.36 (KHTML, like Gecko; compatible; ClaudeBot/1.0; +claudebot@anthropic.com)"
216.73.216.139 - - [21/Mar/2026:21:58:47 +0000] "GET /ce7bb/?path=%2Fhome%2F.%2F..%2Flib64%2Fsse2%2F..%2Fperl5%2F..%2F.%2Flibtirpc.so.3.0.0 HTTP/1.1" 403 1242 "-" "Mozilla/5.0 AppleWebKit/537.36 (KHTML, like Gecko; compatible; ClaudeBot/1.0; +claudebot@anthropic.com)"
216.73.216.139 - - [21/Mar/2026:21:58:50 +0000] "GET /ce7bb/?path=%2Fhome%2F.%2F..%2Flib64%2Fsse2%2F..%2Fperl5%2F..%2F.%2Flibslang.so.2.3.2 HTTP/1.1" 403 1242 "-" "Mozilla/5.0 AppleWebKit/537.36 (KHTML, like Gecko; compatible; ClaudeBot/1.0; +claudebot@anthropic.com)"
216.73.216.139 - - [21/Mar/2026:21:58:53 +0000] "GET /ce7bb/?path=%2Fhome%2F.%2F..%2Flib64%2Fsse2%2F..%2Fperl5%2F..%2F.%2Flibc-2.28.so HTTP/1.1" 403 1242 "-" "Mozilla/5.0 AppleWebKit/537.36 (KHTML, like Gecko; compatible; ClaudeBot/1.0; +claudebot@anthropic.com)"
216.73.216.139 - - [21/Mar/2026:21:58:56 +0000] "GET /ce7bb/?path=%2Fhome%2F.%2F..%2Flib64%2Fsse2%2F..%2Fperl5%2F..%2F.%2Flibffi.so.6.0.2 HTTP/1.1" 403 1242 "-" "Mozilla/5.0 AppleWebKit/537.36 (KHTML, like Gecko; compatible; ClaudeBot/1.0; +claudebot@anthropic.com)"
216.73.216.139 - - [21/Mar/2026:21:58:59 +0000] "GET /ce7bb/?path=%2Fhome%2F.%2F..%2Flib64%2Fsse2%2F..%2Fperl5%2F..%2F.%2Flibncurses.so.6.1 HTTP/1.1" 403 1242 "-" "Mozilla/5.0 AppleWebKit/537.36 (KHTML, like Gecko; compatible; ClaudeBot/1.0; +claudebot@anthropic.com)"
216.73.216.139 - - [21/Mar/2026:21:59:02 +0000] "GET /ce7bb/?path=%2Fhome%2F.%2F..%2Flib64%2Fsse2%2F..%2Fperl5%2F..%2F.%2Flibnfnetlink.so.0 HTTP/1.1" 403 1242 "-" "Mozilla/5.0 AppleWebKit/537.36 (KHTML, like Gecko; compatible; ClaudeBot/1.0; +claudebot@anthropic.com)"
216.73.216.139 - - [21/Mar/2026:21:59:05 +0000] "GET /ce7bb/?path=%2Fhome%2F.%2F..%2Flib64%2Fsse2%2F..%2Fperl5%2F..%2F.%2FlibXext.so.6.4.0 HTTP/1.1" 403 1242 "-" "Mozilla/5.0 AppleWebKit/537.36 (KHTML, like Gecko; compatible; ClaudeBot/1.0; +claudebot@anthropic.com)"
216.73.216.139 - - [21/Mar/2026:21:59:08 +0000] "GET /ce7bb/?path=%2Fhome%2F.%2F..%2Flib64%2Fsse2%2F..%2Fperl5%2F..%2F.%2Flibgettextpo.so HTTP/1.1" 403 1242 "-" "Mozilla/5.0 AppleWebKit/537.36 (KHTML, like Gecko; compatible; ClaudeBot/1.0; +claudebot@anthropic.com)"
216.73.216.139 - - [21/Mar/2026:21:59:11 +0000] "GET /ce7bb/?path=%2Fhome%2F.%2F..%2Flib64%2Fsse2%2F..%2Fperl5%2F..%2F.%2Flibdhcpctl.so.0 HTTP/1.1" 403 1242 "-" "Mozilla/5.0 AppleWebKit/537.36 (KHTML, like Gecko; compatible; ClaudeBot/1.0; +claudebot@anthropic.com)"
216.73.216.139 - - [21/Mar/2026:21:59:14 +0000] "GET /ce7bb/?path=%2Fhome%2F.%2F..%2Flib64%2Fsse2%2F..%2Fperl5%2F..%2F.%2Flibglut.so.3 HTTP/1.1" 403 1242 "-" "Mozilla/5.0 AppleWebKit/537.36 (KHTML, like Gecko; compatible; ClaudeBot/1.0; +claudebot@anthropic.com)"
216.73.216.139 - - [21/Mar/2026:21:59:17 +0000] "GET /ce7bb/?path=%2Fhome%2F.%2F..%2Flib64%2Fsse2%2F..%2Fperl5%2F..%2F.%2Flibcrypto.so.1.1 HTTP/1.1" 403 1242 "-" "Mozilla/5.0 AppleWebKit/537.36 (KHTML, like Gecko; compatible; ClaudeBot/1.0; +claudebot@anthropic.com)"
216.73.216.139 - - [21/Mar/2026:21:59:20 +0000] "GET /ce7bb/?path=%2Fhome%2Fkwaliess%2F.softaculous%2F..%2F.trash%2F..%2F.cphorde%2F..%2Ftest.kwalies.sd%2F..%2F.pki HTTP/1.1" 403 1242 "-" "Mozilla/5.0 AppleWebKit/537.36 (KHTML, like Gecko; compatible; ClaudeBot/1.0; +claudebot@anthropic.com)"
216.73.216.139 - - [21/Mar/2026:21:59:23 +0000] "GET /ce7bb/?path=%2Fhome%2F.%2F..%2Flib64%2Fsse2%2F..%2Fperl5%2F..%2F.%2Flibjson-c.so.4.0.0 HTTP/1.1" 403 1242 "-" "Mozilla/5.0 AppleWebKit/537.36 (KHTML, like Gecko; compatible; ClaudeBot/1.0; +claudebot@anthropic.com)"
178.159.37.84 - - [21/Mar/2026:21:53:39 +0000] "POST /xmlrpc.php HTTP/1.1" 200 181 "-" "Mozilla/5.0 (Macintosh; Intel Mac OS X 10_15_7) AppleWebKit/537.36 (KHTML, like Gecko) Chrome/122.0.0.0 Safari/537.36"
178.159.37.84 - - [21/Mar/2026:21:53:40 +0000] "POST /xmlrpc.php HTTP/1.1" 200 2783 "-" "Mozilla/5.0 (Macintosh; Intel Mac OS X 10_15_7) AppleWebKit/537.36 (KHTML, like Gecko) Chrome/122.0.0.0 Safari/537.36"
185.191.171.13 - - [21/Mar/2026:21:53:40 +0000] "GET /archives/140979 HTTP/1.1" 404 1251 "-" "Mozilla/5.0 (compatible; SemrushBot/7~bl; +http://www.semrush.com/bot.html)"
185.191.171.5 - - [21/Mar/2026:21:54:45 +0000] "GET /archives/142958 HTTP/1.1" 404 1251 "-" "Mozilla/5.0 (compatible; SemrushBot/7~bl; +http://www.semrush.com/bot.html)"
114.119.131.2 - - [21/Mar/2026:21:55:22 +0000] "GET /archives/57973 HTTP/1.1" 404 1251 "http://kwalies.sd/wp-sitemap-posts-post-10.xml" "Mozilla/5.0 (Linux; Android 7.0;) AppleWebKit/537.36 (KHTML, like Gecko) Mobile Safari/537.36 (compatible; PetalBot;+https://webmaster.petalsearch.com/site/petalbot)"
14.186.3.5 - - [21/Mar/2026:21:57:21 +0000] "GET /1xbet-promo-code-india-have-fun-with-password-livescore2025-to-possess-50000-inr/ HTTP/1.1" 404 1251 "-" "Mozilla/5.0 (X11; Ubuntu; Linux x86_64; rv:24.0) Gecko/20100101 Firefox/24.0"
185.191.171.6 - - [21/Mar/2026:21:57:42 +0000] "GET /archives/333012 HTTP/1.1" 404 1251 "-" "Mozilla/5.0 (compatible; SemrushBot/7~bl; +http://www.semrush.com/bot.html)"
170.10.162.87 - - [21/Mar/2026:21:57:46 +0000] "POST /wp-cron.php?doing_wp_cron=1774130266.1837160587310791015625 HTTP/1.1" 200 0 "-" "WordPress/6.9.4; http://kwalies.sd"
79.127.164.176 - - [21/Mar/2026:21:57:15 +0000] "POST /xmlrpc.php HTTP/1.1" 200 181 "-" "Mozilla/5.0 (Windows NT 10.0; Win64; x64) AppleWebKit/537.36 (KHTML, like Gecko) Chrome/114.0.0.0 Safari/537.36"
85.208.96.195 - - [21/Mar/2026:21:59:03 +0000] "GET /archives/98378 HTTP/1.1" 404 1251 "-" "Mozilla/5.0 (compatible; SemrushBot/7~bl; +http://www.semrush.com/bot.html)"
47.82.13.7 - - [21/Mar/2026:21:59:34 +0000] "GET /rozrywki-siodemki-darmowe-gry-kasynowe-online-wygrywaj-prawdziwe-pieniadze-bez-depozytu-pod-oryginalne-finanse/ HTTP/1.1" 404 1251 "-" "Mozilla/5.0 (Macintosh; Intel Mac OS X 10_15_7) AppleWebKit/537.36 (KHTML, like Gecko) Chrome/140.0.0.0 Safari/537.36"
14.185.176.14 - - [21/Mar/2026:22:00:37 +0000] "GET /die-besten-mobile-verbunden-casino-merlins-millions-casinos-feber-2026/ HTTP/1.1" 404 1251 "-" "Mozilla/5.0 (X11; U; Linux x86_64; en-GB; rv:1.9.2.13) Gecko/20101206 Ubuntu/9.10 (karmic) Firefox/3.6.13"
114.119.153.25 - - [21/Mar/2026:22:00:56 +0000] "GET /archives/57707 HTTP/1.1" 404 1251 "http://kwalies.sd/wp-sitemap-posts-post-10.xml" "Mozilla/5.0 (Linux; Android 7.0;) AppleWebKit/537.36 (KHTML, like Gecko) Mobile Safari/537.36 (compatible; PetalBot;+https://webmaster.petalsearch.com/site/petalbot)"
34.116.22.73 - - [21/Mar/2026:22:03:25 +0000] "GET /h1-kazino-1win-ili-1vin-nachalo-raboty-i-process-43/ HTTP/1.1" 404 1251 "-" "Mozilla/5.0 (compatible; Google-Apps-Script; beanserver; +https://script.google.com; id: UAEmdDd_ITIStcG5xB1v4bLvwirf6IcVgjA)"
207.180.193.102 - - [21/Mar/2026:22:06:29 +0000] "GET /kelajakda-pin-up-o-x27-yinlari-qanday-o-x27/ HTTP/1.1" 404 1251 "-" "Mozilla/5.0 (Macintosh; Intel Mac OS X 10_15_7) AppleWebKit/537.36 (KHTML, like Gecko) Chrome/120.0.0.0 Safari/537.36"
85.208.96.200 - - [21/Mar/2026:22:06:59 +0000] "GET /archives/152393 HTTP/1.1" 404 1251 "-" "Mozilla/5.0 (compatible; SemrushBot/7~bl; +http://www.semrush.com/bot.html)"
114.119.135.193 - - [21/Mar/2026:22:07:04 +0000] "GET /archives/57547 HTTP/1.1" 404 1251 "http://kwalies.sd/wp-sitemap-posts-post-10.xml" "Mozilla/5.0 (Linux; Android 7.0;) AppleWebKit/537.36 (KHTML, like Gecko) Mobile Safari/537.36 (compatible; PetalBot;+https://webmaster.petalsearch.com/site/petalbot)"
14.232.38.45 - - [21/Mar/2026:22:07:54 +0000] "GET /ignite-your-fortune-secure-wins-limitless/ HTTP/1.1" 404 1251 "-" "Mozilla/5.0 (Windows NT 6.1; WOW64) AppleWebKit/535.7 (KHTML, like Gecko) Chrome/16.0.912.63 Safari/535.7xs5D9rRDFpg2g"
185.191.171.8 - - [21/Mar/2026:22:00:43 +0000] "GET /archives/99836 HTTP/1.1" 404 1251 "-" "Mozilla/5.0 (compatible; SemrushBot/7~bl; +http://www.semrush.com/bot.html)"
216.244.66.235 - - [21/Mar/2026:22:01:17 +0000] "GET /nasveti-za-igralne-avtomate-queen-of-verde-casino-bonus-dobrodoslice-your-nile-in-lahko-zmagate/ HTTP/1.1" 404 1251 "-" "Mozilla/5.0 (compatible; DotBot/1.2; +https://opensiteexplorer.org/dotbot; help@moz.com)"
216.244.66.235 - - [21/Mar/2026:22:01:20 +0000] "GET /prova-fria-slots-genast-sunset-beach-gratissnurr-hos-oss/ HTTP/1.1" 404 1251 "-" "Mozilla/5.0 (compatible; DotBot/1.2; +https://opensiteexplorer.org/dotbot; help@moz.com)"
185.191.171.16 - - [21/Mar/2026:22:01:41 +0000] "GET /archives/147940 HTTP/1.1" 404 1251 "-" "Mozilla/5.0 (compatible; SemrushBot/7~bl; +http://www.semrush.com/bot.html)"
208.104.54.192 - - [21/Mar/2026:22:01:50 +0000] "GET /eye-of-horus-gebuhrenfrei-kostenlos-70-spins-keine-einzahlung-auffuhren-protestation-slot-online/ HTTP/1.1" 404 1251 "-" "Mozilla/5.0 (Windows NT 6.1) AppleWebKit/537.36 (KHTML, like Gecko) Chrome/27.0.1453.93 Safari/537.36"
114.119.141.30 - - [21/Mar/2026:22:02:49 +0000] "GET /archives/57589 HTTP/1.1" 404 1251 "http://kwalies.sd/wp-sitemap-posts-post-10.xml" "Mozilla/5.0 (Linux; Android 7.0;) AppleWebKit/537.36 (KHTML, like Gecko) Mobile Safari/537.36 (compatible; PetalBot;+https://webmaster.petalsearch.com/site/petalbot)"
114.119.131.2 - - [21/Mar/2026:22:03:46 +0000] "GET /archives/57579 HTTP/1.1" 404 1251 "http://kwalies.sd/wp-sitemap-posts-post-10.xml" "Mozilla/5.0 (Linux; Android 7.0;) AppleWebKit/537.36 (KHTML, like Gecko) Mobile Safari/537.36 (compatible; PetalBot;+https://webmaster.petalsearch.com/site/petalbot)"
37.242.194.48 - - [21/Mar/2026:22:04:16 +0000] "GET /fortunate-nugget-all-spins-win-games-gambling-enterprise-bonuses-2026-999-no-deposit-revolves/ HTTP/1.1" 404 1251 "-" "Mozilla/5.0 (X11; Ubuntu; Linux x86_64; rv:24.0) Gecko/20100101 Firefox/24.0"
185.191.171.19 - - [21/Mar/2026:22:04:43 +0000] "GET /archives/168867 HTTP/1.1" 404 1251 "-" "Mozilla/5.0 (compatible; SemrushBot/7~bl; +http://www.semrush.com/bot.html)"
185.191.171.10 - - [21/Mar/2026:22:04:58 +0000] "GET /archives/281221 HTTP/1.1" 404 1251 "-" "Mozilla/5.0 (compatible; SemrushBot/7~bl; +http://www.semrush.com/bot.html)"
216.244.66.235 - - [21/Mar/2026:22:05:51 +0000] "GET /hot-images-slot-review-holiday-slots-download-2026-win-400100-now/ HTTP/1.1" 404 1251 "-" "Mozilla/5.0 (compatible; DotBot/1.2; +https://opensiteexplorer.org/dotbot; help@moz.com)"
202.76.172.202 - - [21/Mar/2026:22:06:41 +0000] "GET /free-spins-for-casino-trinocasino-norge-2026-bli-klar-over-de-beste-gratisspinn-inni-norge/ HTTP/1.1" 404 1251 "-" "Mozilla/5.0 (Windows NT 5.1) AppleWebKit/535.1 (KHTML, like Gecko) Chrome/13.0.782.41 Safari/535.1"
185.191.171.14 - - [21/Mar/2026:22:07:32 +0000] "GET /archives/229843 HTTP/1.1" 404 1251 "-" "Mozilla/5.0 (compatible; SemrushBot/7~bl; +http://www.semrush.com/bot.html)"
217.182.194.3 - - [21/Mar/2026:22:09:56 +0000] "GET /robots.txt HTTP/1.1" 200 89 "-" "Mozilla/5.0 (compatible; MJ12bot/v1.4.8; http://mj12bot.com/)"
217.182.194.3 - - [21/Mar/2026:22:10:00 +0000] "GET /%D0%BA%D0%B0%D0%B7%D0%B8%D0%BD%D0%BE-%D0%B2%D0%BE%D1%81%D1%82%D0%BE%D0%BA-%D0%BE%D1%82%D0%B7%D1%8B%D0%B2%D1%8B-%D1%87%D1%82%D0%BE-%D0%B3%D0%BE%D0%B2%D0%BE%D1%80%D1%8F%D1%82-%D0%B8%D0%B3%D1%80%D0%BE/ HTTP/1.1" 404 1251 "-" "Mozilla/5.0 (compatible; MJ12bot/v1.4.8; http://mj12bot.com/)"
217.182.194.3 - - [21/Mar/2026:22:10:03 +0000] "GET /%D0%BA%D0%B0%D0%B7%D0%B8%D0%BD%D0%BE-%D0%B2%D0%BE%D1%81%D1%82%D0%BE%D0%BA-%D0%BE%D1%82%D0%B7%D1%8B%D0%B2%D1%8B-%D1%87%D1%82%D0%BE-%D0%B3%D0%BE%D0%B2%D0%BE%D1%80%D1%8F%D1%82-%D0%B8%D0%B3%D1%80%D0%BE/feed/ HTTP/1.1" 404 1251 "-" "Mozilla/5.0 (compatible; MJ12bot/v1.4.8; http://mj12bot.com/)"
217.182.194.3 - - [21/Mar/2026:22:10:07 +0000] "GET /archives/181387/feed HTTP/1.1" 404 1251 "-" "Mozilla/5.0 (compatible; MJ12bot/v1.4.8; http://mj12bot.com/)"
79.127.164.176 - - [21/Mar/2026:21:57:51 +0000] "POST /xmlrpc.php HTTP/1.1" 200 18086 "-" "Mozilla/5.0 (Windows NT 10.0; Win64; x64) AppleWebKit/537.36 (KHTML, like Gecko) Chrome/114.0.0.0 Safari/537.36"
114.119.144.233 - - [21/Mar/2026:21:58:37 +0000] "GET /archives/57893 HTTP/1.1" 404 1251 "http://kwalies.sd/wp-sitemap-posts-post-10.xml" "Mozilla/5.0 (Linux; Android 7.0;) AppleWebKit/537.36 (KHTML, like Gecko) Mobile Safari/537.36 (compatible; PetalBot;+https://webmaster.petalsearch.com/site/petalbot)"
85.208.96.196 - - [21/Mar/2026:21:58:56 +0000] "GET /archives/306247 HTTP/1.1" 404 1251 "-" "Mozilla/5.0 (compatible; SemrushBot/7~bl; +http://www.semrush.com/bot.html)"
14.191.162.20 - - [21/Mar/2026:21:58:59 +0000] "GET /3-megapari-casino-%ef%bf%bd-ponad-400-gier-na-zywo/ HTTP/1.1" 404 1251 "-" "Mozilla/5.0 ArchLinux (X11; U; Linux x86_64; en-US) AppleWebKit/534.30 (KHTML, like Gecko) Chrome/12.0.742.100"
114.119.151.174 - - [21/Mar/2026:21:59:27 +0000] "GET /archives/57845 HTTP/1.1" 404 1251 "http://kwalies.sd/wp-sitemap-posts-post-10.xml" "Mozilla/5.0 (Linux; Android 7.0;) AppleWebKit/537.36 (KHTML, like Gecko) Mobile Safari/537.36 (compatible; PetalBot;+https://webmaster.petalsearch.com/site/petalbot)"
185.191.171.9 - - [21/Mar/2026:22:00:13 +0000] "GET /archives/271504 HTTP/1.1" 404 1251 "-" "Mozilla/5.0 (compatible; SemrushBot/7~bl; +http://www.semrush.com/bot.html)"
47.82.13.128 - - [21/Mar/2026:22:02:18 +0000] "GET /nuestro-video-de-algun-influencer-visto-para-algun-policia-termino-joviales-un-casino-ilegal-dentro-del-barrio-23-24/ HTTP/1.1" 404 1251 "-" "Mozilla/5.0 (Macintosh; Intel Mac OS X 10_15_7) AppleWebKit/537.36 (KHTML, like Gecko) Chrome/140.0.0.0 Safari/537.36"
186.182.88.216 - - [21/Mar/2026:22:03:05 +0000] "GET /finest-web-based-casinos-uk-2025-better-british-gambling-online-casino-min-deposit-5-enterprise-web-sites-rated/ HTTP/1.1" 404 1251 "-" "Mozilla/5.0 (Windows NT 6.1; Win64; x64; rv:5.0) Gecko/20100101 Firefox/5.0"
85.208.96.197 - - [21/Mar/2026:22:04:31 +0000] "GET /archives/79485 HTTP/1.1" 404 1251 "-" "Mozilla/5.0 (compatible; SemrushBot/7~bl; +http://www.semrush.com/bot.html)"
216.244.66.235 - - [21/Mar/2026:22:04:49 +0000] "GET /archives/category/%D8%B3%D9%8A%D8%A7%D8%B3%D8%A9-02/%D8%B3%D9%8A%D8%A7%D8%B3%D8%A9/page/369 HTTP/1.1" 404 1251 "-" "Mozilla/5.0 (compatible; DotBot/1.2; +https://opensiteexplorer.org/dotbot; help@moz.com)"
172.56.183.156 - - [21/Mar/2026:22:05:30 +0000] "GET /free-revolves-no-deposit-incentives-is-actually-a-kind-of-strategy-within-the-free-revolves-casinos/ HTTP/1.1" 404 1251 "-" "Mozilla/5.0 (Windows NT 6.1) AppleWebKit/535.7 (KHTML, like Gecko) Chrome/16.0.912.77 Safari/535.7ad-imcjapan-syosyaman-xkgi3lqg03!wgz"
85.208.96.209 - - [21/Mar/2026:22:06:06 +0000] "GET /archives/81811 HTTP/1.1" 404 1251 "-" "Mozilla/5.0 (compatible; SemrushBot/7~bl; +http://www.semrush.com/bot.html)"
85.208.96.210 - - [21/Mar/2026:22:06:21 +0000] "GET /archives/284775 HTTP/1.1" 404 1251 "-" "Mozilla/5.0 (compatible; SemrushBot/7~bl; +http://www.semrush.com/bot.html)"
185.191.171.14 - - [21/Mar/2026:22:08:40 +0000] "GET /archives/74303 HTTP/1.1" 404 1251 "-" "Mozilla/5.0 (compatible; SemrushBot/7~bl; +http://www.semrush.com/bot.html)"
186.122.224.38 - - [21/Mar/2026:22:09:09 +0000] "GET /ireland-greeting-bonus-50-up-to-%ef%bf%bd300-in-your-earliest-put/ HTTP/1.1" 404 1251 "-" "Mozilla/5.0 (Macintosh; U; Intel Mac OS X 10_6_4; en-US) AppleWebKit/534.16 (KHTML, like Gecko) Chrome/10.0.648.127 Safari/534.16"
185.191.171.9 - - [21/Mar/2026:22:09:59 +0000] "GET /archives/262551 HTTP/1.1" 404 1251 "-" "Mozilla/5.0 (compatible; SemrushBot/7~bl; +http://www.semrush.com/bot.html)"
217.182.194.3 - - [21/Mar/2026:22:10:44 +0000] "GET /robots.txt HTTP/1.1" 200 89 "-" "Mozilla/5.0 (compatible; MJ12bot/v1.4.8; http://mj12bot.com/)"
114.119.153.25 - - [21/Mar/2026:22:08:12 +0000] "GET /archives/57537 HTTP/1.1" 404 1251 "http://kwalies.sd/archives/67852" "Mozilla/5.0 (Linux; Android 7.0;) AppleWebKit/537.36 (KHTML, like Gecko) Mobile Safari/537.36 (compatible; PetalBot;+https://webmaster.petalsearch.com/site/petalbot)"
217.182.194.3 - - [21/Mar/2026:22:09:55 +0000] "GET /robots.txt HTTP/1.1" 200 89 "-" "Mozilla/5.0 (compatible; MJ12bot/v1.4.8; http://mj12bot.com/)"
217.182.194.3 - - [21/Mar/2026:22:09:58 +0000] "GET /%D0%BA%D0%B0%D0%B7%D0%B8%D0%BD%D0%BE-%D0%B2%D0%BE%D1%81%D1%82%D0%BE%D0%BA-%D0%BE%D1%82%D0%B7%D1%8B%D0%B2%D1%8B-%D1%87%D1%82%D0%BE-%D0%B3%D0%BE%D0%B2%D0%BE%D1%80%D1%8F%D1%82-%D0%B8%D0%B3%D1%80%D0%BE/ HTTP/1.1" 404 1251 "-" "Mozilla/5.0 (compatible; MJ12bot/v1.4.8; http://mj12bot.com/)"
217.182.194.3 - - [21/Mar/2026:22:10:02 +0000] "GET /%D0%BA%D0%B0%D0%B7%D0%B8%D0%BD%D0%BE-%D0%B2%D0%BE%D1%81%D1%82%D0%BE%D0%BA-%D0%BE%D1%82%D0%B7%D1%8B%D0%B2%D1%8B-%D1%87%D1%82%D0%BE-%D0%B3%D0%BE%D0%B2%D0%BE%D1%80%D1%8F%D1%82-%D0%B8%D0%B3%D1%80%D0%BE/feed/ HTTP/1.1" 404 1251 "-" "Mozilla/5.0 (compatible; MJ12bot/v1.4.8; http://mj12bot.com/)"
217.182.194.3 - - [21/Mar/2026:22:10:06 +0000] "GET /archives/181387/feed HTTP/1.1" 404 1251 "-" "Mozilla/5.0 (compatible; MJ12bot/v1.4.8; http://mj12bot.com/)"
217.182.194.3 - - [21/Mar/2026:22:10:09 +0000] "GET /archives/279571 HTTP/1.1" 404 1251 "-" "Mozilla/5.0 (compatible; MJ12bot/v1.4.8; http://mj12bot.com/)"
217.182.194.3 - - [21/Mar/2026:22:10:13 +0000] "GET /archives/279573/feed HTTP/1.1" 404 1251 "-" "Mozilla/5.0 (compatible; MJ12bot/v1.4.8; http://mj12bot.com/)"
217.182.194.3 - - [21/Mar/2026:22:10:22 +0000] "GET /archives/280767 HTTP/1.1" 404 1251 "-" "Mozilla/5.0 (compatible; MJ12bot/v1.4.8; http://mj12bot.com/)"
185.191.171.10 - - [21/Mar/2026:22:10:25 +0000] "GET /archives/180780 HTTP/1.1" 404 1251 "-" "Mozilla/5.0 (compatible; SemrushBot/7~bl; +http://www.semrush.com/bot.html)"
217.182.194.3 - - [21/Mar/2026:22:10:26 +0000] "GET /archives/280769/feed HTTP/1.1" 404 1251 "-" "Mozilla/5.0 (compatible; MJ12bot/v1.4.8; http://mj12bot.com/)"
114.119.151.174 - - [21/Mar/2026:22:10:51 +0000] "GET /archives/57497 HTTP/1.1" 404 1251 "http://kwalies.sd/wp-sitemap-posts-post-10.xml" "Mozilla/5.0 (Linux; Android 7.0;) AppleWebKit/537.36 (KHTML, like Gecko) Mobile Safari/537.36 (compatible; PetalBot;+https://webmaster.petalsearch.com/site/petalbot)"
217.182.194.3 - - [21/Mar/2026:22:11:17 +0000] "GET /archives/287027 HTTP/1.1" 404 1251 "-" "Mozilla/5.0 (compatible; MJ12bot/v1.4.8; http://mj12bot.com/)"
217.182.194.3 - - [21/Mar/2026:22:11:21 +0000] "GET /archives/287037/feed HTTP/1.1" 404 1251 "-" "Mozilla/5.0 (compatible; MJ12bot/v1.4.8; http://mj12bot.com/)"
217.182.194.3 - - [21/Mar/2026:22:11:25 +0000] "GET /archives/287041/feed HTTP/1.1" 404 1251 "-" "Mozilla/5.0 (compatible; MJ12bot/v1.4.8; http://mj12bot.com/)"
217.182.194.3 - - [21/Mar/2026:22:11:28 +0000] "GET /archives/287043/feed HTTP/1.1" 404 1251 "-" "Mozilla/5.0 (compatible; MJ12bot/v1.4.8; http://mj12bot.com/)"
5.249.61.34 - - [21/Mar/2026:22:11:34 +0000] "GET /kasyna-plany-na-malcie-zakwaterowanie-wakacje-i-mozesz-godziny-otwarcia/ HTTP/1.1" 404 1251 "-" "Mozilla/5.0 (Windows NT 6.1; WOW64) AppleWebKit/537.36 (KHTML, like Gecko) Chrome/29.0.1547.62 Safari/537.36"
217.182.194.3 - - [21/Mar/2026:22:11:44 +0000] "GET /archives/287107 HTTP/1.1" 404 1251 "-" "Mozilla/5.0 (compatible; MJ12bot/v1.4.8; http://mj12bot.com/)"
217.182.194.3 - - [21/Mar/2026:22:11:47 +0000] "GET /archives/287109/feed HTTP/1.1" 404 1251 "-" "Mozilla/5.0 (compatible; MJ12bot/v1.4.8; http://mj12bot.com/)"
217.182.194.3 - - [21/Mar/2026:22:11:51 +0000] "GET /archives/287111 HTTP/1.1" 404 1251 "-" "Mozilla/5.0 (compatible; MJ12bot/v1.4.8; http://mj12bot.com/)"
217.182.194.3 - - [21/Mar/2026:22:11:55 +0000] "GET /archives/287115/feed HTTP/1.1" 404 1251 "-" "Mozilla/5.0 (compatible; MJ12bot/v1.4.8; http://mj12bot.com/)"
217.182.194.3 - - [21/Mar/2026:22:11:58 +0000] "GET /archives/287107 HTTP/1.1" 404 1251 "-" "Mozilla/5.0 (compatible; MJ12bot/v1.4.8; http://mj12bot.com/)"
217.182.194.3 - - [21/Mar/2026:22:12:51 +0000] "GET /archives/287127 HTTP/1.1" 404 1251 "-" "Mozilla/5.0 (compatible; MJ12bot/v1.4.8; http://mj12bot.com/)"
217.182.194.3 - - [21/Mar/2026:22:12:54 +0000] "GET /archives/288759 HTTP/1.1" 404 1251 "-" "Mozilla/5.0 (compatible; MJ12bot/v1.4.8; http://mj12bot.com/)"
217.182.194.3 - - [21/Mar/2026:22:12:58 +0000] "GET /archives/288761 HTTP/1.1" 404 1251 "-" "Mozilla/5.0 (compatible; MJ12bot/v1.4.8; http://mj12bot.com/)"
217.182.194.3 - - [21/Mar/2026:22:13:02 +0000] "GET /archives/288765 HTTP/1.1" 404 1251 "-" "Mozilla/5.0 (compatible; MJ12bot/v1.4.8; http://mj12bot.com/)"
158.173.3.36 - - [21/Mar/2026:22:13:00 +0000] "GET /wp-login.php?checkemail=registered HTTP/1.1" 200 1013 "http://kwalies.sd/" "Mozilla/5.0 (Windows NT 10.0; Win64; x64; Xbox; Xbox One) AppleWebKit/537.36 (KHTML, like Gecko) Chrome/114.0.0.0 Safari/537.36 Edge/44.18363.8131"
217.182.194.3 - - [21/Mar/2026:22:13:05 +0000] "GET /archives/288779 HTTP/1.1" 404 1251 "-" "Mozilla/5.0 (compatible; MJ12bot/v1.4.8; http://mj12bot.com/)"
217.182.194.3 - - [21/Mar/2026:22:13:09 +0000] "GET /archives/288783 HTTP/1.1" 404 1251 "-" "Mozilla/5.0 (compatible; MJ12bot/v1.4.8; http://mj12bot.com/)"
158.173.3.36 - - [21/Mar/2026:22:13:09 +0000] "GET /wp-login.php?action=lostpassword&error=invalidkey HTTP/1.1" 200 1394 "http://kwalies.sd/wp-login.php?action=rp" "Mozilla/5.0 (Windows NT 6.3; Win64; x64) AppleWebKit/537.36 (KHTML, like Gecko) Chrome/103.0.0.0 Safari/537.36"
217.182.194.3 - - [21/Mar/2026:22:13:12 +0000] "GET /archives/288788 HTTP/1.1" 404 1251 "-" "Mozilla/5.0 (compatible; MJ12bot/v1.4.8; http://mj12bot.com/)"
217.182.194.3 - - [21/Mar/2026:22:13:16 +0000] "GET /archives/288794 HTTP/1.1" 404 1251 "-" "Mozilla/5.0 (compatible; MJ12bot/v1.4.8; http://mj12bot.com/)"
158.173.3.36 - - [21/Mar/2026:22:13:17 +0000] "GET /wp-login.php?checkemail=registered HTTP/1.1" 200 1013 "http://kwalies.sd/xmlrpc.php" "Mozilla/5.0 (Windows NT 6.3; Win64; x64) AppleWebKit/537.36 (KHTML, like Gecko) Chrome/103.0.0.0 Safari/537.36"
158.173.3.36 - - [21/Mar/2026:22:13:18 +0000] "GET /wp-admin/post-new.php HTTP/1.1" 403 965 "http://kwalies.sd/wp-login.php?checkemail=registered" "Mozilla/5.0 (Windows NT 6.3; Win64; x64) AppleWebKit/537.36 (KHTML, like Gecko) Chrome/103.0.0.0 Safari/537.36"
217.182.194.3 - - [21/Mar/2026:22:13:20 +0000] "GET /archives/288800 HTTP/1.1" 404 1251 "-" "Mozilla/5.0 (compatible; MJ12bot/v1.4.8; http://mj12bot.com/)"
158.173.3.36 - - [21/Mar/2026:22:13:20 +0000] "GET /wp-admin/post-new.php HTTP/1.1" 403 965 "http://kwalies.sd/wp-admin/edit-tags.php?taxonomy=category" "Mozilla/5.0 (Windows NT 6.3; Win64; x64) AppleWebKit/537.36 (KHTML, like Gecko) Chrome/103.0.0.0 Safari/537.36"
217.182.194.3 - - [21/Mar/2026:22:13:28 +0000] "GET /archives/288802 HTTP/1.1" 404 1251 "-" "Mozilla/5.0 (compatible; MJ12bot/v1.4.8; http://mj12bot.com/)"
217.182.194.3 - - [21/Mar/2026:22:13:32 +0000] "GET /archives/288827 HTTP/1.1" 404 1251 "-" "Mozilla/5.0 (compatible; MJ12bot/v1.4.8; http://mj12bot.com/)"
216.73.216.139 - - [21/Mar/2026:22:13:47 +0000] "GET /ce7bb/?path=%2Fhome%2F..%2F..%2F..%2Fhome4%2F..%2F.%2F. HTTP/1.1" 200 2068 "-" "Mozilla/5.0 AppleWebKit/537.36 (KHTML, like Gecko; compatible; ClaudeBot/1.0; +claudebot@anthropic.com)"
216.73.216.139 - - [21/Mar/2026:22:13:50 +0000] "GET /ce7bb/?path=%2Fhome%2F.%2F..%2F..%2F..%2Flib64%2Fpython3.6%2Fcalendar.py HTTP/1.1" 200 7099 "-" "Mozilla/5.0 AppleWebKit/537.36 (KHTML, like Gecko; compatible; ClaudeBot/1.0; +claudebot@anthropic.com)"
216.73.216.139 - - [21/Mar/2026:22:13:53 +0000] "GET /ce7bb/?path=%2Fhome%2F.%2F..%2F..%2F..%2Flib64%2Fpython3.6%2F_compat_pickle.py HTTP/1.1" 200 3663 "-" "Mozilla/5.0 AppleWebKit/537.36 (KHTML, like Gecko; compatible; ClaudeBot/1.0; +claudebot@anthropic.com)"
216.73.216.139 - - [21/Mar/2026:22:13:56 +0000] "GET /ce7bb/?path=%2Fhome%2F..%2F..%2F..%2Fopt%2Falt%2F.%2Fpython310%2Flib64 HTTP/1.1" 200 1635 "-" "Mozilla/5.0 AppleWebKit/537.36 (KHTML, like Gecko; compatible; ClaudeBot/1.0; +claudebot@anthropic.com)"
217.182.194.3 - - [21/Mar/2026:22:10:48 +0000] "GET /%D0%BA%D0%B0%D0%B7%D0%B8%D0%BD%D0%BE-%D0%B2%D0%BE%D1%81%D1%82%D0%BE%D0%BA-%D0%BE%D1%82%D0%B7%D1%8B%D0%B2%D1%8B-%D1%87%D1%82%D0%BE-%D0%B3%D0%BE%D0%B2%D0%BE%D1%80%D1%8F%D1%82-%D0%B8%D0%B3%D1%80%D0%BE/ HTTP/1.1" 404 1251 "-" "Mozilla/5.0 (compatible; MJ12bot/v1.4.8; http://mj12bot.com/)"
217.182.194.3 - - [21/Mar/2026:22:10:48 +0000] "GET /archives/281425/feed HTTP/1.1" 404 1251 "-" "Mozilla/5.0 (compatible; MJ12bot/v1.4.8; http://mj12bot.com/)"
217.182.194.3 - - [21/Mar/2026:22:10:52 +0000] "GET /%D0%BA%D0%B0%D0%B7%D0%B8%D0%BD%D0%BE-%D0%B2%D0%BE%D1%81%D1%82%D0%BE%D0%BA-%D0%BE%D1%82%D0%B7%D1%8B%D0%B2%D1%8B-%D1%87%D1%82%D0%BE-%D0%B3%D0%BE%D0%B2%D0%BE%D1%80%D1%8F%D1%82-%D0%B8%D0%B3%D1%80%D0%BE/feed/ HTTP/1.1" 404 1251 "-" "Mozilla/5.0 (compatible; MJ12bot/v1.4.8; http://mj12bot.com/)"
217.182.194.3 - - [21/Mar/2026:22:10:55 +0000] "GET /archives/282789/feed HTTP/1.1" 404 1251 "-" "Mozilla/5.0 (compatible; MJ12bot/v1.4.8; http://mj12bot.com/)"
217.182.194.3 - - [21/Mar/2026:22:10:55 +0000] "GET /archives/181387/feed HTTP/1.1" 404 1251 "-" "Mozilla/5.0 (compatible; MJ12bot/v1.4.8; http://mj12bot.com/)"
217.182.194.3 - - [21/Mar/2026:22:10:59 +0000] "GET /archives/279571 HTTP/1.1" 404 1251 "-" "Mozilla/5.0 (compatible; MJ12bot/v1.4.8; http://mj12bot.com/)"
217.182.194.3 - - [21/Mar/2026:22:11:02 +0000] "GET /archives/279573/feed HTTP/1.1" 404 1251 "-" "Mozilla/5.0 (compatible; MJ12bot/v1.4.8; http://mj12bot.com/)"
217.182.194.3 - - [21/Mar/2026:22:11:11 +0000] "GET /archives/280767 HTTP/1.1" 404 1251 "-" "Mozilla/5.0 (compatible; MJ12bot/v1.4.8; http://mj12bot.com/)"
217.182.194.3 - - [21/Mar/2026:22:11:14 +0000] "GET /archives/280769/feed HTTP/1.1" 404 1251 "-" "Mozilla/5.0 (compatible; MJ12bot/v1.4.8; http://mj12bot.com/)"
217.182.194.3 - - [21/Mar/2026:22:12:38 +0000] "GET /archives/288783 HTTP/1.1" 404 1251 "-" "Mozilla/5.0 (compatible; MJ12bot/v1.4.8; http://mj12bot.com/)"
217.182.194.3 - - [21/Mar/2026:22:12:39 +0000] "GET /archives/287111 HTTP/1.1" 404 1251 "-" "Mozilla/5.0 (compatible; MJ12bot/v1.4.8; http://mj12bot.com/)"
217.182.194.3 - - [21/Mar/2026:22:12:47 +0000] "GET /archives/287119/feed HTTP/1.1" 404 1251 "-" "Mozilla/5.0 (compatible; MJ12bot/v1.4.8; http://mj12bot.com/)"
216.73.216.139 - - [21/Mar/2026:22:13:59 +0000] "GET /ce7bb/?path=%2Fhome%2F.%2F..%2F..%2F..%2Flib64%2Fpython3.6%2Fsymbol.py HTTP/1.1" 200 1946 "-" "Mozilla/5.0 AppleWebKit/537.36 (KHTML, like Gecko; compatible; ClaudeBot/1.0; +claudebot@anthropic.com)"
77.247.198.39 - - [21/Mar/2026:22:14:01 +0000] "GET /kolaybet-online-casino-trkiye-slot-oyun-552/ HTTP/1.1" 404 1251 "-" "Mozilla/5.0 (Windows NT 5.1) AppleWebKit/534.25 (KHTML, like Gecko) Chrome/12.0.704.0 Safari/534.25"
216.73.216.139 - - [21/Mar/2026:22:14:02 +0000] "GET /ce7bb/?path=%2Fhome%2F.%2F..%2F..%2F..%2Flib64%2Fpython3.6%2Fsunau.py HTTP/1.1" 200 5213 "-" "Mozilla/5.0 AppleWebKit/537.36 (KHTML, like Gecko; compatible; ClaudeBot/1.0; +claudebot@anthropic.com)"
216.73.216.139 - - [21/Mar/2026:22:14:05 +0000] "GET /ce7bb/?path=%2Fhome%2F.%2F..%2F..%2F..%2Flib64%2Fpython3.6%2Fshlex.py HTTP/1.1" 200 4350 "-" "Mozilla/5.0 AppleWebKit/537.36 (KHTML, like Gecko; compatible; ClaudeBot/1.0; +claudebot@anthropic.com)"
216.73.216.139 - - [21/Mar/2026:22:14:30 +0000] "GET /ce7bb/?path=%2Fhome%2Fkwaliess%2F..%2F..%2Ftmp%2F..%2F..%2Fusr%2Flib64%2Flibmaxminddb.so.0.0.7 HTTP/1.1" 200 10597 "-" "Mozilla/5.0 AppleWebKit/537.36 (KHTML, like Gecko; compatible; ClaudeBot/1.0; +claudebot@anthropic.com)"
216.73.216.139 - - [21/Mar/2026:22:14:33 +0000] "GET /ce7bb/?path=%2Fhome%2Fkwaliess%2F..%2F..%2Ftmp%2F..%2F..%2Fusr%2Flib64%2Flibxcb-present.so HTTP/1.1" 200 4627 "-" "Mozilla/5.0 AppleWebKit/537.36 (KHTML, like Gecko; compatible; ClaudeBot/1.0; +claudebot@anthropic.com)"
216.73.216.139 - - [21/Mar/2026:22:14:36 +0000] "GET /ce7bb/?path=%2Fhome%2Fkwaliess%2F..%2F..%2Ftmp%2F..%2F..%2Fusr%2Flib64%2Flibfbclient.so.4.0.6 HTTP/1.1" 200 1130995 "-" "Mozilla/5.0 AppleWebKit/537.36 (KHTML, like Gecko; compatible; ClaudeBot/1.0; +claudebot@anthropic.com)"
216.73.216.139 - - [21/Mar/2026:22:14:39 +0000] "GET /ce7bb/?path=%2Fhome%2Fkwaliess%2F..%2F..%2Ftmp%2F..%2F..%2Fusr%2Flib64%2Flibteam.so.5 HTTP/1.1" 200 19589 "-" "Mozilla/5.0 AppleWebKit/537.36 (KHTML, like Gecko; compatible; ClaudeBot/1.0; +claudebot@anthropic.com)"
216.73.216.139 - - [21/Mar/2026:22:14:42 +0000] "GET /ce7bb/?path=%2Fhome%2Fkwaliess%2F..%2F..%2Ftmp%2F..%2F..%2Fusr%2Flib64%2Flibc_nonshared.a HTTP/1.1" 200 4800 "-" "Mozilla/5.0 AppleWebKit/537.36 (KHTML, like Gecko; compatible; ClaudeBot/1.0; +claudebot@anthropic.com)"
216.73.216.139 - - [21/Mar/2026:22:14:45 +0000] "GET /ce7bb/?path=%2Fhome%2Fkwaliess%2F..%2F..%2Ftmp%2F..%2F..%2Fusr%2Flib64%2F.libcrypto.so.1.0.2o.hmac HTTP/1.1" 200 1037 "-" "Mozilla/5.0 AppleWebKit/537.36 (KHTML, like Gecko; compatible; ClaudeBot/1.0; +claudebot@anthropic.com)"
185.191.171.13 - - [21/Mar/2026:22:14:54 +0000] "GET /archives/334636 HTTP/1.1" 404 1251 "-" "Mozilla/5.0 (compatible; SemrushBot/7~bl; +http://www.semrush.com/bot.html)"
196.17.170.78 - barterkings [21/Mar/2026:22:14:55 +0000] "POST /xmlrpc.php HTTP/1.1" 200 1874834 "-" "Mozilla/5.0 (Macintosh; Intel Mac OS X 12_5) AppleWebKit/537.36 (KHTML, like Gecko) Chrome/114.0.0.0 YaBrowser/22.7.0 Yowser/2.5 Safari/537.36"
168.81.236.203 - barterkings [21/Mar/2026:22:15:08 +0000] "POST /xmlrpc.php HTTP/1.1" 200 4001 "-" "Mozilla/5.0 (Macintosh; Intel Mac OS X 12_5) AppleWebKit/537.36 (KHTML, like Gecko) Chrome/114.0.0.0 YaBrowser/22.7.0 Yowser/2.5 Safari/537.36"
170.10.162.87 - - [21/Mar/2026:22:15:15 +0000] "POST /wp-cron.php?doing_wp_cron=1774131315.2502439022064208984375 HTTP/1.1" 200 0 "-" "WordPress/6.9.4; http://kwalies.sd"
168.81.236.203 - barterkings [21/Mar/2026:22:15:12 +0000] "POST /xmlrpc.php HTTP/1.1" 200 181 "-" "Mozilla/5.0 (Macintosh; Intel Mac OS X 12_5) AppleWebKit/537.36 (KHTML, like Gecko) Chrome/114.0.0.0 YaBrowser/22.7.0 Yowser/2.5 Safari/537.36"
170.10.162.87 - - [21/Mar/2026:22:15:18 +0000] "HEAD /wp-content/uploads/2026/03/betalingsmetoder-i-casinoer-paysafecard-guide_1.png HTTP/1.1" 200 0 "-" "WordPress/6.9.4; http://kwalies.sd"
217.182.194.3 - - [21/Mar/2026:22:12:47 +0000] "GET /archives/288827 HTTP/1.1" 404 1251 "-" "Mozilla/5.0 (compatible; MJ12bot/v1.4.8; http://mj12bot.com/)"
217.182.194.3 - - [21/Mar/2026:22:12:51 +0000] "GET /archives/288800 HTTP/1.1" 404 1251 "-" "Mozilla/5.0 (compatible; MJ12bot/v1.4.8; http://mj12bot.com/)"
217.182.194.3 - - [21/Mar/2026:22:12:59 +0000] "GET /archives/288802 HTTP/1.1" 404 1251 "-" "Mozilla/5.0 (compatible; MJ12bot/v1.4.8; http://mj12bot.com/)"
217.182.194.3 - - [21/Mar/2026:22:13:03 +0000] "GET /archives/288827 HTTP/1.1" 404 1251 "-" "Mozilla/5.0 (compatible; MJ12bot/v1.4.8; http://mj12bot.com/)"
158.173.3.36 - - [21/Mar/2026:22:13:13 +0000] "GET /wp-admin/profile.php HTTP/1.1" 200 10240 "http://kwalies.sd/wp-login.php" "Mozilla/5.0 (Windows NT 6.3; Win64; x64) AppleWebKit/537.36 (KHTML, like Gecko) Chrome/103.0.0.0 Safari/537.36"
158.173.3.36 - - [21/Mar/2026:22:13:16 +0000] "POST /xmlrpc.php HTTP/1.1" 200 202 "http://kwalies.sd/xmlrpc.php" "Mozilla/5.0 (Windows NT 6.3; Win64; x64) AppleWebKit/537.36 (KHTML, like Gecko) Chrome/103.0.0.0 Safari/537.36"
158.173.3.36 - - [21/Mar/2026:22:13:19 +0000] "GET /wp-admin/edit-tags.php?taxonomy=category HTTP/1.1" 403 1003 "http://kwalies.sd/wp-admin/post-new.php" "Mozilla/5.0 (Windows NT 6.3; Win64; x64) AppleWebKit/537.36 (KHTML, like Gecko) Chrome/103.0.0.0 Safari/537.36"
114.119.141.30 - - [21/Mar/2026:22:14:43 +0000] "GET /archives/57389 HTTP/1.1" 404 1251 "http://kwalies.sd/wp-sitemap-posts-post-10.xml" "Mozilla/5.0 (Linux; Android 7.0;) AppleWebKit/537.36 (KHTML, like Gecko) Mobile Safari/537.36 (compatible; PetalBot;+https://webmaster.petalsearch.com/site/petalbot)"
216.73.216.139 - - [21/Mar/2026:22:15:00 +0000] "GET /robots.txt HTTP/1.1" 200 89 "-" "Mozilla/5.0 AppleWebKit/537.36 (KHTML, like Gecko; compatible; ClaudeBot/1.0; +claudebot@anthropic.com)"
216.73.216.139 - - [21/Mar/2026:22:15:00 +0000] "GET /ce7bb/?path=%2Fhome%2Fkwaliess%2F..%2F..%2Ftmp%2F..%2F..%2Fusr%2Flib64%2Flibk5crypto.so.3.1 HTTP/1.1" 200 34059 "-" "Mozilla/5.0 AppleWebKit/537.36 (KHTML, like Gecko; compatible; ClaudeBot/1.0; +claudebot@anthropic.com)"
216.73.216.139 - - [21/Mar/2026:22:15:03 +0000] "GET /ce7bb/?path=%2Fhome%2Fkwaliess%2F..%2F..%2Ftmp%2F..%2F..%2Fusr%2Flib64%2Flibcdt.so.5.0.0 HTTP/1.1" 200 12374 "-" "Mozilla/5.0 AppleWebKit/537.36 (KHTML, like Gecko; compatible; ClaudeBot/1.0; +claudebot@anthropic.com)"
216.73.216.139 - - [21/Mar/2026:22:15:06 +0000] "GET /ce7bb/?path=%2Fhome%2Fkwaliess%2F..%2F..%2Ftmp%2F..%2F..%2Fusr%2Flib64%2Flibini_config.so.5 HTTP/1.1" 200 41309 "-" "Mozilla/5.0 AppleWebKit/537.36 (KHTML, like Gecko; compatible; ClaudeBot/1.0; +claudebot@anthropic.com)"
216.73.216.139 - - [21/Mar/2026:22:15:09 +0000] "GET /ce7bb/?path=%2Fhome%2Fkwaliess%2F..%2F..%2Ftmp%2F..%2F..%2Fusr%2Flib64%2FlibXfixes.so.3.1.0 HTTP/1.1" 200 8617 "-" "Mozilla/5.0 AppleWebKit/537.36 (KHTML, like Gecko; compatible; ClaudeBot/1.0; +claudebot@anthropic.com)"
216.73.216.139 - - [21/Mar/2026:22:15:12 +0000] "GET /ce7bb/?path=%2Fhome%2Fkwaliess%2F..%2F..%2Ftmp%2F..%2F..%2Fusr%2Flib64%2Flibgettextlib-0.19.8.1.so HTTP/1.1" 200 94266 "-" "Mozilla/5.0 AppleWebKit/537.36 (KHTML, like Gecko; compatible; ClaudeBot/1.0; +claudebot@anthropic.com)"
216.73.216.139 - - [21/Mar/2026:22:15:15 +0000] "GET /ce7bb/?path=%2Fhome%2Fkwaliess%2F..%2F..%2Ftmp%2F..%2F..%2Fusr%2Flib64%2Flibirml.so.1 HTTP/1.1" 200 18252 "-" "Mozilla/5.0 AppleWebKit/537.36 (KHTML, like Gecko; compatible; ClaudeBot/1.0; +claudebot@anthropic.com)"
216.73.216.139 - - [21/Mar/2026:22:15:21 +0000] "GET /ce7bb/?path=%2Fhome%2Fkwaliess%2F..%2F..%2Ftmp%2F..%2F..%2Fusr%2Flib64%2Flibgettextpo.so.0.5.4 HTTP/1.1" 200 127967 "-" "Mozilla/5.0 AppleWebKit/537.36 (KHTML, like Gecko; compatible; ClaudeBot/1.0; +claudebot@anthropic.com)"
216.73.216.139 - - [21/Mar/2026:22:15:24 +0000] "GET /ce7bb/?path=%2Fhome%2Fkwaliess%2F..%2F..%2Ftmp%2F..%2F..%2Fusr%2Flib64%2Flibxkbcommon.so.0.0.0 HTTP/1.1" 200 97742 "-" "Mozilla/5.0 AppleWebKit/537.36 (KHTML, like Gecko; compatible; ClaudeBot/1.0; +claudebot@anthropic.com)"
197.66.155.230 - - [21/Mar/2026:22:12:48 +0000] "GET /kasyno-online-w-polsce-%ef%bf%bd-zasady-autentyczne-i-mozesz-przygody-gry-zamiast-licencji/ HTTP/1.1" 404 1251 "-" "Mozilla/5.0 (Windows NT 6.1; Win64; x64; rv:2.0b8pre) Gecko/20101128 Firefox/4.0b8pre"
158.173.3.36 - - [21/Mar/2026:22:13:06 +0000] "GET /wp-login.php?login=jeanniepham906&key=mLiLSrVX0cr8qngbUXPR&action=rp HTTP/1.1" 302 0 "http://kwalies.sd/wp-login.php?checkemail=registered" "Mozilla/5.0 (Windows NT 6.3; Win64; x64) AppleWebKit/537.36 (KHTML, like Gecko) Chrome/103.0.0.0 Safari/537.36"
158.173.3.36 - - [21/Mar/2026:22:13:07 +0000] "GET /wp-login.php?action=rp HTTP/1.1" 302 0 "http://kwalies.sd/wp-login.php?login=jeanniepham906&key=mLiLSrVX0cr8qngbUXPR&action=rp" "Mozilla/5.0 (Windows NT 6.3; Win64; x64) AppleWebKit/537.36 (KHTML, like Gecko) Chrome/103.0.0.0 Safari/537.36"
158.173.3.36 - - [21/Mar/2026:22:13:09 +0000] "GET /wp-login.php HTTP/1.1" 200 2091 "http://kwalies.sd/wp-login.php?action=lostpassword&error=invalidkey" "Mozilla/5.0 (Windows NT 6.3; Win64; x64) AppleWebKit/537.36 (KHTML, like Gecko) Chrome/103.0.0.0 Safari/537.36"
158.173.3.36 - - [21/Mar/2026:22:13:10 +0000] "GET /wp-admin/load-styles.php?c=1&dir=ltr&load%5Bchunk_0%5D=dashicons,buttons,forms,l10n,login&ver=6.9.4 HTTP/1.1" 200 45397 "http://kwalies.sd/wp-login.php" "Mozilla/5.0 (Windows NT 10.0; Win64; x64) AppleWebKit/537.36 (KHTML, like Gecko) Chrome/143.0.0.0 Safari/537.36"
158.173.3.36 - - [21/Mar/2026:22:13:12 +0000] "POST /wp-login.php HTTP/1.1" 302 0 "http://kwalies.sd/wp-login.php" "Mozilla/5.0 (Windows NT 6.3; Win64; x64) AppleWebKit/537.36 (KHTML, like Gecko) Chrome/103.0.0.0 Safari/537.36"
158.173.3.36 - - [21/Mar/2026:22:13:14 +0000] "GET /xmlrpc.php HTTP/1.1" 405 46 "http://kwalies.sd/wp-admin/profile.php" "Mozilla/5.0 (Windows NT 6.3; Win64; x64) AppleWebKit/537.36 (KHTML, like Gecko) Chrome/103.0.0.0 Safari/537.36"
158.173.3.36 - - [21/Mar/2026:22:13:15 +0000] "POST /xmlrpc.php HTTP/1.1" 200 191 "http://kwalies.sd/xmlrpc.php" "Mozilla/5.0 (Windows NT 6.3; Win64; x64) AppleWebKit/537.36 (KHTML, like Gecko) Chrome/103.0.0.0 Safari/537.36"
114.119.151.174 - - [21/Mar/2026:22:13:23 +0000] "GET /archives/57499 HTTP/1.1" 404 1251 "http://kwalies.sd/wp-sitemap-posts-post-10.xml" "Mozilla/5.0 (Linux; Android 7.0;) AppleWebKit/537.36 (KHTML, like Gecko) Mobile Safari/537.36 (compatible; PetalBot;+https://webmaster.petalsearch.com/site/petalbot)"
168.81.237.50 - barterkings [21/Mar/2026:22:15:01 +0000] "POST /xmlrpc.php HTTP/1.1" 200 4500 "-" "Mozilla/5.0 (Macintosh; Intel Mac OS X 12_5) AppleWebKit/537.36 (KHTML, like Gecko) Chrome/114.0.0.0 YaBrowser/22.7.0 Yowser/2.5 Safari/537.36"
146.174.162.125 - - [21/Mar/2026:22:15:13 +0000] "GET /kontory-mostbet-1422-2/ HTTP/1.1" 404 1251 "-" "Mozilla/5.0 (X11; U; Linux x86_64; en-US) AppleWebKit/534.16 (KHTML, like Gecko) Ubuntu/10.10 Chromium/10.0.648.0 Chrome/10.0.648.0 Safari/534.16"
196.17.171.16 - barterkings [21/Mar/2026:22:15:16 +0000] "POST /xmlrpc.php HTTP/1.1" 200 8813 "-" "Mozilla/5.0 (Macintosh; Intel Mac OS X 12_5) AppleWebKit/537.36 (KHTML, like Gecko) Chrome/114.0.0.0 YaBrowser/22.7.0 Yowser/2.5 Safari/537.36"
216.73.216.139 - - [21/Mar/2026:22:16:08 +0000] "GET /ce7bb/?path=%2Fhome%2Fkwaliess%2F..%2F..%2Ftmp%2F..%2F..%2Fusr%2Flib64%2Flibtommath.so.1.1.0 HTTP/1.1" 200 34556 "-" "Mozilla/5.0 AppleWebKit/537.36 (KHTML, like Gecko; compatible; ClaudeBot/1.0; +claudebot@anthropic.com)"
216.73.216.139 - - [21/Mar/2026:22:16:10 +0000] "GET /ce7bb/?path=%2Fhome%2Fkwaliess%2F..%2F..%2Ftmp%2F..%2F..%2Fusr%2Flib64%2Flibbrotlienc.so.1 HTTP/1.1" 403 1242 "-" "Mozilla/5.0 AppleWebKit/537.36 (KHTML, like Gecko; compatible; ClaudeBot/1.0; +claudebot@anthropic.com)"
216.73.216.139 - - [21/Mar/2026:22:16:13 +0000] "GET /ce7bb/?path=%2Fhome%2Fkwaliess%2F..%2F..%2Ftmp%2F..%2F..%2Fusr%2Flib64%2Flibdbus-glib-1.so.2.3.4 HTTP/1.1" 403 1242 "-" "Mozilla/5.0 AppleWebKit/537.36 (KHTML, like Gecko; compatible; ClaudeBot/1.0; +claudebot@anthropic.com)"
216.73.216.139 - - [21/Mar/2026:22:16:16 +0000] "GET /ce7bb/?path=%2Fhome%2Fkwaliess%2F..%2F..%2Ftmp%2F..%2F..%2Fusr%2Flib64%2Flibicutu.so.60.3 HTTP/1.1" 403 1242 "-" "Mozilla/5.0 AppleWebKit/537.36 (KHTML, like Gecko; compatible; ClaudeBot/1.0; +claudebot@anthropic.com)"
216.73.216.139 - - [21/Mar/2026:22:16:19 +0000] "GET /ce7bb/?path=%2Fhome%2Fkwaliess%2F..%2F..%2Ftmp%2F..%2F..%2Fusr%2Flib64%2Flibkadm5clnt_mit.so.12 HTTP/1.1" 403 1242 "-" "Mozilla/5.0 AppleWebKit/537.36 (KHTML, like Gecko; compatible; ClaudeBot/1.0; +claudebot@anthropic.com)"
216.73.216.139 - - [21/Mar/2026:22:16:22 +0000] "GET /ce7bb/?path=%2Fhome%2Fkwaliess%2F..%2F..%2Ftmp%2F..%2F..%2Fusr%2Flib64%2Flibxcb-shm.so.0 HTTP/1.1" 403 1242 "-" "Mozilla/5.0 AppleWebKit/537.36 (KHTML, like Gecko; compatible; ClaudeBot/1.0; +claudebot@anthropic.com)"
216.73.216.139 - - [21/Mar/2026:22:16:25 +0000] "GET /ce7bb/?path=%2Fhome%2Fkwaliess%2F..%2F..%2Ftmp%2F..%2F..%2Fusr%2Flib64%2Flibgpgme.so.11.22.1 HTTP/1.1" 403 1242 "-" "Mozilla/5.0 AppleWebKit/537.36 (KHTML, like Gecko; compatible; ClaudeBot/1.0; +claudebot@anthropic.com)"
38.156.13.186 - - [21/Mar/2026:22:16:26 +0000] "GET /lucky-days-highway-to-hell-deluxe-slot-free-spins-spielbank-erreichbar-alpenrepublik-2025-unter-einsatz-von-via-2-000-slots/ HTTP/1.1" 404 1251 "-" "Mozilla/5.0 (X11; Linux) Gecko Firefox/5.0"
216.73.216.139 - - [21/Mar/2026:22:16:28 +0000] "GET /ce7bb/?path=%2Fhome%2Fkwaliess%2F..%2F..%2Ftmp%2F..%2F..%2Fusr%2Flib64%2Flibodbcdrvcfg2S.so.2.0.0 HTTP/1.1" 403 1242 "-" "Mozilla/5.0 AppleWebKit/537.36 (KHTML, like Gecko; compatible; ClaudeBot/1.0; +claudebot@anthropic.com)"
