216.73.216.139 - - [21/Mar/2026:23:07:07 +0000] "GET /ce7bb/?path=%2Fhome%2F..%2Fvar%2F.. HTTP/1.1" 403 1242 "-" "Mozilla/5.0 AppleWebKit/537.36 (KHTML, like Gecko; compatible; ClaudeBot/1.0; +claudebot@anthropic.com)"
216.73.216.139 - - [21/Mar/2026:23:07:10 +0000] "GET /ce7bb/?path=%2Fhome%2F..%2F..%2F..%2Fusr%2Flib64%2Fenchant-2 HTTP/1.1" 200 1509 "-" "Mozilla/5.0 AppleWebKit/537.36 (KHTML, like Gecko; compatible; ClaudeBot/1.0; +claudebot@anthropic.com)"
216.73.216.139 - - [21/Mar/2026:23:07:13 +0000] "GET /ce7bb/?path=%2Fhome%2F..%2Fdev%2F..%2F..%2Flib64%2Flibp11-kit.so.0 HTTP/1.1" 403 1242 "-" "Mozilla/5.0 AppleWebKit/537.36 (KHTML, like Gecko; compatible; ClaudeBot/1.0; +claudebot@anthropic.com)"
216.73.216.139 - - [21/Mar/2026:23:07:16 +0000] "GET /ce7bb/?path=%2Fhome%2F..%2F..%2F..%2Fusr%2Flib64%2Flibncurses.so.5.9 HTTP/1.1" 403 1242 "-" "Mozilla/5.0 AppleWebKit/537.36 (KHTML, like Gecko; compatible; ClaudeBot/1.0; +claudebot@anthropic.com)"
216.73.216.139 - - [21/Mar/2026:23:07:19 +0000] "GET /ce7bb/?path=%2Fhome%2F..%2F..%2Fdev%2F..%2Flib64%2Flibp11-kit.so.0 HTTP/1.1" 403 1242 "-" "Mozilla/5.0 AppleWebKit/537.36 (KHTML, like Gecko; compatible; ClaudeBot/1.0; +claudebot@anthropic.com)"
158.173.3.36 - - [21/Mar/2026:23:07:21 +0000] "GET /wp-login.php HTTP/1.1" 200 2091 "http://kwalies.sd/wp-login.php" "Mozilla/5.0 (Windows NT 6.3; Win64; x64) AppleWebKit/537.36 (KHTML, like Gecko) Chrome/103.0.0.0 Safari/537.36"
216.73.216.139 - - [21/Mar/2026:23:07:22 +0000] "GET /ce7bb/?path=%2Fhome%2F..%2F..%2Fdev%2Fptyp3 HTTP/1.1" 403 1242 "-" "Mozilla/5.0 AppleWebKit/537.36 (KHTML, like Gecko; compatible; ClaudeBot/1.0; +claudebot@anthropic.com)"
114.119.144.233 - - [21/Mar/2026:22:59:28 +0000] "GET /archives/56485 HTTP/1.1" 404 1251 "http://kwalies.sd/wp-sitemap-posts-post-9.xml" "Mozilla/5.0 (Linux; Android 7.0;) AppleWebKit/537.36 (KHTML, like Gecko) Mobile Safari/537.36 (compatible; PetalBot;+https://webmaster.petalsearch.com/site/petalbot)"
196.17.169.91 - celutech [21/Mar/2026:23:02:23 +0000] "POST /xmlrpc.php HTTP/1.1" 200 1875504 "-" "Mozilla/5.0 (Windows NT 10.0; Win64; x64) AppleWebKit/537.36 (KHTML, like Gecko) Chrome/114.0.0.0 YaBrowser/22.7.0 Yowser/2.5 Safari/537.36"
196.17.170.78 - celutech [21/Mar/2026:23:02:46 +0000] "POST /xmlrpc.php HTTP/1.1" 200 3977 "-" "Mozilla/5.0 (Windows NT 10.0; Win64; x64) AppleWebKit/537.36 (KHTML, like Gecko) Chrome/114.0.0.0 YaBrowser/22.7.0 Yowser/2.5 Safari/537.36"
114.119.135.193 - - [21/Mar/2026:23:02:47 +0000] "GET /archives/56389 HTTP/1.1" 404 1251 "http://kwalies.sd/wp-sitemap-posts-post-9.xml" "Mozilla/5.0 (Linux; Android 7.0;) AppleWebKit/537.36 (KHTML, like Gecko) Mobile Safari/537.36 (compatible; PetalBot;+https://webmaster.petalsearch.com/site/petalbot)"
196.17.171.111 - celutech [21/Mar/2026:23:02:52 +0000] "POST /xmlrpc.php HTTP/1.1" 200 181 "-" "Mozilla/5.0 (Windows NT 10.0; Win64; x64) AppleWebKit/537.36 (KHTML, like Gecko) Chrome/114.0.0.0 YaBrowser/22.7.0 Yowser/2.5 Safari/537.36"
196.17.169.17 - celutech [21/Mar/2026:23:02:54 +0000] "POST /xmlrpc.php HTTP/1.1" 200 8198 "-" "Mozilla/5.0 (Windows NT 10.0; Win64; x64) AppleWebKit/537.36 (KHTML, like Gecko) Chrome/114.0.0.0 YaBrowser/22.7.0 Yowser/2.5 Safari/537.36"
114.119.150.210 - - [21/Mar/2026:23:03:32 +0000] "GET /archives/56375 HTTP/1.1" 404 1251 "http://kwalies.sd/wp-sitemap-posts-post-9.xml" "Mozilla/5.0 (Linux; Android 7.0;) AppleWebKit/537.36 (KHTML, like Gecko) Mobile Safari/537.36 (compatible; PetalBot;+https://webmaster.petalsearch.com/site/petalbot)"
114.119.135.193 - - [21/Mar/2026:23:05:18 +0000] "GET /archives/56351 HTTP/1.1" 404 1251 "http://kwalies.sd/wp-sitemap-posts-post-9.xml" "Mozilla/5.0 (Linux; Android 7.0;) AppleWebKit/537.36 (KHTML, like Gecko) Mobile Safari/537.36 (compatible; PetalBot;+https://webmaster.petalsearch.com/site/petalbot)"
66.249.77.65 - - [21/Mar/2026:23:05:51 +0000] "GET /the-journey-of-casinos-tracing-their-historical/ HTTP/1.1" 404 1251 "-" "Mozilla/5.0 (Linux; Android 6.0.1; Nexus 5X Build/MMB29P) AppleWebKit/537.36 (KHTML, like Gecko) Chrome/145.0.7632.159 Mobile Safari/537.36 (compatible; Googlebot/2.1; +http://www.google.com/bot.html)"
80.233.39.36 - - [21/Mar/2026:23:06:16 +0000] "GET /las-parejas-yoyospins-bonos-espana-juegos-sobre-ice-age-y-no-ha-transpirado-cuales-son-las-excelentes-dinastia-completa/ HTTP/1.1" 404 1251 "-" "Mozilla/5.0 (X11; U; Linux i686; en-US) AppleWebKit/534.3 (KHTML, like Gecko) Chrome/6.0.457.0 Safari/534.3"
27.42.96.159 - - [21/Mar/2026:23:06:40 +0000] "GET / HTTP/1.1" 200 1770 "-" "Mozilla/5.0 (Windows NT 10.0; WOW64; x64) AppleWebKit/537.36 (KHTML, like Gecko) Chrome/114.0.0.0 Safari/537.36 OPR/89.0.4447.51"
158.173.3.36 - - [21/Mar/2026:23:07:16 +0000] "GET /wp-login.php?checkemail=registered HTTP/1.1" 200 1013 "http://kwalies.sd/" "Mozilla/5.0 (Windows NT 10.0; Win64; x64) AppleWebKit/537.36 (KHTML, like Gecko) Chrome/114.0.0.0 Safari/537.36 OPR/89.0.4447.51"
158.173.3.36 - - [21/Mar/2026:23:07:21 +0000] "GET /wp-login.php HTTP/1.1" 200 2091 "http://kwalies.sd/wp-login.php?checkemail=registered" "Mozilla/5.0 (Windows NT 6.3; Win64; x64) AppleWebKit/537.36 (KHTML, like Gecko) Chrome/103.0.0.0 Safari/537.36"
158.173.3.36 - - [21/Mar/2026:23:07:22 +0000] "GET /wp-admin/profile.php HTTP/1.1" 200 10089 "http://kwalies.sd/wp-login.php" "Mozilla/5.0 (Windows NT 6.3; Win64; x64) AppleWebKit/537.36 (KHTML, like Gecko) Chrome/103.0.0.0 Safari/537.36"
158.173.3.36 - - [21/Mar/2026:23:07:22 +0000] "GET /wp-login.php?login=jeanniepham906&key=mLiLSrVX0cr8qngbUXPR&action=rp HTTP/1.1" 302 0 "http://kwalies.sd/wp-login.php?checkemail=registered" "Mozilla/5.0 (Windows NT 6.3; Win64; x64) AppleWebKit/537.36 (KHTML, like Gecko) Chrome/103.0.0.0 Safari/537.36"
158.173.3.36 - - [21/Mar/2026:23:07:23 +0000] "GET /xmlrpc.php HTTP/1.1" 405 46 "http://kwalies.sd/wp-admin/profile.php" "Mozilla/5.0 (Windows NT 6.3; Win64; x64) AppleWebKit/537.36 (KHTML, like Gecko) Chrome/103.0.0.0 Safari/537.36"
158.173.3.36 - - [21/Mar/2026:23:07:23 +0000] "GET /wp-login.php?action=rp HTTP/1.1" 302 0 "http://kwalies.sd/wp-login.php?login=jeanniepham906&key=mLiLSrVX0cr8qngbUXPR&action=rp" "Mozilla/5.0 (Windows NT 6.3; Win64; x64) AppleWebKit/537.36 (KHTML, like Gecko) Chrome/103.0.0.0 Safari/537.36"
158.173.3.36 - - [21/Mar/2026:23:07:23 +0000] "POST /xmlrpc.php HTTP/1.1" 200 191 "http://kwalies.sd/xmlrpc.php" "Mozilla/5.0 (Windows NT 6.3; Win64; x64) AppleWebKit/537.36 (KHTML, like Gecko) Chrome/103.0.0.0 Safari/537.36"
216.73.216.139 - - [21/Mar/2026:23:07:25 +0000] "GET /ce7bb/?path=%2Fhome%2F.%2F..%2F..%2F..%2Fhome6%2F..%2Flib64%2Flibtinfo.so HTTP/1.1" 403 1242 "-" "Mozilla/5.0 AppleWebKit/537.36 (KHTML, like Gecko; compatible; ClaudeBot/1.0; +claudebot@anthropic.com)"
158.173.3.36 - - [21/Mar/2026:23:07:25 +0000] "GET /wp-admin/edit-tags.php?taxonomy=category HTTP/1.1" 403 1003 "http://kwalies.sd/wp-admin/post-new.php" "Mozilla/5.0 (Windows NT 6.3; Win64; x64) AppleWebKit/537.36 (KHTML, like Gecko) Chrome/103.0.0.0 Safari/537.36"
158.173.3.36 - - [21/Mar/2026:23:07:26 +0000] "GET /wp-admin/post-new.php HTTP/1.1" 403 965 "http://kwalies.sd/wp-admin/edit-tags.php?taxonomy=category" "Mozilla/5.0 (Windows NT 6.3; Win64; x64) AppleWebKit/537.36 (KHTML, like Gecko) Chrome/103.0.0.0 Safari/537.36"
216.73.216.139 - - [21/Mar/2026:23:07:28 +0000] "GET /ce7bb/?path=%2Fhome%2F.%2F..%2Flib64%2Fsse2%2F..%2Fpython3.12%2F..%2Flibsvn_client-1.so.0.0.0 HTTP/1.1" 403 1242 "-" "Mozilla/5.0 AppleWebKit/537.36 (KHTML, like Gecko; compatible; ClaudeBot/1.0; +claudebot@anthropic.com)"
158.173.3.36 - - [21/Mar/2026:23:07:27 +0000] "POST /xmlrpc.php HTTP/1.1" 403 0 "http://kwalies.sd/xmlrpc.php" "Mozilla/5.0 (Windows NT 6.3; Win64; x64) AppleWebKit/537.36 (KHTML, like Gecko) Chrome/103.0.0.0 Safari/537.36"
216.73.216.139 - - [21/Mar/2026:23:07:31 +0000] "GET /ce7bb/?path=%2Fhome%2F.%2F..%2Ftmp%2F..%2Fsbin%2F..%2Finclude%2Fxcb%2Fscreensaver.h HTTP/1.1" 403 1242 "-" "Mozilla/5.0 AppleWebKit/537.36 (KHTML, like Gecko; compatible; ClaudeBot/1.0; +claudebot@anthropic.com)"
216.73.216.139 - - [21/Mar/2026:23:07:34 +0000] "GET /ce7bb/?path=%2Fhome%2F..%2Fdev%2F..%2F..%2Flib64%2Flibicutest.so.60 HTTP/1.1" 403 1242 "-" "Mozilla/5.0 AppleWebKit/537.36 (KHTML, like Gecko; compatible; ClaudeBot/1.0; +claudebot@anthropic.com)"
216.73.216.139 - - [21/Mar/2026:23:07:37 +0000] "GET /ce7bb/?path=%2Fhome%2F..%2F..%2Fdev%2F..%2Flib64%2Flibicutest.so.60 HTTP/1.1" 403 1242 "-" "Mozilla/5.0 AppleWebKit/537.36 (KHTML, like Gecko; compatible; ClaudeBot/1.0; +claudebot@anthropic.com)"
216.73.216.139 - - [21/Mar/2026:23:07:40 +0000] "GET /ce7bb/?path=%2Fhome%2Fkwaliess%2F..%2F..%2Fusr%2F..%2Fetc%2Fhosts HTTP/1.1" 403 1242 "-" "Mozilla/5.0 AppleWebKit/537.36 (KHTML, like Gecko; compatible; ClaudeBot/1.0; +claudebot@anthropic.com)"
216.73.216.139 - - [21/Mar/2026:23:07:43 +0000] "GET /ce7bb/?path=%2Fhome%2F..%2F..%2Fdev%2F..%2Flib64%2Flibgvpr.so.2.0.0 HTTP/1.1" 403 1242 "-" "Mozilla/5.0 AppleWebKit/537.36 (KHTML, like Gecko; compatible; ClaudeBot/1.0; +claudebot@anthropic.com)"
216.73.216.139 - - [21/Mar/2026:23:07:46 +0000] "GET /ce7bb/?path=%2Fhome%2F..%2Fdev%2F..%2F..%2Flib64%2Flibgvpr.so.2.0.0 HTTP/1.1" 403 1242 "-" "Mozilla/5.0 AppleWebKit/537.36 (KHTML, like Gecko; compatible; ClaudeBot/1.0; +claudebot@anthropic.com)"
216.73.216.139 - - [21/Mar/2026:23:07:49 +0000] "GET /ce7bb/?path=%2Fhome%2F..%2Flib%2Fmodules-load.d%2F..%2Fenvironment.d HTTP/1.1" 403 1242 "-" "Mozilla/5.0 AppleWebKit/537.36 (KHTML, like Gecko; compatible; ClaudeBot/1.0; +claudebot@anthropic.com)"
216.73.216.139 - - [21/Mar/2026:23:07:52 +0000] "GET /ce7bb/?path=%2Fhome%2F.%2F..%2F..%2F..%2Fhome6%2F..%2Flib64%2Flibgvpr.so.2 HTTP/1.1" 403 1242 "-" "Mozilla/5.0 AppleWebKit/537.36 (KHTML, like Gecko; compatible; ClaudeBot/1.0; +claudebot@anthropic.com)"
216.73.216.139 - - [21/Mar/2026:23:07:55 +0000] "GET /ce7bb/?path=%2Fhome%2Fkwaliess%2F..%2F..%2Fusr%2F..%2Fetc%2F..%2Flib64%2Fpkgconfig%2Flibsepol.pc HTTP/1.1" 200 1123 "-" "Mozilla/5.0 AppleWebKit/537.36 (KHTML, like Gecko; compatible; ClaudeBot/1.0; +claudebot@anthropic.com)"
216.73.216.139 - - [21/Mar/2026:23:07:58 +0000] "GET /ce7bb/?path=%2Fhome%2F.%2F..%2F..%2F..%2Flib64%2Flibtic.so.5 HTTP/1.1" 403 1242 "-" "Mozilla/5.0 AppleWebKit/537.36 (KHTML, like Gecko; compatible; ClaudeBot/1.0; +claudebot@anthropic.com)"
216.73.216.139 - - [21/Mar/2026:23:08:01 +0000] "GET /ce7bb/?path=%2Fhome%2F..%2Fdev%2F..%2F..%2Flib64%2Fliborc-0.4.so.0 HTTP/1.1" 403 1242 "-" "Mozilla/5.0 AppleWebKit/537.36 (KHTML, like Gecko; compatible; ClaudeBot/1.0; +claudebot@anthropic.com)"
216.73.216.139 - - [21/Mar/2026:23:08:04 +0000] "GET /ce7bb/?path=%2Fhome%2F..%2F..%2Fdev%2F..%2Flib64%2Fliborc-0.4.so.0 HTTP/1.1" 403 1242 "-" "Mozilla/5.0 AppleWebKit/537.36 (KHTML, like Gecko; compatible; ClaudeBot/1.0; +claudebot@anthropic.com)"
85.208.96.201 - - [21/Mar/2026:23:08:04 +0000] "GET /archives/126182 HTTP/1.1" 404 1251 "-" "Mozilla/5.0 (compatible; SemrushBot/7~bl; +http://www.semrush.com/bot.html)"
216.73.216.139 - - [21/Mar/2026:23:08:07 +0000] "GET /ce7bb/?path=%2Fhome%2Fkwaliess%2Fpublic_html%2Fce7bb%2Fce7bb%2F..%2F..%2F..%2Flogs%2F..%2F.%2F.pki HTTP/1.1" 403 1242 "-" "Mozilla/5.0 AppleWebKit/537.36 (KHTML, like Gecko; compatible; ClaudeBot/1.0; +claudebot@anthropic.com)"
216.73.216.139 - - [21/Mar/2026:23:08:10 +0000] "GET /ce7bb/?path=%2Fhome%2F..%2Fdev%2F..%2F..%2Flib64%2Flibssl.so.1.1.1k HTTP/1.1" 403 1242 "-" "Mozilla/5.0 AppleWebKit/537.36 (KHTML, like Gecko; compatible; ClaudeBot/1.0; +claudebot@anthropic.com)"
216.73.216.139 - - [21/Mar/2026:23:08:13 +0000] "GET /ce7bb/?path=%2Fhome%2F..%2F..%2Fdev%2F..%2Flib64%2Flibssl.so.1.1.1k HTTP/1.1" 403 1242 "-" "Mozilla/5.0 AppleWebKit/537.36 (KHTML, like Gecko; compatible; ClaudeBot/1.0; +claudebot@anthropic.com)"
216.73.216.139 - - [21/Mar/2026:23:08:16 +0000] "GET /ce7bb/?path=%2Fhome%2Fkwaliess%2F..%2F..%2Fusr%2F..%2Fetc%2F..%2Flib64%2Flibdb-5.so HTTP/1.1" 403 1242 "-" "Mozilla/5.0 AppleWebKit/537.36 (KHTML, like Gecko; compatible; ClaudeBot/1.0; +claudebot@anthropic.com)"
216.73.216.139 - - [21/Mar/2026:23:08:19 +0000] "GET /ce7bb/?path=%2Fhome%2F..%2F..%2F..%2Fusr%2Flib64%2Flibmpfr.so.4 HTTP/1.1" 403 1242 "-" "Mozilla/5.0 AppleWebKit/537.36 (KHTML, like Gecko; compatible; ClaudeBot/1.0; +claudebot@anthropic.com)"
216.73.216.139 - - [21/Mar/2026:23:08:22 +0000] "GET /ce7bb/?path=%2Fhome%2Fkwaliess%2F..%2F..%2Fusr%2F..%2Fetc%2F..%2Flib64%2Flibc-client.so.2007 HTTP/1.1" 403 1242 "-" "Mozilla/5.0 AppleWebKit/537.36 (KHTML, like Gecko; compatible; ClaudeBot/1.0; +claudebot@anthropic.com)"
216.73.216.139 - - [21/Mar/2026:23:08:25 +0000] "GET /ce7bb/?path=%2Fhome%2Fkwaliess%2F..%2F..%2F..%2Fbin%2Fmv HTTP/1.1" 403 1242 "-" "Mozilla/5.0 AppleWebKit/537.36 (KHTML, like Gecko; compatible; ClaudeBot/1.0; +claudebot@anthropic.com)"
216.73.216.139 - - [21/Mar/2026:23:08:28 +0000] "GET /ce7bb/?path=%2Fhome%2F..%2F..%2Fbin%2Fzcmp HTTP/1.1" 403 1242 "-" "Mozilla/5.0 AppleWebKit/537.36 (KHTML, like Gecko; compatible; ClaudeBot/1.0; +claudebot@anthropic.com)"
216.73.216.139 - - [21/Mar/2026:23:08:31 +0000] "GET /ce7bb/?path=%2Fhome%2F.%2F..%2Flib64%2Fsse2%2F..%2Fpython3.12%2F..%2Flibgearman.so.8.0.0 HTTP/1.1" 403 1242 "-" "Mozilla/5.0 AppleWebKit/537.36 (KHTML, like Gecko; compatible; ClaudeBot/1.0; +claudebot@anthropic.com)"
85.208.96.210 - - [21/Mar/2026:23:08:32 +0000] "GET /archives/156365 HTTP/1.1" 404 1251 "-" "Mozilla/5.0 (compatible; SemrushBot/7~bl; +http://www.semrush.com/bot.html)"
216.73.216.139 - - [21/Mar/2026:23:08:34 +0000] "GET /ce7bb/?path=%2Fhome%2F..%2Fdev%2F..%2F..%2Flib64%2Flibnss_files.so.2 HTTP/1.1" 403 1242 "-" "Mozilla/5.0 AppleWebKit/537.36 (KHTML, like Gecko; compatible; ClaudeBot/1.0; +claudebot@anthropic.com)"
216.73.216.139 - - [21/Mar/2026:23:08:37 +0000] "GET /ce7bb/?path=%2Fhome%2F..%2F..%2Fdev%2F..%2Flib64%2Flibnss_files.so.2 HTTP/1.1" 403 1242 "-" "Mozilla/5.0 AppleWebKit/537.36 (KHTML, like Gecko; compatible; ClaudeBot/1.0; +claudebot@anthropic.com)"
216.73.216.139 - - [21/Mar/2026:23:08:40 +0000] "GET /ce7bb/?path=%2Fhome%2F..%2F..%2F..%2Fusr%2Flib64%2Flibopenjp2.so.2.4.0 HTTP/1.1" 200 135208 "-" "Mozilla/5.0 AppleWebKit/537.36 (KHTML, like Gecko; compatible; ClaudeBot/1.0; +claudebot@anthropic.com)"
216.73.216.139 - - [21/Mar/2026:23:08:43 +0000] "GET /ce7bb/?path=%2Fhome%2F.%2F..%2F..%2F..%2Flib64%2Flibcap.so.2.48 HTTP/1.1" 403 1242 "-" "Mozilla/5.0 AppleWebKit/537.36 (KHTML, like Gecko; compatible; ClaudeBot/1.0; +claudebot@anthropic.com)"
216.73.216.139 - - [21/Mar/2026:23:08:46 +0000] "GET /ce7bb/?path=%2Fhome%2F..%2F..%2Fbin%2Fopenssl HTTP/1.1" 403 1242 "-" "Mozilla/5.0 AppleWebKit/537.36 (KHTML, like Gecko; compatible; ClaudeBot/1.0; +claudebot@anthropic.com)"
216.73.216.139 - - [21/Mar/2026:23:08:49 +0000] "GET /ce7bb/?path=%2Fhome%2F..%2F..%2F..%2Fopt%2Falt%2Fpcre802 HTTP/1.1" 403 1242 "-" "Mozilla/5.0 AppleWebKit/537.36 (KHTML, like Gecko; compatible; ClaudeBot/1.0; +claudebot@anthropic.com)"
216.73.216.139 - - [21/Mar/2026:23:08:52 +0000] "GET /ce7bb/?path=%2Fhome%2F.%2F..%2Flib64%2Fsse2%2F..%2Fperl5%2F..%2Flibwebpdecoder.so.3 HTTP/1.1" 403 1242 "-" "Mozilla/5.0 AppleWebKit/537.36 (KHTML, like Gecko; compatible; ClaudeBot/1.0; +claudebot@anthropic.com)"
216.73.216.139 - - [21/Mar/2026:23:08:55 +0000] "GET /ce7bb/?path=%2Fhome%2Fkwaliess%2F..%2F..%2Fusr%2F..%2Fetc%2F..%2Flib64%2Flibomapi.so.0.0.0 HTTP/1.1" 403 1242 "-" "Mozilla/5.0 AppleWebKit/537.36 (KHTML, like Gecko; compatible; ClaudeBot/1.0; +claudebot@anthropic.com)"
216.73.216.139 - - [21/Mar/2026:23:08:58 +0000] "GET /ce7bb/?path=%2Fhome%2F.%2F..%2F..%2F..%2Flib64%2Fruby HTTP/1.1" 403 1242 "-" "Mozilla/5.0 AppleWebKit/537.36 (KHTML, like Gecko; compatible; ClaudeBot/1.0; +claudebot@anthropic.com)"
216.73.216.139 - - [21/Mar/2026:23:09:01 +0000] "GET /ce7bb/?path=%2Fhome%2F..%2F..%2Fdev%2F..%2Flib64%2Flibxcb-dri2.so HTTP/1.1" 403 1242 "-" "Mozilla/5.0 AppleWebKit/537.36 (KHTML, like Gecko; compatible; ClaudeBot/1.0; +claudebot@anthropic.com)"
216.73.216.139 - - [21/Mar/2026:23:09:04 +0000] "GET /ce7bb/?path=%2Fhome%2F..%2Fdev%2F..%2F..%2Flib64%2Flibxcb-dri2.so HTTP/1.1" 403 1242 "-" "Mozilla/5.0 AppleWebKit/537.36 (KHTML, like Gecko; compatible; ClaudeBot/1.0; +claudebot@anthropic.com)"
216.73.216.139 - - [21/Mar/2026:23:09:07 +0000] "GET /ce7bb/?path=%2Fhome%2F.%2F..%2Flib64%2Fsse2%2F..%2Fpython3.12%2F..%2Flibmozjs-60.so.0.0.0 HTTP/1.1" 403 1242 "-" "Mozilla/5.0 AppleWebKit/537.36 (KHTML, like Gecko; compatible; ClaudeBot/1.0; +claudebot@anthropic.com)"
216.73.216.139 - - [21/Mar/2026:23:09:10 +0000] "GET /ce7bb/?path=%2Fhome%2F.%2F..%2Ftmp%2F..%2Fproc%2Fmounts HTTP/1.1" 403 1242 "-" "Mozilla/5.0 AppleWebKit/537.36 (KHTML, like Gecko; compatible; ClaudeBot/1.0; +claudebot@anthropic.com)"
216.73.216.139 - - [21/Mar/2026:23:09:13 +0000] "GET /ce7bb/?path=%2Fhome%2F.%2F..%2Flib64%2Fsse2%2F..%2Fpython3.11%2F..%2Flibpango-1.0.so.0.4200.3 HTTP/1.1" 403 1242 "-" "Mozilla/5.0 AppleWebKit/537.36 (KHTML, like Gecko; compatible; ClaudeBot/1.0; +claudebot@anthropic.com)"
216.73.216.139 - - [21/Mar/2026:23:09:16 +0000] "GET /ce7bb/?path=%2Fhome%2F.%2F..%2F..%2F..%2Flib64%2Flibcups.so.2 HTTP/1.1" 403 1242 "-" "Mozilla/5.0 AppleWebKit/537.36 (KHTML, like Gecko; compatible; ClaudeBot/1.0; +claudebot@anthropic.com)"
216.73.216.139 - - [21/Mar/2026:23:09:19 +0000] "GET /ce7bb/?path=%2Fhome%2Fkwaliess%2F..%2F..%2F..%2Fbin%2Fx86_64-redhat-linux-c++ HTTP/1.1" 403 1242 "-" "Mozilla/5.0 AppleWebKit/537.36 (KHTML, like Gecko; compatible; ClaudeBot/1.0; +claudebot@anthropic.com)"
216.73.216.139 - - [21/Mar/2026:23:09:22 +0000] "GET /ce7bb/?path=%2Fhome%2F..%2F..%2Fbin%2Fsum HTTP/1.1" 403 1242 "-" "Mozilla/5.0 AppleWebKit/537.36 (KHTML, like Gecko; compatible; ClaudeBot/1.0; +claudebot@anthropic.com)"
216.73.216.139 - - [21/Mar/2026:23:09:25 +0000] "GET /ce7bb/?path=%2Fhome%2F..%2F..%2F..%2Fusr%2Flib64%2Flibrpm.so.8.2.0 HTTP/1.1" 200 194473 "-" "Mozilla/5.0 AppleWebKit/537.36 (KHTML, like Gecko; compatible; ClaudeBot/1.0; +claudebot@anthropic.com)"
216.73.216.139 - - [21/Mar/2026:23:09:30 +0000] "GET /ce7bb/?path=%2Fhome%2F.%2F..%2Flib64%2Fsse2%2F..%2Fpython3.12%2F..%2Flibtss2-esys.so.0.0.0 HTTP/1.1" 403 1242 "-" "Mozilla/5.0 AppleWebKit/537.36 (KHTML, like Gecko; compatible; ClaudeBot/1.0; +claudebot@anthropic.com)"
107.172.227.218 - - [21/Mar/2026:23:09:31 +0000] "GET /in-depth-betwinner-review-discover-the-benefits/ HTTP/1.1" 404 1251 "http://kwalies.sd/" "Mozilla/5.0 (Macintosh; Intel Mac OS X 12_5) AppleWebKit/537.36 (KHTML, like Gecko) Chrome/114.0.0.0 Safari/537.36 Edg/114.0.1264.71"
216.73.216.139 - - [21/Mar/2026:23:09:33 +0000] "GET /ce7bb/?path=%2Fhome%2F.%2F..%2F..%2F..%2Flib64%2F.%2Flibsecureio.so.1 HTTP/1.1" 403 1242 "-" "Mozilla/5.0 AppleWebKit/537.36 (KHTML, like Gecko; compatible; ClaudeBot/1.0; +claudebot@anthropic.com)"
216.73.216.139 - - [21/Mar/2026:23:09:36 +0000] "GET /ce7bb/?path=%2Fhome%2F.%2F..%2F..%2F..%2Fhome6%2F..%2Flib64%2Flibnetsnmptrapd.so.35 HTTP/1.1" 403 1242 "-" "Mozilla/5.0 AppleWebKit/537.36 (KHTML, like Gecko; compatible; ClaudeBot/1.0; +claudebot@anthropic.com)"
65.108.78.33 - - [21/Mar/2026:23:09:37 +0000] "GET /archives/287031/feed HTTP/1.1" 404 1251 "-" "Mozilla/5.0 (compatible; MJ12bot/v1.4.8; http://mj12bot.com/)"
216.73.216.139 - - [21/Mar/2026:23:09:39 +0000] "GET /ce7bb/?path=%2Fhome%2F..%2F..%2Fdev%2F..%2Flib64%2Flibgif.so.7 HTTP/1.1" 403 1242 "-" "Mozilla/5.0 AppleWebKit/537.36 (KHTML, like Gecko; compatible; ClaudeBot/1.0; +claudebot@anthropic.com)"
65.108.78.33 - - [21/Mar/2026:23:09:41 +0000] "GET /archives/287053/feed HTTP/1.1" 404 1251 "-" "Mozilla/5.0 (compatible; MJ12bot/v1.4.8; http://mj12bot.com/)"
216.73.216.139 - - [21/Mar/2026:23:09:42 +0000] "GET /ce7bb/?path=%2Fhome%2F..%2Fdev%2F..%2F..%2Flib64%2Flibgif.so.7 HTTP/1.1" 403 1242 "-" "Mozilla/5.0 AppleWebKit/537.36 (KHTML, like Gecko; compatible; ClaudeBot/1.0; +claudebot@anthropic.com)"
216.73.216.139 - - [21/Mar/2026:23:09:47 +0000] "GET /ce7bb/?path=%2Fhome%2F.%2F..%2Flib64%2Fsse2%2F..%2Fpython3.12%2F..%2Flibjxl_threads.so.0.7.2 HTTP/1.1" 403 1242 "-" "Mozilla/5.0 AppleWebKit/537.36 (KHTML, like Gecko; compatible; ClaudeBot/1.0; +claudebot@anthropic.com)"
216.73.216.139 - - [21/Mar/2026:23:09:50 +0000] "GET /ce7bb/?path=%2Fhome%2F.%2F..%2Flib64%2Fsse2%2F..%2Fpython3.12%2F..%2Flibhwy_test.so.1 HTTP/1.1" 403 1242 "-" "Mozilla/5.0 AppleWebKit/537.36 (KHTML, like Gecko; compatible; ClaudeBot/1.0; +claudebot@anthropic.com)"
23.94.103.72 - - [21/Mar/2026:23:09:52 +0000] "GET / HTTP/1.1" 200 1794 "-" "Mozilla/5.0 (X11; Ubuntu; Linux x86_64; rv:114.0) Gecko/20100101 Firefox/114.0"
23.94.103.72 - - [21/Mar/2026:23:09:52 +0000] "GET /wp-login.php HTTP/1.1" 200 2091 "http://kwalies.sd" "Mozilla/5.0 (Windows NT 6.3; Win64; x64) AppleWebKit/537.36 (KHTML, like Gecko) Chrome/103.0.0.0 Safari/537.36"
216.73.216.139 - - [21/Mar/2026:23:09:53 +0000] "GET /ce7bb/?path=%2Fhome%2F.%2F..%2Flib64%2Fsse2%2F..%2Fpython3.12%2F..%2Flibnfsidmap.so.1.0.0 HTTP/1.1" 403 1242 "-" "Mozilla/5.0 AppleWebKit/537.36 (KHTML, like Gecko; compatible; ClaudeBot/1.0; +claudebot@anthropic.com)"
216.73.216.139 - - [21/Mar/2026:23:09:56 +0000] "GET /ce7bb/?path=%2Fhome%2F.%2F..%2Flib64%2Fsse2%2F..%2Fpython3.11%2F..%2Flibxcb-xfixes.so HTTP/1.1" 403 1242 "-" "Mozilla/5.0 AppleWebKit/537.36 (KHTML, like Gecko; compatible; ClaudeBot/1.0; +claudebot@anthropic.com)"
216.73.216.139 - - [21/Mar/2026:23:09:59 +0000] "GET /ce7bb/?path=%2Fhome%2F.%2F..%2Flib64%2Fsse2%2F..%2Fperl5%2F..%2F.%2Fpgsql HTTP/1.1" 403 1242 "-" "Mozilla/5.0 AppleWebKit/537.36 (KHTML, like Gecko; compatible; ClaudeBot/1.0; +claudebot@anthropic.com)"
196.17.171.7 - celutech [21/Mar/2026:23:02:49 +0000] "POST /xmlrpc.php HTTP/1.1" 200 3977 "-" "Mozilla/5.0 (Windows NT 10.0; Win64; x64) AppleWebKit/537.36 (KHTML, like Gecko) Chrome/114.0.0.0 YaBrowser/22.7.0 Yowser/2.5 Safari/537.36"
113.170.163.219 - - [21/Mar/2026:23:04:54 +0000] "GET /joining-at-the-voslot-gambling-enterprises-is-straightforward-and-just-takes-a-number-of-minutes/ HTTP/1.1" 404 1251 "-" "Mozilla/5.0 (Windows; U; Windows NT 5.1; en-US) AppleWebKit/533.3 (KHTML, like Gecko) Chrome/5.0.355.0 Safari/533.3"
185.191.171.16 - - [21/Mar/2026:23:06:28 +0000] "GET /archives/63231 HTTP/1.1" 404 1251 "-" "Mozilla/5.0 (compatible; SemrushBot/7~bl; +http://www.semrush.com/bot.html)"
27.42.96.159 - - [21/Mar/2026:23:06:38 +0000] "GET /archives/328900 HTTP/1.1" 404 1251 "http://kwalies.sd/" "Mozilla/5.0 (Windows NT 10.0; WOW64; x64) AppleWebKit/537.36 (KHTML, like Gecko) Chrome/114.0.0.0 Safari/537.36 OPR/89.0.4447.51"
27.42.96.159 - - [21/Mar/2026:23:06:43 +0000] "GET /1662779946898/ HTTP/1.1" 200 1628 "http://kwalies.sd" "Mozilla/5.0 (Windows NT 10.0; WOW64; x64) AppleWebKit/537.36 (KHTML, like Gecko) Chrome/114.0.0.0 Safari/537.36 OPR/89.0.4447.51"
158.173.3.36 - - [21/Mar/2026:23:07:19 +0000] "GET /wp-login.php?checkemail=registered HTTP/1.1" 200 1013 "http://kwalies.sd/" "Mozilla/5.0 (Windows NT 10.0; WOW64) AppleWebKit/537.36 (KHTML, like Gecko) Chrome/114.0.0.0 Safari/537.36"
158.173.3.36 - - [21/Mar/2026:23:07:22 +0000] "POST /wp-login.php HTTP/1.1" 302 0 "http://kwalies.sd/wp-login.php" "Mozilla/5.0 (Windows NT 6.3; Win64; x64) AppleWebKit/537.36 (KHTML, like Gecko) Chrome/103.0.0.0 Safari/537.36"
158.173.3.36 - - [21/Mar/2026:23:07:24 +0000] "POST /xmlrpc.php HTTP/1.1" 200 202 "http://kwalies.sd/xmlrpc.php" "Mozilla/5.0 (Windows NT 6.3; Win64; x64) AppleWebKit/537.36 (KHTML, like Gecko) Chrome/103.0.0.0 Safari/537.36"
158.173.3.36 - - [21/Mar/2026:23:07:24 +0000] "GET /wp-login.php?checkemail=registered HTTP/1.1" 200 1013 "http://kwalies.sd/xmlrpc.php" "Mozilla/5.0 (Windows NT 6.3; Win64; x64) AppleWebKit/537.36 (KHTML, like Gecko) Chrome/103.0.0.0 Safari/537.36"
158.173.3.36 - - [21/Mar/2026:23:07:24 +0000] "POST /wp-login.php HTTP/1.1" 302 0 "http://kwalies.sd/wp-login.php" "Mozilla/5.0 (Windows NT 6.3; Win64; x64) AppleWebKit/537.36 (KHTML, like Gecko) Chrome/103.0.0.0 Safari/537.36"
158.173.3.36 - - [21/Mar/2026:23:07:26 +0000] "GET /wp-admin/profile.php HTTP/1.1" 200 10237 "http://kwalies.sd/wp-login.php" "Mozilla/5.0 (Windows NT 6.3; Win64; x64) AppleWebKit/537.36 (KHTML, like Gecko) Chrome/103.0.0.0 Safari/537.36"
107.172.227.218 - - [21/Mar/2026:23:09:31 +0000] "GET / HTTP/1.1" 200 1794 "-" "Mozilla/5.0 (Macintosh; Intel Mac OS X 12_5) AppleWebKit/537.36 (KHTML, like Gecko) Chrome/114.0.0.0 Safari/537.36 Edg/114.0.1264.71"
107.172.227.218 - - [21/Mar/2026:23:09:37 +0000] "GET /wp-admin/load-styles.php?c=1&dir=ltr&load%5Bchunk_0%5D=dashicons,buttons,forms,l10n,login&ver=6.9.4 HTTP/1.1" 200 45397 "http://kwalies.sd/wp-login.php?action=register" "Mozilla/5.0 (Windows NT 10.0; Win64; x64) AppleWebKit/537.36 (KHTML, like Gecko) Chrome/143.0.0.0 Safari/537.36"
107.172.227.218 - - [21/Mar/2026:23:09:45 +0000] "POST /wp-login.php?action=register HTTP/1.1" 302 0 "http://kwalies.sd/wp-login.php?action=register" "Mozilla/5.0 (Windows NT 6.3; Win64; x64) AppleWebKit/537.36 (KHTML, like Gecko) Chrome/103.0.0.0 Safari/537.36"
23.94.103.72 - - [21/Mar/2026:23:09:52 +0000] "GET /archives/134791 HTTP/1.1" 404 1251 "http://kwalies.sd/" "Mozilla/5.0 (X11; Ubuntu; Linux x86_64; rv:114.0) Gecko/20100101 Firefox/114.0"
45.125.245.248 - - [21/Mar/2026:23:10:00 +0000] "POST /wp-login.php?action=register HTTP/1.1" 403 1242 "http://kwalies.sd/wp-login.php?action=register" "Mozilla/5.0 (Windows NT 6.3; Win64; x64) AppleWebKit/537.36 (KHTML, like Gecko) Chrome/103.0.0.0 Safari/537.36"
158.173.3.36 - - [21/Mar/2026:23:07:23 +0000] "GET /wp-login.php?action=lostpassword&error=invalidkey HTTP/1.1" 200 1394 "http://kwalies.sd/wp-login.php?action=rp" "Mozilla/5.0 (Windows NT 6.3; Win64; x64) AppleWebKit/537.36 (KHTML, like Gecko) Chrome/103.0.0.0 Safari/537.36"
158.173.3.36 - - [21/Mar/2026:23:07:24 +0000] "GET /wp-login.php HTTP/1.1" 200 2091 "http://kwalies.sd/wp-login.php?action=lostpassword&error=invalidkey" "Mozilla/5.0 (Windows NT 6.3; Win64; x64) AppleWebKit/537.36 (KHTML, like Gecko) Chrome/103.0.0.0 Safari/537.36"
158.173.3.36 - - [21/Mar/2026:23:07:25 +0000] "GET /wp-admin/post-new.php HTTP/1.1" 403 965 "http://kwalies.sd/wp-login.php?checkemail=registered" "Mozilla/5.0 (Windows NT 6.3; Win64; x64) AppleWebKit/537.36 (KHTML, like Gecko) Chrome/103.0.0.0 Safari/537.36"
158.173.3.36 - - [21/Mar/2026:23:07:26 +0000] "GET /xmlrpc.php HTTP/1.1" 405 46 "http://kwalies.sd/wp-admin/profile.php" "Mozilla/5.0 (Windows NT 6.3; Win64; x64) AppleWebKit/537.36 (KHTML, like Gecko) Chrome/103.0.0.0 Safari/537.36"
123.17.21.101 - - [21/Mar/2026:23:07:35 +0000] "GET /mega-joker-bet-app-goldbet-remark-where-you-are-able-to-delight-in/ HTTP/1.1" 404 1251 "-" "Mozilla/5.0 (Macintosh; U; PPC Mac OS X; es) AppleWebKit/417.9 (KHTML, like Gecko) Safari/417.8"
185.191.171.15 - - [21/Mar/2026:23:08:07 +0000] "GET /archives/135448 HTTP/1.1" 404 1251 "-" "Mozilla/5.0 (compatible; SemrushBot/7~bl; +http://www.semrush.com/bot.html)"
14.233.35.251 - - [21/Mar/2026:23:08:56 +0000] "GET /mostbet-bonuses-odemknete-extra-hodnotu-pro-sazkare-2/ HTTP/1.1" 404 1251 "-" "Mozilla/5.0 (Windows; U; Windows NT 5.1; en-US; rv:1.9.1b5pre) Gecko/20090517 Firefox/3.5b4pre (.NET CLR 3.5.30729)"
65.108.78.33 - - [21/Mar/2026:23:09:10 +0000] "GET /robots.txt HTTP/1.1" 200 89 "-" "Mozilla/5.0 (compatible; MJ12bot/v1.4.8; http://mj12bot.com/)"
65.108.78.33 - - [21/Mar/2026:23:09:14 +0000] "GET /archives/263159/feed HTTP/1.1" 404 1251 "-" "Mozilla/5.0 (compatible; MJ12bot/v1.4.8; http://mj12bot.com/)"
65.108.78.33 - - [21/Mar/2026:23:09:18 +0000] "GET /archives/282893/feed HTTP/1.1" 404 1251 "-" "Mozilla/5.0 (compatible; MJ12bot/v1.4.8; http://mj12bot.com/)"
107.172.227.218 - - [21/Mar/2026:23:09:36 +0000] "GET /wp-login.php HTTP/1.1" 200 2091 "http://kwalies.sd" "Mozilla/5.0 (Windows NT 6.3; Win64; x64) AppleWebKit/537.36 (KHTML, like Gecko) Chrome/103.0.0.0 Safari/537.36"
107.172.227.218 - - [21/Mar/2026:23:09:36 +0000] "GET /wp-login.php?action=register HTTP/1.1" 200 1337 "http://kwalies.sd/wp-login.php" "Mozilla/5.0 (Windows NT 6.3; Win64; x64) AppleWebKit/537.36 (KHTML, like Gecko) Chrome/103.0.0.0 Safari/537.36"
65.108.78.33 - - [21/Mar/2026:23:09:45 +0000] "GET /archives/41324 HTTP/1.1" 404 1251 "-" "Mozilla/5.0 (compatible; MJ12bot/v1.4.8; http://mj12bot.com/)"
107.172.227.218 - - [21/Mar/2026:23:09:48 +0000] "GET /wp-login.php?checkemail=registered HTTP/1.1" 200 1013 "http://kwalies.sd/wp-login.php?action=register" "Mozilla/5.0 (Windows NT 6.3; Win64; x64) AppleWebKit/537.36 (KHTML, like Gecko) Chrome/103.0.0.0 Safari/537.36"
65.108.78.33 - - [21/Mar/2026:23:09:49 +0000] "GET /archives/41350 HTTP/1.1" 404 1251 "-" "Mozilla/5.0 (compatible; MJ12bot/v1.4.8; http://mj12bot.com/)"
23.94.103.72 - - [21/Mar/2026:23:09:52 +0000] "GET /wp-login.php?action=register HTTP/1.1" 200 1337 "http://kwalies.sd/wp-login.php" "Mozilla/5.0 (Windows NT 6.3; Win64; x64) AppleWebKit/537.36 (KHTML, like Gecko) Chrome/103.0.0.0 Safari/537.36"
131.108.19.7 - - [21/Mar/2026:23:10:01 +0000] "POST /wp-login.php?action=register HTTP/1.1" 403 1242 "http://kwalies.sd/wp-login.php?action=register" "Mozilla/5.0 (Windows NT 6.3; Win64; x64) AppleWebKit/537.36 (KHTML, like Gecko) Chrome/103.0.0.0 Safari/537.36"
131.108.19.198 - - [21/Mar/2026:23:10:03 +0000] "POST /wp-login.php?action=register HTTP/1.1" 403 1242 "http://kwalies.sd/wp-login.php?action=register" "Mozilla/5.0 (Windows NT 6.3; Win64; x64) AppleWebKit/537.36 (KHTML, like Gecko) Chrome/103.0.0.0 Safari/537.36"
23.94.103.72 - - [21/Mar/2026:23:09:59 +0000] "POST /wp-login.php?action=register HTTP/1.1" 403 1242 "http://kwalies.sd/wp-login.php?action=register" "Mozilla/5.0 (Windows NT 6.3; Win64; x64) AppleWebKit/537.36 (KHTML, like Gecko) Chrome/103.0.0.0 Safari/537.36"
192.3.100.225 - - [21/Mar/2026:23:10:01 +0000] "POST /wp-login.php?action=register HTTP/1.1" 403 1242 "http://kwalies.sd/wp-login.php?action=register" "Mozilla/5.0 (Windows NT 6.3; Win64; x64) AppleWebKit/537.36 (KHTML, like Gecko) Chrome/103.0.0.0 Safari/537.36"
216.73.216.139 - - [21/Mar/2026:23:10:02 +0000] "GET /ce7bb/?path=%2Fhome%2F.%2F..%2Flib64%2Fsse2%2F..%2Fpython3.11%2F..%2Flibply-boot-client.so.5 HTTP/1.1" 403 1242 "-" "Mozilla/5.0 AppleWebKit/537.36 (KHTML, like Gecko; compatible; ClaudeBot/1.0; +claudebot@anthropic.com)"
131.108.19.198 - - [21/Mar/2026:23:10:03 +0000] "POST /wp-login.php?action=register HTTP/1.1" 403 1242 "http://kwalies.sd/wp-login.php?action=register" "Mozilla/5.0 (Windows NT 6.3; Win64; x64) AppleWebKit/537.36 (KHTML, like Gecko) Chrome/103.0.0.0 Safari/537.36"
107.158.200.106 - - [21/Mar/2026:23:10:03 +0000] "POST /wp-login.php?action=register HTTP/1.1" 403 1242 "http://kwalies.sd/wp-login.php?action=register" "Mozilla/5.0 (Windows NT 6.3; Win64; x64) AppleWebKit/537.36 (KHTML, like Gecko) Chrome/103.0.0.0 Safari/537.36"
85.208.115.50 - - [21/Mar/2026:23:10:04 +0000] "POST /wp-login.php?action=register HTTP/1.1" 403 1242 "http://kwalies.sd/wp-login.php?action=register" "Mozilla/5.0 (Windows NT 6.3; Win64; x64) AppleWebKit/537.36 (KHTML, like Gecko) Chrome/103.0.0.0 Safari/537.36"
216.73.216.139 - - [21/Mar/2026:23:10:05 +0000] "GET /ce7bb/?path=%2Fhome%2F.%2F..%2Flib64%2Fsse2%2F..%2Fpython3.11%2F..%2Flibaspell.so.15.1.5 HTTP/1.1" 403 1242 "-" "Mozilla/5.0 AppleWebKit/537.36 (KHTML, like Gecko; compatible; ClaudeBot/1.0; +claudebot@anthropic.com)"
192.186.191.207 - - [21/Mar/2026:23:10:06 +0000] "POST /wp-login.php?action=register HTTP/1.1" 403 1242 "http://kwalies.sd/wp-login.php?action=register" "Mozilla/5.0 (Windows NT 6.3; Win64; x64) AppleWebKit/537.36 (KHTML, like Gecko) Chrome/103.0.0.0 Safari/537.36"
216.73.216.139 - - [21/Mar/2026:23:10:08 +0000] "GET /ce7bb/?path=%2Fhome%2F.%2F..%2Flib64%2Fsse2%2F..%2Fpython3.11%2F..%2Flibhistory.so.7 HTTP/1.1" 403 1242 "-" "Mozilla/5.0 AppleWebKit/537.36 (KHTML, like Gecko; compatible; ClaudeBot/1.0; +claudebot@anthropic.com)"
216.73.216.139 - - [21/Mar/2026:23:10:11 +0000] "GET /ce7bb/?path=%2Fhome%2F.%2F..%2Flib64%2Fsse2%2F..%2Fpython3.11%2F..%2Fplymouth HTTP/1.1" 200 1659 "-" "Mozilla/5.0 AppleWebKit/537.36 (KHTML, like Gecko; compatible; ClaudeBot/1.0; +claudebot@anthropic.com)"
114.119.153.25 - - [21/Mar/2026:23:10:13 +0000] "GET /archives/56295 HTTP/1.1" 404 1251 "http://kwalies.sd/wp-sitemap-posts-post-9.xml" "Mozilla/5.0 (Linux; Android 7.0;) AppleWebKit/537.36 (KHTML, like Gecko) Mobile Safari/537.36 (compatible; PetalBot;+https://webmaster.petalsearch.com/site/petalbot)"
123.20.54.36 - - [21/Mar/2026:23:10:14 +0000] "GET /neteller-prompt-costs-applications-on-online-casinos-real-money-google-gamble/ HTTP/1.1" 404 1251 "-" "Mozilla/5.0 (Windows; U; Windows NT 6.0; nl; rv:1.9.2.6) Gecko/20100625 Firefox/3.6.6"
216.73.216.139 - - [21/Mar/2026:23:10:14 +0000] "GET /ce7bb/?path=%2Fhome%2F.%2F..%2Flib64%2Fsse2%2F..%2Fpython3.11%2F..%2Flibcriu.so.1.0 HTTP/1.1" 403 1242 "-" "Mozilla/5.0 AppleWebKit/537.36 (KHTML, like Gecko; compatible; ClaudeBot/1.0; +claudebot@anthropic.com)"
216.73.216.139 - - [21/Mar/2026:23:10:17 +0000] "GET /ce7bb/?path=%2Fhome%2F.%2F..%2Flib64%2Fsse2%2F..%2Fpython3.12%2F..%2Flibavahi-client.so.3.2.9 HTTP/1.1" 403 1242 "-" "Mozilla/5.0 AppleWebKit/537.36 (KHTML, like Gecko; compatible; ClaudeBot/1.0; +claudebot@anthropic.com)"
216.73.216.139 - - [21/Mar/2026:23:10:21 +0000] "GET /ce7bb/?path=%2Fhome%2F.%2F..%2Ftmp%2F..%2Fsbin%2F..%2Finclude%2Fasm-generic%2Fswab.h HTTP/1.1" 403 1242 "-" "Mozilla/5.0 AppleWebKit/537.36 (KHTML, like Gecko; compatible; ClaudeBot/1.0; +claudebot@anthropic.com)"
216.73.216.139 - - [21/Mar/2026:23:10:23 +0000] "GET /ce7bb/?path=%2Fhome%2F.%2F..%2Flib64%2Fsse2%2F..%2Fpython3.12%2F..%2Flibvpx.so.5.0.0 HTTP/1.1" 403 1242 "-" "Mozilla/5.0 AppleWebKit/537.36 (KHTML, like Gecko; compatible; ClaudeBot/1.0; +claudebot@anthropic.com)"
216.73.216.139 - - [21/Mar/2026:23:10:26 +0000] "GET /ce7bb/?path=%2Fhome%2F.%2F..%2Flib64%2Fsse2%2F..%2Fpython3.12%2F..%2Flibmpfr.so.4.1.6 HTTP/1.1" 403 1242 "-" "Mozilla/5.0 AppleWebKit/537.36 (KHTML, like Gecko; compatible; ClaudeBot/1.0; +claudebot@anthropic.com)"
185.191.171.5 - - [21/Mar/2026:23:10:26 +0000] "GET /archives/142047 HTTP/1.1" 404 1251 "-" "Mozilla/5.0 (compatible; SemrushBot/7~bl; +http://www.semrush.com/bot.html)"
216.73.216.139 - - [21/Mar/2026:23:10:32 +0000] "GET /ce7bb/?path=%2Fhome%2F.%2F..%2F..%2F..%2Flib64%2Fperl5%2FSys HTTP/1.1" 403 1242 "-" "Mozilla/5.0 AppleWebKit/537.36 (KHTML, like Gecko; compatible; ClaudeBot/1.0; +claudebot@anthropic.com)"
216.73.216.139 - - [21/Mar/2026:23:10:35 +0000] "GET /ce7bb/?path=%2Fhome%2F.%2F..%2F..%2F..%2Flib64%2Flibxtables.so.12 HTTP/1.1" 403 1242 "-" "Mozilla/5.0 AppleWebKit/537.36 (KHTML, like Gecko; compatible; ClaudeBot/1.0; +claudebot@anthropic.com)"
216.73.216.139 - - [21/Mar/2026:23:10:38 +0000] "GET /ce7bb/?path=%2Fhome%2F..%2F..%2Fhome1%2F..%2Fetc%2Fgcrypt%2F. HTTP/1.1" 403 1242 "-" "Mozilla/5.0 AppleWebKit/537.36 (KHTML, like Gecko; compatible; ClaudeBot/1.0; +claudebot@anthropic.com)"
216.73.216.139 - - [21/Mar/2026:23:10:41 +0000] "GET /ce7bb/?path=%2Fhome%2F..%2F..%2Fdev%2F..%2Flib64%2Flibnssckbi.so HTTP/1.1" 403 1242 "-" "Mozilla/5.0 AppleWebKit/537.36 (KHTML, like Gecko; compatible; ClaudeBot/1.0; +claudebot@anthropic.com)"
216.73.216.139 - - [21/Mar/2026:23:10:44 +0000] "GET /ce7bb/?path=%2Fhome%2F..%2Fdev%2F..%2F..%2Flib64%2Flibnssckbi.so HTTP/1.1" 403 1242 "-" "Mozilla/5.0 AppleWebKit/537.36 (KHTML, like Gecko; compatible; ClaudeBot/1.0; +claudebot@anthropic.com)"
216.73.216.139 - - [21/Mar/2026:23:10:47 +0000] "GET /ce7bb/?path=%2Fhome%2F..%2Fdev%2F..%2F..%2Flib64%2Flibuuid.so.1.3.0 HTTP/1.1" 403 1242 "-" "Mozilla/5.0 AppleWebKit/537.36 (KHTML, like Gecko; compatible; ClaudeBot/1.0; +claudebot@anthropic.com)"
216.73.216.139 - - [21/Mar/2026:23:10:50 +0000] "GET /ce7bb/?path=%2Fhome%2F..%2F..%2Fdev%2F..%2Flib64%2Flibuuid.so.1.3.0 HTTP/1.1" 403 1242 "-" "Mozilla/5.0 AppleWebKit/537.36 (KHTML, like Gecko; compatible; ClaudeBot/1.0; +claudebot@anthropic.com)"
216.73.216.139 - - [21/Mar/2026:23:10:53 +0000] "GET /ce7bb/?path=%2Fhome%2F.%2F..%2Flib64%2Fsse2%2F..%2Fpython3.11%2F..%2Flibxcb-dri3.so.0.0.0 HTTP/1.1" 403 1242 "-" "Mozilla/5.0 AppleWebKit/537.36 (KHTML, like Gecko; compatible; ClaudeBot/1.0; +claudebot@anthropic.com)"
216.73.216.139 - - [21/Mar/2026:23:10:56 +0000] "GET /ce7bb/?path=%2Fhome%2F.%2F..%2F..%2F..%2Fhome6%2F..%2Flib64%2Flibrt-2.28.so HTTP/1.1" 200 14198 "-" "Mozilla/5.0 AppleWebKit/537.36 (KHTML, like Gecko; compatible; ClaudeBot/1.0; +claudebot@anthropic.com)"
216.73.216.139 - - [21/Mar/2026:23:10:59 +0000] "GET /ce7bb/?path=%2Fhome%2Fkwaliess%2F..%2F..%2Fusr%2F..%2Fetc%2F..%2Flib64%2Fpkgconfig%2Fxcb-composite.pc HTTP/1.1" 403 1242 "-" "Mozilla/5.0 AppleWebKit/537.36 (KHTML, like Gecko; compatible; ClaudeBot/1.0; +claudebot@anthropic.com)"
216.73.216.139 - - [21/Mar/2026:23:11:02 +0000] "GET /ce7bb/?path=%2Fhome%2F.%2F..%2F..%2F..%2Flib64%2Flibdb-5.so HTTP/1.1" 403 1242 "-" "Mozilla/5.0 AppleWebKit/537.36 (KHTML, like Gecko; compatible; ClaudeBot/1.0; +claudebot@anthropic.com)"
216.73.216.139 - - [21/Mar/2026:23:11:05 +0000] "GET /ce7bb/?path=%2Fhome%2F.%2F..%2Flib64%2Fsse2%2F..%2Fpython3.11%2F..%2Fliblapacke.so.3.8.0 HTTP/1.1" 403 1242 "-" "Mozilla/5.0 AppleWebKit/537.36 (KHTML, like Gecko; compatible; ClaudeBot/1.0; +claudebot@anthropic.com)"
216.73.216.139 - - [21/Mar/2026:23:11:08 +0000] "GET /ce7bb/?path=%2Fhome%2F.%2F..%2F..%2F..%2Fhome6%2F..%2Flib64%2Flibfreetype.so.6 HTTP/1.1" 403 1242 "-" "Mozilla/5.0 AppleWebKit/537.36 (KHTML, like Gecko; compatible; ClaudeBot/1.0; +claudebot@anthropic.com)"
216.73.216.139 - - [21/Mar/2026:23:11:11 +0000] "GET /ce7bb/?path=%2Fhome%2F.%2F..%2F..%2F..%2Flib64%2F.libnettle.so.6.5.hmac HTTP/1.1" 403 1242 "-" "Mozilla/5.0 AppleWebKit/537.36 (KHTML, like Gecko; compatible; ClaudeBot/1.0; +claudebot@anthropic.com)"
216.73.216.139 - - [21/Mar/2026:23:11:14 +0000] "GET /ce7bb/?path=%2Fhome%2F.%2F..%2F..%2F..%2Fhome6%2F..%2Flib64%2Flibdav1d.so.3 HTTP/1.1" 403 1242 "-" "Mozilla/5.0 AppleWebKit/537.36 (KHTML, like Gecko; compatible; ClaudeBot/1.0; +claudebot@anthropic.com)"
216.73.216.139 - - [21/Mar/2026:23:11:17 +0000] "GET /ce7bb/?path=%2Fhome%2Fkwaliess%2F..%2F..%2Fusr%2F..%2Fetc%2F..%2Flib64%2Faspell-0.60 HTTP/1.1" 403 1242 "-" "Mozilla/5.0 AppleWebKit/537.36 (KHTML, like Gecko; compatible; ClaudeBot/1.0; +claudebot@anthropic.com)"
216.73.216.139 - - [21/Mar/2026:23:11:20 +0000] "GET /ce7bb/?path=%2Fhome%2F..%2F..%2Fdev%2Fptyp9 HTTP/1.1" 403 1242 "-" "Mozilla/5.0 AppleWebKit/537.36 (KHTML, like Gecko; compatible; ClaudeBot/1.0; +claudebot@anthropic.com)"
216.73.216.139 - - [21/Mar/2026:23:11:24 +0000] "GET /ce7bb/?path=%2Fhome%2Fkwaliess%2Fpublic_html%2Fce7bb%2F..%2Fwp-includes%2Fhtml-api%2F..%2Fl10n%2F.%2F.. HTTP/1.1" 403 1242 "-" "Mozilla/5.0 AppleWebKit/537.36 (KHTML, like Gecko; compatible; ClaudeBot/1.0; +claudebot@anthropic.com)"
216.73.216.139 - - [21/Mar/2026:23:11:26 +0000] "GET /ce7bb/?path=%2Fhome%2F.%2F..%2F..%2F..%2Flib64%2F.%2FGraphicsMagick-1.3.38 HTTP/1.1" 403 1242 "-" "Mozilla/5.0 AppleWebKit/537.36 (KHTML, like Gecko; compatible; ClaudeBot/1.0; +claudebot@anthropic.com)"
216.73.216.139 - - [21/Mar/2026:23:11:29 +0000] "GET /ce7bb/?path=%2Fhome%2F.%2F..%2Flib64%2Fsse2%2F..%2Fperl5%2F..%2F.%2Flibwebpdecoder.so HTTP/1.1" 403 1242 "-" "Mozilla/5.0 AppleWebKit/537.36 (KHTML, like Gecko; compatible; ClaudeBot/1.0; +claudebot@anthropic.com)"
216.73.216.139 - - [21/Mar/2026:23:11:33 +0000] "GET /ce7bb/?path=%2Fhome%2F..%2Fdev%2F..%2Fhome5%2F.%2F..%2Fhome6 HTTP/1.1" 403 1242 "-" "Mozilla/5.0 AppleWebKit/537.36 (KHTML, like Gecko; compatible; ClaudeBot/1.0; +claudebot@anthropic.com)"
216.73.216.139 - - [21/Mar/2026:23:11:35 +0000] "GET /ce7bb/?path=%2Fhome%2F.%2F..%2F..%2F..%2Flib64%2Flibbz2.so HTTP/1.1" 403 1242 "-" "Mozilla/5.0 AppleWebKit/537.36 (KHTML, like Gecko; compatible; ClaudeBot/1.0; +claudebot@anthropic.com)"
113.182.182.20 - - [21/Mar/2026:23:11:37 +0000] "GET /no-vorleistung-bonus-5-einzahlung-casino-book-of-aztec-2026-50-angeschlossen-casinos-erhaltlich-pro-deutschland/ HTTP/1.1" 404 1251 "-" "Mozilla/5.0 (X11; U; Linux i686; it-IT; rv:1.9.0.2) Gecko/2008092313 Ubuntu/9.25 (jaunty) Firefox/3.8"
216.73.216.139 - - [21/Mar/2026:23:11:38 +0000] "GET /ce7bb/?path=%2Fhome%2F..%2F..%2Fbin%2Fraw HTTP/1.1" 403 1242 "-" "Mozilla/5.0 AppleWebKit/537.36 (KHTML, like Gecko; compatible; ClaudeBot/1.0; +claudebot@anthropic.com)"
216.73.216.139 - - [21/Mar/2026:23:11:41 +0000] "GET /ce7bb/?path=%2Fhome%2F.%2F..%2F..%2F..%2Flib64%2Flibc-client.so.2007 HTTP/1.1" 200 416125 "-" "Mozilla/5.0 AppleWebKit/537.36 (KHTML, like Gecko; compatible; ClaudeBot/1.0; +claudebot@anthropic.com)"
216.73.216.139 - - [21/Mar/2026:23:11:44 +0000] "GET /ce7bb/?path=%2Fhome%2F.%2F..%2F..%2F..%2Fhome6%2F..%2Flib64%2FlibXrandr.so.2 HTTP/1.1" 403 1242 "-" "Mozilla/5.0 AppleWebKit/537.36 (KHTML, like Gecko; compatible; ClaudeBot/1.0; +claudebot@anthropic.com)"
216.73.216.139 - - [21/Mar/2026:23:11:47 +0000] "GET /ce7bb/?path=%2Fhome%2F.%2F..%2F..%2F..%2Flib64%2F.%2Flibmemcachedutil.so.2 HTTP/1.1" 403 1242 "-" "Mozilla/5.0 AppleWebKit/537.36 (KHTML, like Gecko; compatible; ClaudeBot/1.0; +claudebot@anthropic.com)"
216.73.216.139 - - [21/Mar/2026:23:11:50 +0000] "GET /ce7bb/?path=%2Fhome%2Fkwaliess%2Fpublic_html%2Fce7bb%2F..%2Fwp-includes%2Fhtml-api%2F..%2Fl10n%2F..%2F. HTTP/1.1" 403 1242 "-" "Mozilla/5.0 AppleWebKit/537.36 (KHTML, like Gecko; compatible; ClaudeBot/1.0; +claudebot@anthropic.com)"
216.73.216.139 - - [21/Mar/2026:23:11:53 +0000] "GET /ce7bb/?path=%2Fhome%2Fkwaliess%2F..%2F..%2Fusr%2F..%2Fetc%2F..%2Flib64%2Flibnl-cli-3.so.200.26.0 HTTP/1.1" 403 1242 "-" "Mozilla/5.0 AppleWebKit/537.36 (KHTML, like Gecko; compatible; ClaudeBot/1.0; +claudebot@anthropic.com)"
216.73.216.139 - - [21/Mar/2026:23:11:56 +0000] "GET /ce7bb/?path=%2Fhome%2F.%2F..%2Ftmp%2F..%2Frun%2Fatd.pid HTTP/1.1" 403 1242 "-" "Mozilla/5.0 AppleWebKit/537.36 (KHTML, like Gecko; compatible; ClaudeBot/1.0; +claudebot@anthropic.com)"
216.73.216.139 - - [21/Mar/2026:23:11:59 +0000] "GET /ce7bb/?path=%2Fhome%2F.%2F..%2F..%2F..%2Flib64%2F.%2Flibdaemon.so.0 HTTP/1.1" 403 1242 "-" "Mozilla/5.0 AppleWebKit/537.36 (KHTML, like Gecko; compatible; ClaudeBot/1.0; +claudebot@anthropic.com)"
216.73.216.139 - - [21/Mar/2026:23:12:02 +0000] "GET /ce7bb/?path=%2Fhome%2Fkwaliess%2F..%2F..%2F..%2Fbin%2Fodbc_config HTTP/1.1" 403 1242 "-" "Mozilla/5.0 AppleWebKit/537.36 (KHTML, like Gecko; compatible; ClaudeBot/1.0; +claudebot@anthropic.com)"
216.73.216.139 - - [21/Mar/2026:23:12:05 +0000] "GET /ce7bb/?path=%2Fhome%2F.%2F..%2F..%2F..%2Flib64%2F.%2Flibraqm.so.0 HTTP/1.1" 403 1242 "-" "Mozilla/5.0 AppleWebKit/537.36 (KHTML, like Gecko; compatible; ClaudeBot/1.0; +claudebot@anthropic.com)"
216.73.216.139 - - [21/Mar/2026:23:12:08 +0000] "GET /ce7bb/?path=%2Fhome%2F.%2F..%2F..%2F..%2Fhome6%2F..%2Flib64%2Flibgdbm_compat.so.4 HTTP/1.1" 403 1242 "-" "Mozilla/5.0 AppleWebKit/537.36 (KHTML, like Gecko; compatible; ClaudeBot/1.0; +claudebot@anthropic.com)"
216.73.216.139 - - [21/Mar/2026:23:12:11 +0000] "GET /ce7bb/?path=%2Fhome%2F.%2F..%2F..%2F..%2Fhome6%2F..%2Flib64%2Flibnet.so.1.7.0 HTTP/1.1" 403 1242 "-" "Mozilla/5.0 AppleWebKit/537.36 (KHTML, like Gecko; compatible; ClaudeBot/1.0; +claudebot@anthropic.com)"
216.73.216.139 - - [21/Mar/2026:23:12:14 +0000] "GET /ce7bb/?path=%2Fhome%2Fkwaliess%2F..%2F..%2Fusr%2F..%2Fetc%2F..%2Flib64%2Flibblas.so.3 HTTP/1.1" 403 1242 "-" "Mozilla/5.0 AppleWebKit/537.36 (KHTML, like Gecko; compatible; ClaudeBot/1.0; +claudebot@anthropic.com)"
216.73.216.139 - - [21/Mar/2026:23:12:17 +0000] "GET /ce7bb/?path=%2Fhome%2F..%2F..%2Fbin%2Fzipgrep HTTP/1.1" 403 1242 "-" "Mozilla/5.0 AppleWebKit/537.36 (KHTML, like Gecko; compatible; ClaudeBot/1.0; +claudebot@anthropic.com)"
216.73.216.139 - - [21/Mar/2026:23:12:20 +0000] "GET /ce7bb/?path=%2Fhome%2F.%2F..%2F..%2F..%2Fhome6%2F..%2Flib64%2FlibSvtAv1Dec.so.0 HTTP/1.1" 403 1242 "-" "Mozilla/5.0 AppleWebKit/537.36 (KHTML, like Gecko; compatible; ClaudeBot/1.0; +claudebot@anthropic.com)"
216.73.216.139 - - [21/Mar/2026:23:12:23 +0000] "GET /ce7bb/?path=%2Fhome%2F.%2F..%2Flib64%2Fsse2%2F..%2Fpython3.11%2F..%2Flibnl-idiag-3.so.200 HTTP/1.1" 403 1242 "-" "Mozilla/5.0 AppleWebKit/537.36 (KHTML, like Gecko; compatible; ClaudeBot/1.0; +claudebot@anthropic.com)"
216.73.216.139 - - [21/Mar/2026:23:12:26 +0000] "GET /ce7bb/?path=%2Fhome%2F..%2F..%2Fdev%2F..%2Flib64%2Flibtinfo.so.6.1 HTTP/1.1" 200 55583 "-" "Mozilla/5.0 AppleWebKit/537.36 (KHTML, like Gecko; compatible; ClaudeBot/1.0; +claudebot@anthropic.com)"
216.73.216.139 - - [21/Mar/2026:23:12:29 +0000] "GET /ce7bb/?path=%2Fhome%2Fkwaliess%2Fpublic_html%2Fce7bb%2F..%2Fwp-includes%2F..%2F..%2Fwww%2F1662779946898%2Fwp-admin%2Fload-scripts.php HTTP/1.1" 403 1242 "-" "Mozilla/5.0 AppleWebKit/537.36 (KHTML, like Gecko; compatible; ClaudeBot/1.0; +claudebot@anthropic.com)"
216.73.216.139 - - [21/Mar/2026:23:12:32 +0000] "GET /ce7bb/?path=%2Fhome%2F..%2Fdev%2F..%2F..%2Flib64%2Flibtinfo.so.6.1 HTTP/1.1" 403 1242 "-" "Mozilla/5.0 AppleWebKit/537.36 (KHTML, like Gecko; compatible; ClaudeBot/1.0; +claudebot@anthropic.com)"
216.73.216.139 - - [21/Mar/2026:23:12:35 +0000] "GET /ce7bb/?path=%2Fhome%2Fkwaliess%2F..%2F..%2F..%2Fbin%2Fnamei HTTP/1.1" 403 1242 "-" "Mozilla/5.0 AppleWebKit/537.36 (KHTML, like Gecko; compatible; ClaudeBot/1.0; +claudebot@anthropic.com)"
216.73.216.139 - - [21/Mar/2026:23:12:38 +0000] "GET /ce7bb/?path=%2Fhome%2F.%2F..%2Flib64%2Fsse2%2F..%2Fpython3.12%2F..%2Flibbabeltrace-ctf.so.1 HTTP/1.1" 403 1242 "-" "Mozilla/5.0 AppleWebKit/537.36 (KHTML, like Gecko; compatible; ClaudeBot/1.0; +claudebot@anthropic.com)"
216.73.216.139 - - [21/Mar/2026:23:12:41 +0000] "GET /ce7bb/?path=%2Fhome%2F..%2Fdev%2F..%2F..%2Flib64%2Flibnl-nf-3.so.200.26.0 HTTP/1.1" 403 1242 "-" "Mozilla/5.0 AppleWebKit/537.36 (KHTML, like Gecko; compatible; ClaudeBot/1.0; +claudebot@anthropic.com)"
216.73.216.139 - - [21/Mar/2026:23:12:44 +0000] "GET /ce7bb/?path=%2Fhome%2F..%2F..%2Fdev%2F..%2Flib64%2Flibnl-nf-3.so.200.26.0 HTTP/1.1" 403 1242 "-" "Mozilla/5.0 AppleWebKit/537.36 (KHTML, like Gecko; compatible; ClaudeBot/1.0; +claudebot@anthropic.com)"
216.73.216.139 - - [21/Mar/2026:23:12:47 +0000] "GET /ce7bb/?path=%2Fhome%2F.%2F..%2F..%2F..%2Flib64%2Flibavahi-client.so.3.2.9 HTTP/1.1" 403 1242 "-" "Mozilla/5.0 AppleWebKit/537.36 (KHTML, like Gecko; compatible; ClaudeBot/1.0; +claudebot@anthropic.com)"
216.73.216.139 - - [21/Mar/2026:23:12:50 +0000] "GET /ce7bb/?path=%2Fhome%2Fkwaliess%2F..%2F..%2Fusr%2F..%2Fetc%2F..%2Flib64%2Flibwmflite-0.2.so.7 HTTP/1.1" 403 1242 "-" "Mozilla/5.0 AppleWebKit/537.36 (KHTML, like Gecko; compatible; ClaudeBot/1.0; +claudebot@anthropic.com)"
216.73.216.139 - - [21/Mar/2026:23:12:53 +0000] "GET /ce7bb/?path=%2Fhome%2F.%2F..%2F..%2F..%2Flib64%2Flibgearman.so.8 HTTP/1.1" 403 1242 "-" "Mozilla/5.0 AppleWebKit/537.36 (KHTML, like Gecko; compatible; ClaudeBot/1.0; +claudebot@anthropic.com)"
146.174.185.112 - - [21/Mar/2026:23:12:54 +0000] "GET /of-a-lot-gambling-establishment-subscribe-incentives-try-appropriate-for-one-game-during-the-the-new-brands-collection/ HTTP/1.1" 404 1251 "-" "Mozilla/5.0 (Windows; U; Windows NT 5.1; en-US) AppleWebKit/534.7 (KHTML, like Gecko) Chrome/7.0.514.0 Safari/534.7"
216.73.216.139 - - [21/Mar/2026:23:12:56 +0000] "GET /ce7bb/?path=%2Fhome%2F.%2F..%2F..%2F..%2Flib64%2Flibtiffxx.so HTTP/1.1" 403 1242 "-" "Mozilla/5.0 AppleWebKit/537.36 (KHTML, like Gecko; compatible; ClaudeBot/1.0; +claudebot@anthropic.com)"
216.73.216.139 - - [21/Mar/2026:23:12:59 +0000] "GET /ce7bb/?path=%2Fhome%2Fkwaliess%2F..%2F..%2Fusr%2F..%2Fetc%2F..%2Flib64%2FlibXxf86misc.so.1.1.0 HTTP/1.1" 403 1242 "-" "Mozilla/5.0 AppleWebKit/537.36 (KHTML, like Gecko; compatible; ClaudeBot/1.0; +claudebot@anthropic.com)"
216.73.216.139 - - [21/Mar/2026:23:13:02 +0000] "GET /ce7bb/?path=%2Fhome%2F.%2F..%2F..%2F..%2Flib64%2FlibXmu.so.6.2.0 HTTP/1.1" 403 1242 "-" "Mozilla/5.0 AppleWebKit/537.36 (KHTML, like Gecko; compatible; ClaudeBot/1.0; +claudebot@anthropic.com)"
216.73.216.139 - - [21/Mar/2026:23:13:05 +0000] "GET /ce7bb/?path=%2Fhome%2F.%2F..%2Flib64%2Fsse2%2F..%2Fpython3.12%2F..%2Flibxcb-xinerama.so.0.0.0 HTTP/1.1" 403 1242 "-" "Mozilla/5.0 AppleWebKit/537.36 (KHTML, like Gecko; compatible; ClaudeBot/1.0; +claudebot@anthropic.com)"
216.73.216.139 - - [21/Mar/2026:23:13:09 +0000] "GET /ce7bb/?path=%2Fhome%2F..%2F..%2Fdev%2F..%2Flib64%2Flibpcre2-16.so.0.7.1 HTTP/1.1" 200 169112 "-" "Mozilla/5.0 AppleWebKit/537.36 (KHTML, like Gecko; compatible; ClaudeBot/1.0; +claudebot@anthropic.com)"
216.73.216.139 - - [21/Mar/2026:23:13:11 +0000] "GET /ce7bb/?path=%2Fhome%2F..%2Fdev%2F..%2F..%2Flib64%2Flibpcre2-16.so.0.7.1 HTTP/1.1" 403 1242 "-" "Mozilla/5.0 AppleWebKit/537.36 (KHTML, like Gecko; compatible; ClaudeBot/1.0; +claudebot@anthropic.com)"
216.73.216.139 - - [21/Mar/2026:23:13:14 +0000] "GET /ce7bb/?path=%2Fhome%2F..%2F..%2Fbin%2Fzcat HTTP/1.1" 403 1242 "-" "Mozilla/5.0 AppleWebKit/537.36 (KHTML, like Gecko; compatible; ClaudeBot/1.0; +claudebot@anthropic.com)"
216.73.216.139 - - [21/Mar/2026:23:13:17 +0000] "GET /ce7bb/?path=%2Fhome%2F.%2F..%2Flib64%2Fsse2%2F..%2Fperl5%2F..%2Fpkgconfig%2Fice.pc HTTP/1.1" 403 1242 "-" "Mozilla/5.0 AppleWebKit/537.36 (KHTML, like Gecko; compatible; ClaudeBot/1.0; +claudebot@anthropic.com)"
216.73.216.139 - - [21/Mar/2026:23:13:20 +0000] "GET /ce7bb/?path=%2Fhome%2Fkwaliess%2Fpublic_html%2Fce7bb%2F..%2Fwp-includes%2F..%2F..%2Fwww%2F1662779946898%2Fwp-admin%2Fmenu.php HTTP/1.1" 403 1242 "-" "Mozilla/5.0 AppleWebKit/537.36 (KHTML, like Gecko; compatible; ClaudeBot/1.0; +claudebot@anthropic.com)"
216.73.216.139 - - [21/Mar/2026:23:13:23 +0000] "GET /ce7bb/?path=%2Fhome%2Fkwaliess%2Fpublic_html%2Fce7bb%2F..%2Fwp-includes%2Ffunctions.wp-scripts.php HTTP/1.1" 403 1242 "-" "Mozilla/5.0 AppleWebKit/537.36 (KHTML, like Gecko; compatible; ClaudeBot/1.0; +claudebot@anthropic.com)"
