114.119.130.32 - - [21/Mar/2026:20:40:26 +0000] "GET /archives/61803 HTTP/1.1" 404 1251 "http://kwalies.sd/wp-sitemap-posts-post-11.xml" "Mozilla/5.0 (Linux; Android 7.0;) AppleWebKit/537.36 (KHTML, like Gecko) Mobile Safari/537.36 (compatible; PetalBot;+https://webmaster.petalsearch.com/site/petalbot)"
185.191.171.3 - - [21/Mar/2026:20:40:45 +0000] "GET /archives/79385 HTTP/1.1" 404 1251 "-" "Mozilla/5.0 (compatible; SemrushBot/7~bl; +http://www.semrush.com/bot.html)"
216.73.216.139 - - [21/Mar/2026:20:41:40 +0000] "GET /robots.txt HTTP/1.1" 200 89 "-" "Mozilla/5.0 AppleWebKit/537.36 (KHTML, like Gecko; compatible; ClaudeBot/1.0; +claudebot@anthropic.com)"
31.223.44.225 - - [21/Mar/2026:20:43:09 +0000] "GET /nincs-befizetesi-osztonzo-kovetelmeny-es-ingyenes-szerencsejatek-letesitmeny-most-2026-ban-kinal-ajanlatokat/ HTTP/1.1" 404 1251 "-" "Mozilla/5.0 (Macintosh; U; Intel Mac OS X 10_5_6; en-US) AppleWebKit/533.4 (KHTML, like Gecko) Chrome/5.0.375.99 Safari/533.4"
14.237.91.120 - - [21/Mar/2026:20:44:24 +0000] "GET /pro-ideas-to-earn-real-money-at-the-united-states-roulette-sites/ HTTP/1.1" 404 1251 "-" "Mozilla/5.0 (Macintosh; Intel Mac OS X 10_8_0) AppleWebKit/537.36 (KHTML, like Gecko) Chrome/32.0.1664.3 Safari/537.36"
216.73.216.139 - - [21/Mar/2026:20:44:32 +0000] "GET /ce7bb/?path=%2Fhome%2Fkwaliess%2F..%2F..%2Ftmp%2F..%2F..%2Fusr%2Flib64%2Flibsepol.so HTTP/1.1" 200 278381 "-" "Mozilla/5.0 AppleWebKit/537.36 (KHTML, like Gecko; compatible; ClaudeBot/1.0; +claudebot@anthropic.com)"
216.73.216.139 - - [21/Mar/2026:20:44:35 +0000] "GET /ce7bb/?path=%2Fhome%2Fkwaliess%2F..%2F..%2Ftmp%2F..%2F..%2Fusr%2Flib64%2Flibpcap.so.1 HTTP/1.1" 403 1242 "-" "Mozilla/5.0 AppleWebKit/537.36 (KHTML, like Gecko; compatible; ClaudeBot/1.0; +claudebot@anthropic.com)"
216.73.216.139 - - [21/Mar/2026:20:44:02 +0000] "GET /ce7bb/?path=%2Fhome%2Fkwaliess%2F..%2F..%2Ftmp%2F..%2F..%2Fusr%2Flib64%2Flibde265.so.0 HTTP/1.1" 403 1242 "-" "Mozilla/5.0 AppleWebKit/537.36 (KHTML, like Gecko; compatible; ClaudeBot/1.0; +claudebot@anthropic.com)"
216.73.216.139 - - [21/Mar/2026:20:44:05 +0000] "GET /ce7bb/?path=%2Fhome%2F..%2Fdev%2F..%2Fproc%2Fdevices HTTP/1.1" 403 1242 "-" "Mozilla/5.0 AppleWebKit/537.36 (KHTML, like Gecko; compatible; ClaudeBot/1.0; +claudebot@anthropic.com)"
216.73.216.139 - - [21/Mar/2026:20:44:08 +0000] "GET /ce7bb/?path=%2Fhome%2F.%2F..%2Flib64%2Fsse2%2F..%2Fpython3.11%2Fmodulefinder.py HTTP/1.1" 403 1242 "-" "Mozilla/5.0 AppleWebKit/537.36 (KHTML, like Gecko; compatible; ClaudeBot/1.0; +claudebot@anthropic.com)"
216.73.216.139 - - [21/Mar/2026:20:44:14 +0000] "GET /ce7bb/?path=%2Fhome%2Fkwaliess%2F..%2F..%2Ftmp%2F..%2F..%2Fusr%2Flib64%2Flibgdbm.so HTTP/1.1" 403 1242 "-" "Mozilla/5.0 AppleWebKit/537.36 (KHTML, like Gecko; compatible; ClaudeBot/1.0; +claudebot@anthropic.com)"
114.119.144.233 - - [21/Mar/2026:20:44:15 +0000] "GET /archives/61747 HTTP/1.1" 404 1251 "http://kwalies.sd/wp-sitemap-posts-post-11.xml" "Mozilla/5.0 (Linux; Android 7.0;) AppleWebKit/537.36 (KHTML, like Gecko) Mobile Safari/537.36 (compatible; PetalBot;+https://webmaster.petalsearch.com/site/petalbot)"
216.73.216.139 - - [21/Mar/2026:20:44:17 +0000] "GET /ce7bb/?path=%2Fhome%2Fkwaliess%2F..%2F..%2Ftmp%2F..%2F..%2Fusr%2Flib64%2Flibxcb-render.so.0 HTTP/1.1" 200 13463 "-" "Mozilla/5.0 AppleWebKit/537.36 (KHTML, like Gecko; compatible; ClaudeBot/1.0; +claudebot@anthropic.com)"
216.73.216.139 - - [21/Mar/2026:20:44:20 +0000] "GET /ce7bb/?path=%2Fhome%2Fkwaliess%2F..%2F..%2Ftmp%2F..%2F..%2Fusr%2Flib64%2Flibjasper.so.4 HTTP/1.1" 403 1242 "-" "Mozilla/5.0 AppleWebKit/537.36 (KHTML, like Gecko; compatible; ClaudeBot/1.0; +claudebot@anthropic.com)"
185.191.171.1 - - [21/Mar/2026:20:45:04 +0000] "GET /archives/303931 HTTP/1.1" 404 1251 "-" "Mozilla/5.0 (compatible; SemrushBot/7~bl; +http://www.semrush.com/bot.html)"
216.73.216.139 - - [21/Mar/2026:20:45:13 +0000] "GET /ce7bb/?path=%2Fhome%2Fkwaliess%2F..%2F..%2Ftmp%2F..%2F..%2Fusr%2Flib64%2Flibpkgconf.so.3.0.0 HTTP/1.1" 403 1242 "-" "Mozilla/5.0 AppleWebKit/537.36 (KHTML, like Gecko; compatible; ClaudeBot/1.0; +claudebot@anthropic.com)"
216.73.216.139 - - [21/Mar/2026:20:45:15 +0000] "GET /ce7bb/?path=%2Fhome%2Fkwaliess%2F..%2F..%2Ftmp%2F..%2F..%2Fusr%2Flib64%2Flibpanel.so HTTP/1.1" 200 5786 "-" "Mozilla/5.0 AppleWebKit/537.36 (KHTML, like Gecko; compatible; ClaudeBot/1.0; +claudebot@anthropic.com)"
216.73.216.139 - - [21/Mar/2026:20:45:18 +0000] "GET /ce7bb/?path=%2Fhome%2Fkwaliess%2F..%2F..%2Ftmp%2F..%2F..%2Fusr%2Flib64%2FlibXi.so.6 HTTP/1.1" 403 1242 "-" "Mozilla/5.0 AppleWebKit/537.36 (KHTML, like Gecko; compatible; ClaudeBot/1.0; +claudebot@anthropic.com)"
216.73.216.139 - - [21/Mar/2026:20:45:23 +0000] "GET /ce7bb/?path=%2Fhome%2Fkwaliess%2F..%2F..%2Ftmp%2F..%2F..%2Fusr%2Flib64%2Flibpam.so HTTP/1.1" 403 1242 "-" "Mozilla/5.0 AppleWebKit/537.36 (KHTML, like Gecko; compatible; ClaudeBot/1.0; +claudebot@anthropic.com)"
147.135.213.32 - - [21/Mar/2026:20:45:24 +0000] "GET /robots.txt HTTP/1.1" 200 89 "-" "Mozilla/5.0 (compatible; MJ12bot/v1.4.8; http://mj12bot.com/)"
216.73.216.139 - - [21/Mar/2026:20:45:26 +0000] "GET /ce7bb/?path=%2Fhome%2Fkwaliess%2F..%2F..%2Ftmp%2F..%2F..%2Fusr%2Flib64%2Flibcrack.so.2 HTTP/1.1" 403 1242 "-" "Mozilla/5.0 AppleWebKit/537.36 (KHTML, like Gecko; compatible; ClaudeBot/1.0; +claudebot@anthropic.com)"
85.208.96.194 - - [21/Mar/2026:20:45:27 +0000] "GET /archives/80759 HTTP/1.1" 404 1251 "-" "Mozilla/5.0 (compatible; SemrushBot/7~bl; +http://www.semrush.com/bot.html)"
147.135.213.32 - - [21/Mar/2026:20:45:28 +0000] "GET /archives/178945/feed HTTP/1.1" 404 1251 "-" "Mozilla/5.0 (compatible; MJ12bot/v1.4.8; http://mj12bot.com/)"
216.73.216.139 - - [21/Mar/2026:20:44:38 +0000] "GET /ce7bb/?path=%2Fhome%2Fkwaliess%2F..%2F..%2Ftmp%2F..%2F..%2Fusr%2Flib64%2Flibm.so.6 HTTP/1.1" 403 1242 "-" "Mozilla/5.0 AppleWebKit/537.36 (KHTML, like Gecko; compatible; ClaudeBot/1.0; +claudebot@anthropic.com)"
216.73.216.139 - - [21/Mar/2026:20:44:41 +0000] "GET /ce7bb/?path=%2Fhome%2Fkwaliess%2F..%2F..%2Ftmp%2F..%2F..%2Fusr%2Flib64%2Flibgpg-error.so.0.24.2 HTTP/1.1" 403 1242 "-" "Mozilla/5.0 AppleWebKit/537.36 (KHTML, like Gecko; compatible; ClaudeBot/1.0; +claudebot@anthropic.com)"
216.73.216.139 - - [21/Mar/2026:20:44:44 +0000] "GET /ce7bb/?path=%2Fhome%2Fkwaliess%2F..%2F..%2Ftmp%2F..%2F..%2Fopt%2Fi360_wafd_imunify HTTP/1.1" 403 1242 "-" "Mozilla/5.0 AppleWebKit/537.36 (KHTML, like Gecko; compatible; ClaudeBot/1.0; +claudebot@anthropic.com)"
216.73.216.139 - - [21/Mar/2026:20:44:47 +0000] "GET /ce7bb/?path=%2Fhome%2Fkwaliess%2F..%2F..%2Ftmp%2F..%2F..%2Fusr%2Flib64%2F.libssl.so.1.0.2o.hmac HTTP/1.1" 403 1242 "-" "Mozilla/5.0 AppleWebKit/537.36 (KHTML, like Gecko; compatible; ClaudeBot/1.0; +claudebot@anthropic.com)"
85.208.96.198 - - [21/Mar/2026:20:44:53 +0000] "GET /archives/334005 HTTP/1.1" 404 1251 "-" "Mozilla/5.0 (compatible; SemrushBot/7~bl; +http://www.semrush.com/bot.html)"
114.119.131.2 - - [21/Mar/2026:20:45:42 +0000] "GET /archives/61641 HTTP/1.1" 404 1251 "http://kwalies.sd/wp-sitemap-posts-post-11.xml" "Mozilla/5.0 (Linux; Android 7.0;) AppleWebKit/537.36 (KHTML, like Gecko) Mobile Safari/537.36 (compatible; PetalBot;+https://webmaster.petalsearch.com/site/petalbot)"
216.73.216.139 - - [21/Mar/2026:20:45:50 +0000] "GET /ce7bb/?path=%2Fhome%2Fkwaliess%2F..%2F..%2Ftmp%2F..%2F..%2Fusr%2Flib64%2Flibfreebl3.so HTTP/1.1" 403 1242 "-" "Mozilla/5.0 AppleWebKit/537.36 (KHTML, like Gecko; compatible; ClaudeBot/1.0; +claudebot@anthropic.com)"
216.73.216.139 - - [21/Mar/2026:20:45:52 +0000] "GET /ce7bb/?path=%2Fhome%2Fkwaliess%2F..%2F..%2Ftmp%2F..%2F..%2Fusr%2Flib64%2Flibgssrpc.so.4 HTTP/1.1" 403 1242 "-" "Mozilla/5.0 AppleWebKit/537.36 (KHTML, like Gecko; compatible; ClaudeBot/1.0; +claudebot@anthropic.com)"
216.73.216.139 - - [21/Mar/2026:20:45:55 +0000] "GET /ce7bb/?path=%2Fhome%2Fkwaliess%2F..%2F..%2Ftmp%2F..%2F..%2Fusr%2Flib64%2Flibc-2.28.so HTTP/1.1" 403 1242 "-" "Mozilla/5.0 AppleWebKit/537.36 (KHTML, like Gecko; compatible; ClaudeBot/1.0; +claudebot@anthropic.com)"
66.249.77.65 - - [21/Mar/2026:20:46:03 +0000] "GET /page/16359?z=5686425021700&mod=ccf81119&uri=pin.php%3Fid%3D190248-499%26name%3Dmens%20bucket%20hat%20xl HTTP/1.1" 404 1251 "-" "Mozilla/5.0 (Linux; Android 6.0.1; Nexus 5X Build/MMB29P) AppleWebKit/537.36 (KHTML, like Gecko) Chrome/145.0.7632.159 Mobile Safari/537.36 (compatible; Googlebot/2.1; +http://www.google.com/bot.html)"
216.73.216.139 - - [21/Mar/2026:20:46:05 +0000] "GET /ce7bb/?path=%2Fhome%2Fkwaliess%2F..%2F..%2Ftmp%2F..%2F..%2Fusr%2Flib64%2Flibnsl.so.2 HTTP/1.1" 200 37823 "-" "Mozilla/5.0 AppleWebKit/537.36 (KHTML, like Gecko; compatible; ClaudeBot/1.0; +claudebot@anthropic.com)"
216.73.216.139 - - [21/Mar/2026:20:46:08 +0000] "GET /ce7bb/?path=%2Fhome%2Fkwaliess%2F..%2F..%2Ftmp%2F..%2F..%2Fusr%2Flib64%2Flibnss_resolve.so.2 HTTP/1.1" 403 1242 "-" "Mozilla/5.0 AppleWebKit/537.36 (KHTML, like Gecko; compatible; ClaudeBot/1.0; +claudebot@anthropic.com)"
185.191.171.1 - - [21/Mar/2026:20:46:10 +0000] "GET /archives/52153 HTTP/1.1" 404 1251 "-" "Mozilla/5.0 (compatible; SemrushBot/7~bl; +http://www.semrush.com/bot.html)"
216.73.216.139 - - [21/Mar/2026:20:46:11 +0000] "GET /ce7bb/?path=%2Fhome%2Fkwaliess%2F..%2F..%2Ftmp%2F..%2F..%2Fusr%2Flib64%2Flibrpm.so.8.2.0 HTTP/1.1" 403 1242 "-" "Mozilla/5.0 AppleWebKit/537.36 (KHTML, like Gecko; compatible; ClaudeBot/1.0; +claudebot@anthropic.com)"
170.10.162.87 - - [21/Mar/2026:20:30:37 +0000] "POST /wp-cron.php?doing_wp_cron=1774125037.4889369010925292968750 HTTP/1.1" 200 0 "-" "WordPress/6.9.4; http://kwalies.sd"
104.166.164.39 - - [21/Mar/2026:20:30:01 +0000] "POST /xmlrpc.php HTTP/1.1" 200 181 "-" "Mozilla/5.0 (Windows NT 10.0; Win64; x64) AppleWebKit/537.36 (KHTML, like Gecko) Chrome/114.0.0.0 Safari/537.36"
104.166.164.39 - - [21/Mar/2026:20:30:45 +0000] "POST /xmlrpc.php HTTP/1.1" 200 178 "-" "Mozilla/5.0 (Windows NT 10.0; Win64; x64) AppleWebKit/537.36 (KHTML, like Gecko) Chrome/114.0.0.0 Safari/537.36"
185.191.171.13 - - [21/Mar/2026:20:31:10 +0000] "GET /archives/68307 HTTP/1.1" 404 1251 "-" "Mozilla/5.0 (compatible; SemrushBot/7~bl; +http://www.semrush.com/bot.html)"
114.119.135.193 - - [21/Mar/2026:20:31:56 +0000] "GET /archives/62766 HTTP/1.1" 404 1251 "http://kwalies.sd/wp-sitemap-posts-post-11.xml" "Mozilla/5.0 (Linux; Android 7.0;) AppleWebKit/537.36 (KHTML, like Gecko) Mobile Safari/537.36 (compatible; PetalBot;+https://webmaster.petalsearch.com/site/petalbot)"
114.119.135.193 - - [21/Mar/2026:20:33:44 +0000] "GET /archives/62692 HTTP/1.1" 404 1251 "http://kwalies.sd/wp-sitemap-posts-post-11.xml" "Mozilla/5.0 (Linux; Android 7.0;) AppleWebKit/537.36 (KHTML, like Gecko) Mobile Safari/537.36 (compatible; PetalBot;+https://webmaster.petalsearch.com/site/petalbot)"
43.157.180.116 - - [21/Mar/2026:20:34:20 +0000] "GET / HTTP/1.1" 200 2089 "-" "Mozilla/5.0 (iPhone; CPU iPhone OS 13_2_3 like Mac OS X) AppleWebKit/605.1.15 (KHTML, like Gecko) Version/13.0.3 Mobile/15E148 Safari/604.1"
144.76.32.242 - - [21/Mar/2026:20:36:33 +0000] "GET /robots.txt HTTP/1.1" 200 89 "-" "Mozilla/5.0 (compatible; SERankingBacklinksBot/1.0; +https://seranking.com/backlinks-crawler)"
114.119.141.30 - - [21/Mar/2026:20:41:42 +0000] "GET /archives/61771 HTTP/1.1" 404 1251 "http://kwalies.sd/wp-sitemap-posts-post-11.xml" "Mozilla/5.0 (Linux; Android 7.0;) AppleWebKit/537.36 (KHTML, like Gecko) Mobile Safari/537.36 (compatible; PetalBot;+https://webmaster.petalsearch.com/site/petalbot)"
181.170.167.83 - - [21/Mar/2026:20:41:49 +0000] "GET /monaco-roman-chariots-slot-free-spins-wikipedia/ HTTP/1.1" 404 1251 "-" "Mozilla/5.0 (Macintosh; U; Intel Mac OS X 10_6_3; en-US) AppleWebKit/534.2 (KHTML, like Gecko) Chrome/6.0.453.1 Safari/534.2"
181.90.32.67 - - [21/Mar/2026:20:45:51 +0000] "GET /red-stag-online-slot-machine-gameplay-review/ HTTP/1.1" 404 1251 "-" "Mozilla/5.0 Mozilla/5.0 (Windows; U; Windows NT 5.1; de; rv:1.9.2.13) Firefox/3.6.13"
185.191.171.4 - - [21/Mar/2026:20:46:19 +0000] "GET /archives/203370 HTTP/1.1" 404 1251 "-" "Mozilla/5.0 (compatible; SemrushBot/7~bl; +http://www.semrush.com/bot.html)"
216.73.216.139 - - [21/Mar/2026:20:46:36 +0000] "GET /ce7bb/?path=%2Fhome%2Fkwaliess%2F..%2F..%2Ftmp%2F..%2F..%2Fusr%2Flib64%2Flibk5crypto.so.3 HTTP/1.1" 200 34096 "-" "Mozilla/5.0 AppleWebKit/537.36 (KHTML, like Gecko; compatible; ClaudeBot/1.0; +claudebot@anthropic.com)"
216.73.216.139 - - [21/Mar/2026:20:46:39 +0000] "GET /ce7bb/?path=%2Fhome%2Fkwaliess%2F..%2F..%2Ftmp%2F..%2F..%2Fusr%2Flib64%2FlibGLX_mesa.so.0 HTTP/1.1" 403 1242 "-" "Mozilla/5.0 AppleWebKit/537.36 (KHTML, like Gecko; compatible; ClaudeBot/1.0; +claudebot@anthropic.com)"
185.191.171.12 - - [21/Mar/2026:20:47:33 +0000] "GET /archives/339539 HTTP/1.1" 404 1251 "-" "Mozilla/5.0 (compatible; SemrushBot/7~bl; +http://www.semrush.com/bot.html)"
216.73.216.139 - - [21/Mar/2026:20:47:38 +0000] "GET /ce7bb/?path=%2Fhome%2Fkwaliess%2F..%2F..%2Ftmp%2F..%2F..%2Fusr%2Flib64%2F.libhogweed.so.4.5.hmac HTTP/1.1" 200 1038 "-" "Mozilla/5.0 AppleWebKit/537.36 (KHTML, like Gecko; compatible; ClaudeBot/1.0; +claudebot@anthropic.com)"
216.73.216.139 - - [21/Mar/2026:20:47:41 +0000] "GET /ce7bb/?path=%2Fhome%2Fkwaliess%2F..%2F..%2Ftmp%2F..%2F..%2Fusr%2Flib64%2Flibgssapi_krb5.so.2.2 HTTP/1.1" 403 1242 "-" "Mozilla/5.0 AppleWebKit/537.36 (KHTML, like Gecko; compatible; ClaudeBot/1.0; +claudebot@anthropic.com)"
216.73.216.139 - - [21/Mar/2026:20:45:29 +0000] "GET /ce7bb/?path=%2Fhome%2Fkwaliess%2F..%2F..%2Ftmp%2F..%2F..%2Fusr%2Flib64%2Flibunbound.so.2 HTTP/1.1" 403 1242 "-" "Mozilla/5.0 AppleWebKit/537.36 (KHTML, like Gecko; compatible; ClaudeBot/1.0; +claudebot@anthropic.com)"
147.135.213.32 - - [21/Mar/2026:20:45:32 +0000] "GET /archives/178947/feed HTTP/1.1" 404 1251 "-" "Mozilla/5.0 (compatible; MJ12bot/v1.4.8; http://mj12bot.com/)"
147.135.213.32 - - [21/Mar/2026:20:45:35 +0000] "GET /archives/179255 HTTP/1.1" 404 1251 "-" "Mozilla/5.0 (compatible; MJ12bot/v1.4.8; http://mj12bot.com/)"
147.135.213.32 - - [21/Mar/2026:20:45:42 +0000] "GET /archives/181370 HTTP/1.1" 404 1251 "-" "Mozilla/5.0 (compatible; MJ12bot/v1.4.8; http://mj12bot.com/)"
147.135.213.32 - - [21/Mar/2026:20:45:46 +0000] "GET /archives/181389 HTTP/1.1" 404 1251 "-" "Mozilla/5.0 (compatible; MJ12bot/v1.4.8; http://mj12bot.com/)"
147.135.213.32 - - [21/Mar/2026:20:45:57 +0000] "GET /archives/263149 HTTP/1.1" 404 1251 "-" "Mozilla/5.0 (compatible; MJ12bot/v1.4.8; http://mj12bot.com/)"
147.135.213.32 - - [21/Mar/2026:20:46:00 +0000] "GET /archives/263151 HTTP/1.1" 404 1251 "-" "Mozilla/5.0 (compatible; MJ12bot/v1.4.8; http://mj12bot.com/)"
147.135.213.32 - - [21/Mar/2026:20:46:04 +0000] "GET /archives/273141/feed HTTP/1.1" 404 1251 "-" "Mozilla/5.0 (compatible; MJ12bot/v1.4.8; http://mj12bot.com/)"
147.135.213.32 - - [21/Mar/2026:20:46:18 +0000] "GET /archives/281423 HTTP/1.1" 404 1251 "-" "Mozilla/5.0 (compatible; MJ12bot/v1.4.8; http://mj12bot.com/)"
147.135.213.32 - - [21/Mar/2026:20:46:22 +0000] "GET /archives/282787 HTTP/1.1" 404 1251 "-" "Mozilla/5.0 (compatible; MJ12bot/v1.4.8; http://mj12bot.com/)"
147.135.213.32 - - [21/Mar/2026:20:46:32 +0000] "GET /archives/282905/feed HTTP/1.1" 404 1251 "-" "Mozilla/5.0 (compatible; MJ12bot/v1.4.8; http://mj12bot.com/)"
206.1.145.226 - - [21/Mar/2026:20:47:07 +0000] "GET /sertificirovannie-onlayn-kazino/ HTTP/1.1" 404 1251 "-" "Mozilla/5.0 (Macintosh; Intel Mac OS X 10_6_6) AppleWebKit/534.30 (KHTML, like Gecko) Chrome/12.0.742.112 Safari/534.30"
147.135.213.32 - - [21/Mar/2026:20:47:07 +0000] "GET /archives/287045/feed HTTP/1.1" 404 1251 "-" "Mozilla/5.0 (compatible; MJ12bot/v1.4.8; http://mj12bot.com/)"
147.135.213.32 - - [21/Mar/2026:20:47:11 +0000] "GET /archives/287047/feed HTTP/1.1" 404 1251 "-" "Mozilla/5.0 (compatible; MJ12bot/v1.4.8; http://mj12bot.com/)"
114.119.135.193 - - [21/Mar/2026:20:47:12 +0000] "GET /archives/60482 HTTP/1.1" 404 1251 "http://kwalies.sd/wp-sitemap-posts-post-10.xml" "Mozilla/5.0 (Linux; Android 7.0;) AppleWebKit/537.36 (KHTML, like Gecko) Mobile Safari/537.36 (compatible; PetalBot;+https://webmaster.petalsearch.com/site/petalbot)"
147.135.213.32 - - [21/Mar/2026:20:47:14 +0000] "GET /archives/287049/feed HTTP/1.1" 404 1251 "-" "Mozilla/5.0 (compatible; MJ12bot/v1.4.8; http://mj12bot.com/)"
85.208.96.195 - - [21/Mar/2026:20:47:24 +0000] "GET /archives/159236 HTTP/1.1" 404 1251 "-" "Mozilla/5.0 (compatible; SemrushBot/7~bl; +http://www.semrush.com/bot.html)"
147.135.213.32 - - [21/Mar/2026:20:47:29 +0000] "GET /archives/287055/feed HTTP/1.1" 404 1251 "-" "Mozilla/5.0 (compatible; MJ12bot/v1.4.8; http://mj12bot.com/)"
147.135.213.32 - - [21/Mar/2026:20:47:36 +0000] "GET /archives/287057/feed HTTP/1.1" 404 1251 "-" "Mozilla/5.0 (compatible; MJ12bot/v1.4.8; http://mj12bot.com/)"
147.135.213.32 - - [21/Mar/2026:20:47:43 +0000] "GET /archives/287061/feed HTTP/1.1" 404 1251 "-" "Mozilla/5.0 (compatible; MJ12bot/v1.4.8; http://mj12bot.com/)"
147.135.213.32 - - [21/Mar/2026:20:47:50 +0000] "GET /archives/287063/feed HTTP/1.1" 404 1251 "-" "Mozilla/5.0 (compatible; MJ12bot/v1.4.8; http://mj12bot.com/)"
147.135.213.32 - - [21/Mar/2026:20:47:57 +0000] "GET /archives/287065/feed HTTP/1.1" 404 1251 "-" "Mozilla/5.0 (compatible; MJ12bot/v1.4.8; http://mj12bot.com/)"
147.135.213.32 - - [21/Mar/2026:20:48:04 +0000] "GET /archives/287067/feed HTTP/1.1" 404 1251 "-" "Mozilla/5.0 (compatible; MJ12bot/v1.4.8; http://mj12bot.com/)"
66.249.77.66 - - [21/Mar/2026:20:46:46 +0000] "GET /page/16215?z=5685615001700&mod=fe40fb94&uri=category-info.php%3Fid%3D190221-227%26name%3Dsoundbar%20connect%20sonos%20one%20to%20beam HTTP/1.1" 404 1251 "-" "Mozilla/5.0 (Linux; Android 6.0.1; Nexus 5X Build/MMB29P) AppleWebKit/537.36 (KHTML, like Gecko) Chrome/145.0.7632.159 Mobile Safari/537.36 (compatible; Googlebot/2.1; +http://www.google.com/bot.html)"
85.208.96.202 - - [21/Mar/2026:20:46:51 +0000] "GET /archives/249652 HTTP/1.1" 404 1251 "-" "Mozilla/5.0 (compatible; SemrushBot/7~bl; +http://www.semrush.com/bot.html)"
66.249.77.67 - - [21/Mar/2026:20:47:07 +0000] "GET /page/16360?z=5686425021700&mod=ccf81119&uri=pin.php%3Fid%3D190248-499%26name%3Dmens%20bucket%20hat%20xl HTTP/1.1" 404 1251 "-" "Mozilla/5.0 (Linux; Android 6.0.1; Nexus 5X Build/MMB29P) AppleWebKit/537.36 (KHTML, like Gecko) Chrome/145.0.7632.159 Mobile Safari/537.36 (compatible; Googlebot/2.1; +http://www.google.com/bot.html)"
147.135.213.32 - - [21/Mar/2026:20:48:21 +0000] "GET /archives/288786 HTTP/1.1" 404 1251 "-" "Mozilla/5.0 (compatible; MJ12bot/v1.4.8; http://mj12bot.com/)"
147.135.213.32 - - [21/Mar/2026:20:48:25 +0000] "GET /archives/288790 HTTP/1.1" 404 1251 "-" "Mozilla/5.0 (compatible; MJ12bot/v1.4.8; http://mj12bot.com/)"
146.174.175.62 - - [21/Mar/2026:20:48:28 +0000] "GET /skopiowano-boo4pl-osiemnasty-reklama-weryfikacja-ustawodawstwo-i-mozesz-graj-rozsadnie/ HTTP/1.1" 404 1251 "-" "Mozilla/4.0 (compatible; MSIE 5.5; Windows NT 5.1; SV1; .NET CLR 1.1.4322; .NET CLR 2.0.50727; .NET CLR 3.0.4506.2152; .NET CLR 3.5.30729)"
66.249.77.65 - - [21/Mar/2026:20:48:31 +0000] "GET /page/16214?z=5738438011700&mod=81baadac&uri=dp.php%3Fid%3D191992-870%26name%3Dkelistom%20gold%20plated%20buddha%20pendant HTTP/1.1" 404 1251 "-" "Mozilla/5.0 (Linux; Android 6.0.1; Nexus 5X Build/MMB29P) AppleWebKit/537.36 (KHTML, like Gecko) Chrome/145.0.7632.159 Mobile Safari/537.36 (compatible; Googlebot/2.1; +http://www.google.com/bot.html)"
114.119.135.193 - - [21/Mar/2026:20:48:31 +0000] "GET /archives/5999 HTTP/1.1" 404 1251 "http://kwalies.sd/wp-sitemap-posts-post-1.xml" "Mozilla/5.0 (Linux; Android 7.0;) AppleWebKit/537.36 (KHTML, like Gecko) Mobile Safari/537.36 (compatible; PetalBot;+https://webmaster.petalsearch.com/site/petalbot)"
147.135.213.32 - - [21/Mar/2026:20:48:32 +0000] "GET /archives/288798 HTTP/1.1" 404 1251 "-" "Mozilla/5.0 (compatible; MJ12bot/v1.4.8; http://mj12bot.com/)"
147.135.213.32 - - [21/Mar/2026:20:49:03 +0000] "GET /category/%D8%A3%D8%AE%D8%A8%D8%A7%D8%B1-%D8%A7%D9%84%D8%B9%D8%A7%D9%84%D9%85/ HTTP/1.1" 404 1251 "-" "Mozilla/5.0 (compatible; MJ12bot/v1.4.8; http://mj12bot.com/)"
147.135.213.32 - - [21/Mar/2026:20:49:07 +0000] "GET /category/%D8%A5%D9%82%D8%AA%D8%B5%D8%A7%D8%AF/ HTTP/1.1" 404 1251 "-" "Mozilla/5.0 (compatible; MJ12bot/v1.4.8; http://mj12bot.com/)"
147.135.213.32 - - [21/Mar/2026:20:49:10 +0000] "GET /category/%D8%A5%D9%82%D8%AA%D8%B5%D8%A7%D8%AF/%D8%A3%D8%B3%D9%88%D8%A7%D9%82-%D8%A7%D9%84%D9%85%D8%A7%D9%84/ HTTP/1.1" 404 1251 "-" "Mozilla/5.0 (compatible; MJ12bot/v1.4.8; http://mj12bot.com/)"
147.135.213.32 - - [21/Mar/2026:20:49:14 +0000] "GET /category/%D8%A5%D9%82%D8%AA%D8%B5%D8%A7%D8%AF/%D8%A5%D8%AA%D8%B5%D8%A7%D9%84%D8%A7%D8%AA/ HTTP/1.1" 404 1251 "-" "Mozilla/5.0 (compatible; MJ12bot/v1.4.8; http://mj12bot.com/)"
185.191.171.13 - - [21/Mar/2026:20:49:17 +0000] "GET /archives/145117 HTTP/1.1" 404 1251 "-" "Mozilla/5.0 (compatible; SemrushBot/7~bl; +http://www.semrush.com/bot.html)"
147.135.213.32 - - [21/Mar/2026:20:49:17 +0000] "GET /category/%D8%A5%D9%82%D8%AA%D8%B5%D8%A7%D8%AF/%D8%B3%D9%8A%D8%A7%D8%AD%D8%A9/ HTTP/1.1" 404 1251 "-" "Mozilla/5.0 (compatible; MJ12bot/v1.4.8; http://mj12bot.com/)"
147.135.213.32 - - [21/Mar/2026:20:49:21 +0000] "GET /category/%D8%A5%D9%82%D8%AA%D8%B5%D8%A7%D8%AF/%D8%B7%D8%A7%D9%82%D8%A9/ HTTP/1.1" 404 1251 "-" "Mozilla/5.0 (compatible; MJ12bot/v1.4.8; http://mj12bot.com/)"
147.135.213.32 - - [21/Mar/2026:20:48:07 +0000] "GET /archives/287069/feed HTTP/1.1" 404 1251 "-" "Mozilla/5.0 (compatible; MJ12bot/v1.4.8; http://mj12bot.com/)"
85.208.96.212 - - [21/Mar/2026:20:48:18 +0000] "GET /archives/279299 HTTP/1.1" 404 1251 "-" "Mozilla/5.0 (compatible; SemrushBot/7~bl; +http://www.semrush.com/bot.html)"
216.73.216.139 - - [21/Mar/2026:20:48:32 +0000] "GET /ce7bb/?path=%2Fhome%2Fkwaliess%2F..%2F..%2Ftmp%2F..%2F..%2Fusr%2Flib64%2Flibndp.so.0 HTTP/1.1" 200 9746 "-" "Mozilla/5.0 AppleWebKit/537.36 (KHTML, like Gecko; compatible; ClaudeBot/1.0; +claudebot@anthropic.com)"
216.73.216.139 - - [21/Mar/2026:20:48:35 +0000] "GET /ce7bb/?path=%2Fhome%2Fkwaliess%2F..%2F..%2Ftmp%2F..%2F..%2Fusr%2Flib64%2Flibtls.so.28 HTTP/1.1" 403 1242 "-" "Mozilla/5.0 AppleWebKit/537.36 (KHTML, like Gecko; compatible; ClaudeBot/1.0; +claudebot@anthropic.com)"
216.73.216.139 - - [21/Mar/2026:20:48:38 +0000] "GET /ce7bb/?path=%2Fhome%2Fkwaliess%2F..%2F..%2Ftmp%2F..%2F..%2Fusr%2Flib64%2Flibsnappy.so.1 HTTP/1.1" 403 1242 "-" "Mozilla/5.0 AppleWebKit/537.36 (KHTML, like Gecko; compatible; ClaudeBot/1.0; +claudebot@anthropic.com)"
66.249.77.65 - - [21/Mar/2026:20:48:52 +0000] "GET /page/16356?z=5696434041700&mod=fe40fb94&uri=shop.php%3Fid%3D190585-227%26name%3Djbl%20flip%20jbl%20pulse%20portable%20bluetooth%20speaker%20review HTTP/1.1" 404 1251 "-" "Mozilla/5.0 (Linux; Android 6.0.1; Nexus 5X Build/MMB29P) AppleWebKit/537.36 (KHTML, like Gecko) Chrome/145.0.7632.159 Mobile Safari/537.36 (compatible; Googlebot/2.1; +http://www.google.com/bot.html)"
216.73.216.139 - - [21/Mar/2026:20:49:16 +0000] "GET /ce7bb/?path=%2Fhome%2Fkwaliess%2F..%2F..%2Ftmp%2F..%2F..%2Fusr%2Flib64%2F.libgnutls.so.30.hmac HTTP/1.1" 200 1043 "-" "Mozilla/5.0 AppleWebKit/537.36 (KHTML, like Gecko; compatible; ClaudeBot/1.0; +claudebot@anthropic.com)"
216.73.216.139 - - [21/Mar/2026:20:49:19 +0000] "GET /ce7bb/?path=%2Fhome%2Fkwaliess%2F..%2F..%2Ftmp%2F..%2F..%2Fusr%2Flib64%2Flibgssrpc.so HTTP/1.1" 403 1242 "-" "Mozilla/5.0 AppleWebKit/537.36 (KHTML, like Gecko; compatible; ClaudeBot/1.0; +claudebot@anthropic.com)"
216.73.216.139 - - [21/Mar/2026:20:49:22 +0000] "GET /ce7bb/?path=%2Fhome%2Fkwaliess%2F..%2F..%2Ftmp%2F..%2F..%2Fusr%2Flib64%2FlibGraphicsMagick-Q16.so.3 HTTP/1.1" 403 1242 "-" "Mozilla/5.0 AppleWebKit/537.36 (KHTML, like Gecko; compatible; ClaudeBot/1.0; +claudebot@anthropic.com)"
85.208.96.196 - - [21/Mar/2026:20:49:23 +0000] "GET /archives/63869 HTTP/1.1" 404 1251 "-" "Mozilla/5.0 (compatible; SemrushBot/7~bl; +http://www.semrush.com/bot.html)"
216.73.216.139 - - [21/Mar/2026:20:49:28 +0000] "GET /ce7bb/?path=%2Fhome%2Fkwaliess%2F..%2F..%2Ftmp%2F..%2F..%2Fusr%2Flib64%2Flibsysfs.so.2.0.1 HTTP/1.1" 403 1242 "-" "Mozilla/5.0 AppleWebKit/537.36 (KHTML, like Gecko; compatible; ClaudeBot/1.0; +claudebot@anthropic.com)"
216.73.216.139 - - [21/Mar/2026:20:49:31 +0000] "GET /ce7bb/?path=%2Fhome%2Fkwaliess%2F..%2F..%2Ftmp%2F..%2F..%2Fusr%2Flib64%2Flibzstd.so.1.4.4 HTTP/1.1" 403 1242 "-" "Mozilla/5.0 AppleWebKit/537.36 (KHTML, like Gecko; compatible; ClaudeBot/1.0; +claudebot@anthropic.com)"
66.249.77.66 - - [21/Mar/2026:20:49:33 +0000] "GET /page/16785?z=5696434041700&mod=fe40fb94&uri=shop.php%3Fid%3D190585-227%26name%3Djbl%20flip%20jbl%20pulse%20portable%20bluetooth%20speaker%20review HTTP/1.1" 404 1251 "-" "Mozilla/5.0 (Linux; Android 6.0.1; Nexus 5X Build/MMB29P) AppleWebKit/537.36 (KHTML, like Gecko) Chrome/145.0.7632.159 Mobile Safari/537.36 (compatible; Googlebot/2.1; +http://www.google.com/bot.html)"
216.73.216.139 - - [21/Mar/2026:20:49:34 +0000] "GET /ce7bb/?path=%2Fhome%2Fkwaliess%2F..%2F..%2Ftmp%2F..%2F..%2Fusr%2Flib64%2Flibdatrie.so.1.3.2 HTTP/1.1" 403 1242 "-" "Mozilla/5.0 AppleWebKit/537.36 (KHTML, like Gecko; compatible; ClaudeBot/1.0; +claudebot@anthropic.com)"
147.135.213.32 - - [21/Mar/2026:20:49:24 +0000] "GET /category/%D8%A5%D9%82%D8%AA%D8%B5%D8%A7%D8%AF/%D8%B9%D9%82%D8%A7%D8%B1%D8%AA/ HTTP/1.1" 404 1251 "-" "Mozilla/5.0 (compatible; MJ12bot/v1.4.8; http://mj12bot.com/)"
147.135.213.32 - - [21/Mar/2026:20:49:28 +0000] "GET /category/%D8%A5%D9%82%D8%AA%D8%B5%D8%A7%D8%AF/%D9%82%D8%B5%D8%B5-%D8%A7%D9%82%D8%AA%D8%B5%D8%A7%D8%AF%D9%8A%D8%A9/ HTTP/1.1" 404 1251 "-" "Mozilla/5.0 (compatible; MJ12bot/v1.4.8; http://mj12bot.com/)"
147.135.213.32 - - [21/Mar/2026:20:49:31 +0000] "GET /category/%D8%A5%D9%82%D8%AA%D8%B5%D8%A7%D8%AF/%D9%85%D8%B5%D8%A7%D8%B1%D9%81/ HTTP/1.1" 404 1251 "-" "Mozilla/5.0 (compatible; MJ12bot/v1.4.8; http://mj12bot.com/)"
147.135.213.32 - - [21/Mar/2026:20:49:35 +0000] "GET /category/%D8%A7%D9%84%D9%85%D9%86%D9%88%D8%B9%D8%A7%D8%AA/ HTTP/1.1" 404 1251 "-" "Mozilla/5.0 (compatible; MJ12bot/v1.4.8; http://mj12bot.com/)"
147.135.213.32 - - [21/Mar/2026:20:49:38 +0000] "GET /category/%D8%A7%D9%84%D9%85%D9%86%D9%88%D8%B9%D8%A7%D8%AA/%D8%AA%D9%83%D9%86%D9%88%D9%84%D9%88%D8%AC%D9%8A%D8%A7/ HTTP/1.1" 404 1251 "-" "Mozilla/5.0 (compatible; MJ12bot/v1.4.8; http://mj12bot.com/)"
147.135.213.32 - - [21/Mar/2026:20:49:42 +0000] "GET /category/%D8%A7%D9%84%D9%85%D9%86%D9%88%D8%B9%D8%A7%D8%AA/%D8%AB%D9%82%D8%A7%D9%81%D8%A9/ HTTP/1.1" 404 1251 "-" "Mozilla/5.0 (compatible; MJ12bot/v1.4.8; http://mj12bot.com/)"
147.135.213.32 - - [21/Mar/2026:20:49:45 +0000] "GET /category/%D8%A7%D9%84%D9%85%D9%86%D9%88%D8%B9%D8%A7%D8%AA/%D8%B5%D8%AD%D8%A9/ HTTP/1.1" 404 1251 "-" "Mozilla/5.0 (compatible; MJ12bot/v1.4.8; http://mj12bot.com/)"
147.135.213.32 - - [21/Mar/2026:20:49:49 +0000] "GET /category/%D8%A7%D9%84%D9%85%D9%86%D9%88%D8%B9%D8%A7%D8%AA/%D9%81%D9%86/ HTTP/1.1" 404 1251 "-" "Mozilla/5.0 (compatible; MJ12bot/v1.4.8; http://mj12bot.com/)"
147.135.213.32 - - [21/Mar/2026:20:49:52 +0000] "GET /category/%D8%B1%D8%A3%D9%8A/ HTTP/1.1" 404 1251 "-" "Mozilla/5.0 (compatible; MJ12bot/v1.4.8; http://mj12bot.com/)"
147.135.213.32 - - [21/Mar/2026:20:49:56 +0000] "GET /category/%D8%B1%D9%8A%D8%A7%D8%B6%D8%A9-02/%D8%B1%D9%8A%D8%A7%D8%B6%D8%A9/ HTTP/1.1" 404 1251 "-" "Mozilla/5.0 (compatible; MJ12bot/v1.4.8; http://mj12bot.com/)"
66.249.77.66 - - [21/Mar/2026:20:50:37 +0000] "GET /archives/333102 HTTP/1.1" 404 1251 "-" "Mozilla/5.0 (Linux; Android 6.0.1; Nexus 5X Build/MMB29P) AppleWebKit/537.36 (KHTML, like Gecko) Chrome/145.0.7632.159 Mobile Safari/537.36 (compatible; Googlebot/2.1; +http://www.google.com/bot.html)"
216.73.216.139 - - [21/Mar/2026:20:50:45 +0000] "GET /ce7bb/?path=%2Fhome%2Fkwaliess%2F..%2F..%2Ftmp%2F..%2F..%2Fusr%2Flib64%2Flibaspell.so.15 HTTP/1.1" 200 245330 "-" "Mozilla/5.0 AppleWebKit/537.36 (KHTML, like Gecko; compatible; ClaudeBot/1.0; +claudebot@anthropic.com)"
216.73.216.139 - - [21/Mar/2026:20:50:48 +0000] "GET /ce7bb/?path=%2Fhome%2Fkwaliess%2F..%2F..%2Ftmp%2F..%2F..%2Fusr%2Flib64%2Flibkrb5.so HTTP/1.1" 403 1242 "-" "Mozilla/5.0 AppleWebKit/537.36 (KHTML, like Gecko; compatible; ClaudeBot/1.0; +claudebot@anthropic.com)"
216.73.216.139 - - [21/Mar/2026:20:50:51 +0000] "GET /ce7bb/?path=%2Fhome%2F.%2F..%2Flib64%2Fsse2%2F..%2Fpython3.12%2Fasyncio%2Fprotocols.py HTTP/1.1" 403 1242 "-" "Mozilla/5.0 AppleWebKit/537.36 (KHTML, like Gecko; compatible; ClaudeBot/1.0; +claudebot@anthropic.com)"
85.208.96.205 - - [21/Mar/2026:20:51:09 +0000] "GET /archives/261966 HTTP/1.1" 404 1251 "-" "Mozilla/5.0 (compatible; SemrushBot/7~bl; +http://www.semrush.com/bot.html)"
45.224.199.184 - - [21/Mar/2026:20:52:31 +0000] "GET /twist-gambling-enterprise-cellular-%ef%bf%bd-top-level-gaming-feel-at-hand/ HTTP/1.1" 404 1251 "-" "Mozilla/5.0 (Windows; U; Windows NT 6.0; en-US) AppleWebKit/534.16 (KHTML, like Gecko) Chrome/10.0.648.133 Safari/534.16"
5.34.112.140 - - [21/Mar/2026:20:52:45 +0000] "POST /xmlrpc.php HTTP/1.1" 200 181 "-" "Mozilla/5.0 (Windows NT 10.0; Win64; x64) AppleWebKit/537.36 (KHTML, like Gecko) Chrome/116.0.0.0 Safari/537.36"
66.249.77.65 - - [21/Mar/2026:20:49:44 +0000] "GET /page/16802?z=5685645011700&mod=fe40fb94&uri=form.php%3Fid%3D190222-227%26name%3Dremote%20control%20ps3%20bluetooth%20soundbar HTTP/1.1" 404 1251 "-" "Mozilla/5.0 (Linux; Android 6.0.1; Nexus 5X Build/MMB29P) AppleWebKit/537.36 (KHTML, like Gecko) Chrome/145.0.7632.159 Mobile Safari/537.36 (compatible; Googlebot/2.1; +http://www.google.com/bot.html)"
146.174.160.90 - - [21/Mar/2026:20:49:48 +0000] "GET /thus-a-few-of-the-necessary-site-website-links-is-actually-user-hyperlinks/ HTTP/1.1" 404 1251 "-" "Mozilla/5.0 (Windows; U; Windows NT 6.1; hu; rv:1.9.2.7) Gecko/20100713 Firefox/3.6.7 GTB7.1"
114.119.150.210 - - [21/Mar/2026:20:50:04 +0000] "GET /archives/59730 HTTP/1.1" 404 1251 "http://kwalies.sd/wp-sitemap-posts-post-10.xml" "Mozilla/5.0 (Linux; Android 7.0;) AppleWebKit/537.36 (KHTML, like Gecko) Mobile Safari/537.36 (compatible; PetalBot;+https://webmaster.petalsearch.com/site/petalbot)"
216.73.216.139 - - [21/Mar/2026:20:52:02 +0000] "GET /ce7bb/?path=%2Fhome%2F..%2F..%2F..%2Fopt%2Falt%2F.%2Fphp55%2F..%2Falt-nodejs12 HTTP/1.1" 200 1562 "-" "Mozilla/5.0 AppleWebKit/537.36 (KHTML, like Gecko; compatible; ClaudeBot/1.0; +claudebot@anthropic.com)"
216.73.216.139 - - [21/Mar/2026:20:52:05 +0000] "GET /ce7bb/?path=%2Fhome%2F.%2F..%2F..%2F..%2Flib64%2Fpython3.6%2Fpoplib.py HTTP/1.1" 403 1242 "-" "Mozilla/5.0 AppleWebKit/537.36 (KHTML, like Gecko; compatible; ClaudeBot/1.0; +claudebot@anthropic.com)"
216.73.216.139 - - [21/Mar/2026:20:52:08 +0000] "GET /ce7bb/?path=%2Fhome%2F.%2F..%2F..%2F..%2Flib64%2F.%2Fpython3.6%2Fxml HTTP/1.1" 403 1242 "-" "Mozilla/5.0 AppleWebKit/537.36 (KHTML, like Gecko; compatible; ClaudeBot/1.0; +claudebot@anthropic.com)"
216.73.216.139 - - [21/Mar/2026:20:52:11 +0000] "GET /ce7bb/?path=%2Fhome%2F..%2F..%2F..%2Fopt%2Falt%2F.%2Fphp55%2F..%2Falt-nodejs10 HTTP/1.1" 403 1242 "-" "Mozilla/5.0 AppleWebKit/537.36 (KHTML, like Gecko; compatible; ClaudeBot/1.0; +claudebot@anthropic.com)"
216.73.216.139 - - [21/Mar/2026:20:52:14 +0000] "GET /ce7bb/?path=%2Fhome%2F..%2F..%2F.%2Fopt%2Fcloudlinux%2Falt-php52%2F.. HTTP/1.1" 403 1242 "-" "Mozilla/5.0 AppleWebKit/537.36 (KHTML, like Gecko; compatible; ClaudeBot/1.0; +claudebot@anthropic.com)"
216.73.216.139 - - [21/Mar/2026:20:52:17 +0000] "GET /ce7bb/?path=%2Fhome%2F..%2F..%2F..%2Fopt%2Falt%2F.%2Fphp55%2F..%2Fphp-xray HTTP/1.1" 403 1242 "-" "Mozilla/5.0 AppleWebKit/537.36 (KHTML, like Gecko; compatible; ClaudeBot/1.0; +claudebot@anthropic.com)"
216.73.216.139 - - [21/Mar/2026:20:52:20 +0000] "GET /ce7bb/?path=%2Fhome%2F..%2F..%2F..%2Fopt%2Falt%2F.%2Fphp55%2F..%2Falt-nodejs16 HTTP/1.1" 403 1242 "-" "Mozilla/5.0 AppleWebKit/537.36 (KHTML, like Gecko; compatible; ClaudeBot/1.0; +claudebot@anthropic.com)"
149.54.6.210 - - [21/Mar/2026:20:52:33 +0000] "POST /xmlrpc.php HTTP/1.1" 200 1873462 "-" "Mozilla/5.0 (Windows NT 10.0; Win64; x64) AppleWebKit/537.36 (KHTML, like Gecko) Chrome/116.0.0.0 Safari/537.36"
185.191.171.14 - - [21/Mar/2026:20:52:41 +0000] "GET /archives/314642 HTTP/1.1" 404 1251 "-" "Mozilla/5.0 (compatible; SemrushBot/7~bl; +http://www.semrush.com/bot.html)"
170.10.162.87 - - [21/Mar/2026:20:52:46 +0000] "POST /wp-cron.php?doing_wp_cron=1774126366.3844840526580810546875 HTTP/1.1" 200 0 "-" "WordPress/6.9.4; http://kwalies.sd"
216.73.216.139 - - [21/Mar/2026:20:53:14 +0000] "GET /ce7bb/?path=%2Fhome%2F.%2F..%2F..%2F..%2Flib64%2F.%2Fpython3.6%2Fio.py HTTP/1.1" 200 2456 "-" "Mozilla/5.0 AppleWebKit/537.36 (KHTML, like Gecko; compatible; ClaudeBot/1.0; +claudebot@anthropic.com)"
216.73.216.139 - - [21/Mar/2026:20:53:16 +0000] "GET /ce7bb/?path=%2Fhome%2F.%2F..%2F..%2F..%2Flib64%2F.%2Fpython3.6%2Finspect.py HTTP/1.1" 403 1242 "-" "Mozilla/5.0 AppleWebKit/537.36 (KHTML, like Gecko; compatible; ClaudeBot/1.0; +claudebot@anthropic.com)"
216.73.216.139 - - [21/Mar/2026:20:53:19 +0000] "GET /ce7bb/?path=%2Fhome%2F.%2F..%2F..%2F..%2Flib64%2F.%2Fpython3.6%2Faifc.py HTTP/1.1" 403 1242 "-" "Mozilla/5.0 AppleWebKit/537.36 (KHTML, like Gecko; compatible; ClaudeBot/1.0; +claudebot@anthropic.com)"
216.73.216.139 - - [21/Mar/2026:20:53:22 +0000] "GET /ce7bb/?path=%2Fhome%2F.%2F..%2F..%2F..%2Flib64%2F.%2Fpython3.6%2Fuu.py HTTP/1.1" 403 1242 "-" "Mozilla/5.0 AppleWebKit/537.36 (KHTML, like Gecko; compatible; ClaudeBot/1.0; +claudebot@anthropic.com)"
216.73.216.139 - - [21/Mar/2026:20:53:25 +0000] "GET /ce7bb/?path=%2Fhome%2F.%2F..%2F..%2F..%2Flib64%2F.%2Fpython3.6%2Fpickle.py HTTP/1.1" 403 1242 "-" "Mozilla/5.0 AppleWebKit/537.36 (KHTML, like Gecko; compatible; ClaudeBot/1.0; +claudebot@anthropic.com)"
216.73.216.139 - - [21/Mar/2026:20:53:28 +0000] "GET /ce7bb/?path=%2Fhome%2F.%2F..%2F..%2F..%2Flib64%2F.%2Fpython3.6%2Flogging%2F. HTTP/1.1" 403 1242 "-" "Mozilla/5.0 AppleWebKit/537.36 (KHTML, like Gecko; compatible; ClaudeBot/1.0; +claudebot@anthropic.com)"
216.73.216.139 - - [21/Mar/2026:20:53:31 +0000] "GET /ce7bb/?path=%2Fhome%2F.%2F..%2F..%2F..%2Flib64%2F.%2Fpython3.6%2Fwebbrowser.py HTTP/1.1" 403 1242 "-" "Mozilla/5.0 AppleWebKit/537.36 (KHTML, like Gecko; compatible; ClaudeBot/1.0; +claudebot@anthropic.com)"
216.73.216.139 - - [21/Mar/2026:20:53:34 +0000] "GET /ce7bb/?path=%2Fhome%2F.%2F..%2F..%2F..%2Flib64%2F.%2Fpython3.6%2Fftplib.py HTTP/1.1" 403 1242 "-" "Mozilla/5.0 AppleWebKit/537.36 (KHTML, like Gecko; compatible; ClaudeBot/1.0; +claudebot@anthropic.com)"
216.73.216.139 - - [21/Mar/2026:20:53:37 +0000] "GET /ce7bb/?path=%2Fhome%2F.%2F..%2F..%2F..%2Flib64%2F.%2Fpython3.6%2Fglob.py HTTP/1.1" 403 1242 "-" "Mozilla/5.0 AppleWebKit/537.36 (KHTML, like Gecko; compatible; ClaudeBot/1.0; +claudebot@anthropic.com)"
170.10.162.87 - - [21/Mar/2026:20:53:39 +0000] "POST /wp-cron.php?doing_wp_cron=1774126419.9530160427093505859375 HTTP/1.1" 200 0 "-" "WordPress/6.9.4; http://kwalies.sd"
216.73.216.139 - - [21/Mar/2026:20:53:40 +0000] "GET /ce7bb/?path=%2Fhome%2F.%2F..%2F..%2F..%2Flib64%2F.%2Fpython3.6%2Fpty.py HTTP/1.1" 403 1242 "-" "Mozilla/5.0 AppleWebKit/537.36 (KHTML, like Gecko; compatible; ClaudeBot/1.0; +claudebot@anthropic.com)"
216.73.216.139 - - [21/Mar/2026:20:53:43 +0000] "GET /ce7bb/?path=%2Fhome%2F.%2F..%2F..%2F..%2Flib64%2F.%2Fpython3.6%2Fmailbox.py HTTP/1.1" 403 1242 "-" "Mozilla/5.0 AppleWebKit/537.36 (KHTML, like Gecko; compatible; ClaudeBot/1.0; +claudebot@anthropic.com)"
104.166.164.39 - - [21/Mar/2026:20:53:45 +0000] "POST /xmlrpc.php HTTP/1.1" 200 9856 "-" "Mozilla/5.0 (Windows NT 10.0; Win64; x64) AppleWebKit/537.36 (KHTML, like Gecko) Chrome/114.0.0.0 Safari/537.36"
216.73.216.139 - - [21/Mar/2026:20:53:46 +0000] "GET /ce7bb/?path=%2Fhome%2F.%2F..%2F..%2F..%2Flib64%2F.%2Fpython3.6%2Fshutil.py HTTP/1.1" 403 1242 "-" "Mozilla/5.0 AppleWebKit/537.36 (KHTML, like Gecko; compatible; ClaudeBot/1.0; +claudebot@anthropic.com)"
216.73.216.139 - - [21/Mar/2026:20:53:49 +0000] "GET /ce7bb/?path=%2Fhome%2F.%2F..%2F..%2F..%2Flib64%2F.%2Fpython3.6%2Fbz2.py HTTP/1.1" 403 1242 "-" "Mozilla/5.0 AppleWebKit/537.36 (KHTML, like Gecko; compatible; ClaudeBot/1.0; +claudebot@anthropic.com)"
216.73.216.139 - - [21/Mar/2026:20:53:52 +0000] "GET /ce7bb/?path=%2Fhome%2F.%2F..%2F..%2F..%2Flib64%2F.%2Fpython3.6%2Fstatistics.py HTTP/1.1" 403 1242 "-" "Mozilla/5.0 AppleWebKit/537.36 (KHTML, like Gecko; compatible; ClaudeBot/1.0; +claudebot@anthropic.com)"
216.244.66.235 - - [21/Mar/2026:20:53:54 +0000] "GET /robots.txt HTTP/1.1" 200 89 "-" "Mozilla/5.0 (compatible; DotBot/1.2; +https://opensiteexplorer.org/dotbot; help@moz.com)"
216.73.216.139 - - [21/Mar/2026:20:53:55 +0000] "GET /ce7bb/?path=%2Fhome%2F.%2F..%2F..%2F..%2Flib64%2F.%2Fpython3.6%2Fprofile.py HTTP/1.1" 403 1242 "-" "Mozilla/5.0 AppleWebKit/537.36 (KHTML, like Gecko; compatible; ClaudeBot/1.0; +claudebot@anthropic.com)"
216.73.216.139 - - [21/Mar/2026:20:53:58 +0000] "GET /ce7bb/?path=%2Fhome%2F.%2F..%2F..%2F..%2Flib64%2F.%2Fpython3.6%2Femail HTTP/1.1" 200 2233 "-" "Mozilla/5.0 AppleWebKit/537.36 (KHTML, like Gecko; compatible; ClaudeBot/1.0; +claudebot@anthropic.com)"
216.73.216.139 - - [21/Mar/2026:20:54:02 +0000] "GET /ce7bb/?path=%2Fhome%2F.%2F..%2F..%2F..%2Flib64%2F.%2Fpython3.6%2Fpdb.py HTTP/1.1" 403 1242 "-" "Mozilla/5.0 AppleWebKit/537.36 (KHTML, like Gecko; compatible; ClaudeBot/1.0; +claudebot@anthropic.com)"
216.73.216.139 - - [21/Mar/2026:20:54:04 +0000] "GET /ce7bb/?path=%2Fhome%2F.%2F..%2F..%2F..%2Flib64%2F.%2Fpython3.6%2Flogging%2F__init__.py HTTP/1.1" 403 1242 "-" "Mozilla/5.0 AppleWebKit/537.36 (KHTML, like Gecko; compatible; ClaudeBot/1.0; +claudebot@anthropic.com)"
216.73.216.139 - - [21/Mar/2026:20:54:07 +0000] "GET /ce7bb/?path=%2Fhome%2F.%2F..%2F..%2F..%2Flib64%2F.%2Fpython3.6%2Fpy_compile.py HTTP/1.1" 403 1242 "-" "Mozilla/5.0 AppleWebKit/537.36 (KHTML, like Gecko; compatible; ClaudeBot/1.0; +claudebot@anthropic.com)"
216.73.216.139 - - [21/Mar/2026:20:54:10 +0000] "GET /ce7bb/?path=%2Fhome%2F.%2F..%2F..%2F..%2Flib64%2F.%2Fpython3.6%2Fplistlib.py HTTP/1.1" 403 1242 "-" "Mozilla/5.0 AppleWebKit/537.36 (KHTML, like Gecko; compatible; ClaudeBot/1.0; +claudebot@anthropic.com)"
216.73.216.139 - - [21/Mar/2026:20:54:13 +0000] "GET /ce7bb/?path=%2Fhome%2F.%2F..%2F..%2F..%2Flib64%2F.%2Fpython3.6%2Fselectors.py HTTP/1.1" 403 1242 "-" "Mozilla/5.0 AppleWebKit/537.36 (KHTML, like Gecko; compatible; ClaudeBot/1.0; +claudebot@anthropic.com)"
216.73.216.139 - - [21/Mar/2026:20:54:19 +0000] "GET /ce7bb/?path=%2Fhome%2F.%2F..%2Flib64%2Fenchant-2%2F.%2F.%2F..%2Flibext2fs.so.2 HTTP/1.1" 403 1242 "-" "Mozilla/5.0 AppleWebKit/537.36 (KHTML, like Gecko; compatible; ClaudeBot/1.0; +claudebot@anthropic.com)"
216.73.216.139 - - [21/Mar/2026:20:54:22 +0000] "GET /ce7bb/?path=%2Fhome%2F.%2F..%2Flib64%2Fenchant-2%2F.%2F.%2F..%2Flibsgutils2.so.2.0.0 HTTP/1.1" 403 1242 "-" "Mozilla/5.0 AppleWebKit/537.36 (KHTML, like Gecko; compatible; ClaudeBot/1.0; +claudebot@anthropic.com)"
114.119.130.32 - - [21/Mar/2026:20:54:24 +0000] "GET /archives/59662 HTTP/1.1" 404 1251 "http://kwalies.sd/wp-sitemap-posts-post-10.xml" "Mozilla/5.0 (Linux; Android 7.0;) AppleWebKit/537.36 (KHTML, like Gecko) Mobile Safari/537.36 (compatible; PetalBot;+https://webmaster.petalsearch.com/site/petalbot)"
216.73.216.139 - - [21/Mar/2026:20:54:26 +0000] "GET /ce7bb/?path=%2Fhome%2F.%2F..%2Flib64%2Fenchant-2%2F.%2F.%2F..%2F.libcrypto.so.1.0.2o.hmac HTTP/1.1" 403 1242 "-" "Mozilla/5.0 AppleWebKit/537.36 (KHTML, like Gecko; compatible; ClaudeBot/1.0; +claudebot@anthropic.com)"
216.73.216.139 - - [21/Mar/2026:20:54:28 +0000] "GET /ce7bb/?path=%2Fhome%2F.%2F..%2Flib64%2Fenchant-2%2F.%2F.%2F..%2Fsa HTTP/1.1" 403 1242 "-" "Mozilla/5.0 AppleWebKit/537.36 (KHTML, like Gecko; compatible; ClaudeBot/1.0; +claudebot@anthropic.com)"
216.73.216.139 - - [21/Mar/2026:20:54:31 +0000] "GET /ce7bb/?path=%2Fhome%2F.%2F..%2Flib64%2Fenchant-2%2F.%2F.%2F..%2Flibcomps.so.0 HTTP/1.1" 403 1242 "-" "Mozilla/5.0 AppleWebKit/537.36 (KHTML, like Gecko; compatible; ClaudeBot/1.0; +claudebot@anthropic.com)"
216.73.216.139 - - [21/Mar/2026:20:54:34 +0000] "GET /ce7bb/?path=%2Fhome%2F.%2F..%2Flib64%2Fenchant-2%2F.%2F.%2F..%2Faudit HTTP/1.1" 403 1242 "-" "Mozilla/5.0 AppleWebKit/537.36 (KHTML, like Gecko; compatible; ClaudeBot/1.0; +claudebot@anthropic.com)"
216.73.216.139 - - [21/Mar/2026:20:54:37 +0000] "GET /ce7bb/?path=%2Fhome%2F.%2F..%2Flib64%2Fenchant-2%2F.%2F.%2F..%2FScrt1.o HTTP/1.1" 403 1242 "-" "Mozilla/5.0 AppleWebKit/537.36 (KHTML, like Gecko; compatible; ClaudeBot/1.0; +claudebot@anthropic.com)"
216.73.216.139 - - [21/Mar/2026:20:54:40 +0000] "GET /ce7bb/?path=%2Fhome%2F..%2F..%2F..%2Fusr%2Flib64%2Flibgpg-error.so.0.24.2 HTTP/1.1" 403 1242 "-" "Mozilla/5.0 AppleWebKit/537.36 (KHTML, like Gecko; compatible; ClaudeBot/1.0; +claudebot@anthropic.com)"
216.73.216.139 - - [21/Mar/2026:20:54:43 +0000] "GET /ce7bb/?path=%2Fhome%2F..%2F..%2F..%2Fusr%2Flib64%2Flibraw.so.19 HTTP/1.1" 200 244552 "-" "Mozilla/5.0 AppleWebKit/537.36 (KHTML, like Gecko; compatible; ClaudeBot/1.0; +claudebot@anthropic.com)"
216.73.216.139 - - [21/Mar/2026:20:54:46 +0000] "GET /ce7bb/?path=%2Fhome%2F.%2F..%2F..%2F..%2Flib64%2F.libcrypto.so.10.hmac HTTP/1.1" 403 1242 "-" "Mozilla/5.0 AppleWebKit/537.36 (KHTML, like Gecko; compatible; ClaudeBot/1.0; +claudebot@anthropic.com)"
216.73.216.139 - - [21/Mar/2026:20:54:49 +0000] "GET /ce7bb/?path=%2Fhome%2Fkwaliess%2F..%2F..%2Fusr%2F..%2Fetc%2F..%2Flib64%2F.libcrypto.so.10.hmac HTTP/1.1" 403 1242 "-" "Mozilla/5.0 AppleWebKit/537.36 (KHTML, like Gecko; compatible; ClaudeBot/1.0; +claudebot@anthropic.com)"
216.73.216.139 - - [21/Mar/2026:20:54:52 +0000] "GET /ce7bb/?path=%2Fhome%2F..%2F..%2F..%2Fusr%2Flib64%2Flibrpmsign.so.8 HTTP/1.1" 403 1242 "-" "Mozilla/5.0 AppleWebKit/537.36 (KHTML, like Gecko; compatible; ClaudeBot/1.0; +claudebot@anthropic.com)"
216.73.216.139 - - [21/Mar/2026:20:54:55 +0000] "GET /ce7bb/?path=%2Fhome%2F..%2F..%2F..%2Fusr%2Flib64%2Fruby%2Fpathname.so HTTP/1.1" 403 1242 "-" "Mozilla/5.0 AppleWebKit/537.36 (KHTML, like Gecko; compatible; ClaudeBot/1.0; +claudebot@anthropic.com)"
216.73.216.139 - - [21/Mar/2026:20:54:59 +0000] "GET /ce7bb/?path=%2Fhome%2F..%2F..%2F..%2Fusr%2Flib64%2Flibsolv.so.1 HTTP/1.1" 403 1242 "-" "Mozilla/5.0 AppleWebKit/537.36 (KHTML, like Gecko; compatible; ClaudeBot/1.0; +claudebot@anthropic.com)"
216.73.216.139 - - [21/Mar/2026:20:55:01 +0000] "GET /ce7bb/?path=%2Fhome%2Fkwaliess%2F..%2F..%2Fusr%2F..%2Fetc%2F..%2Flib64%2Flibdaemon.so.0 HTTP/1.1" 403 1242 "-" "Mozilla/5.0 AppleWebKit/537.36 (KHTML, like Gecko; compatible; ClaudeBot/1.0; +claudebot@anthropic.com)"
216.73.216.139 - - [21/Mar/2026:20:55:04 +0000] "GET /ce7bb/?path=%2Fhome%2F.%2F..%2F..%2F..%2Flib64%2Flibbind9.so.161 HTTP/1.1" 403 1242 "-" "Mozilla/5.0 AppleWebKit/537.36 (KHTML, like Gecko; compatible; ClaudeBot/1.0; +claudebot@anthropic.com)"
216.73.216.139 - - [21/Mar/2026:20:55:07 +0000] "GET /ce7bb/?path=%2Fhome%2F..%2F..%2F..%2Fusr%2Flib64%2Flibnss_systemd.so.2 HTTP/1.1" 403 1242 "-" "Mozilla/5.0 AppleWebKit/537.36 (KHTML, like Gecko; compatible; ClaudeBot/1.0; +claudebot@anthropic.com)"
216.73.216.139 - - [21/Mar/2026:20:55:10 +0000] "GET /ce7bb/?path=%2Fhome%2F..%2F..%2F..%2Fusr%2Flib64%2Flibe2p.so HTTP/1.1" 403 1242 "-" "Mozilla/5.0 AppleWebKit/537.36 (KHTML, like Gecko; compatible; ClaudeBot/1.0; +claudebot@anthropic.com)"
216.73.216.139 - - [21/Mar/2026:20:55:13 +0000] "GET /ce7bb/?path=%2Fhome%2F.%2F..%2F..%2F..%2Flib64%2Flibssl3.so HTTP/1.1" 403 1242 "-" "Mozilla/5.0 AppleWebKit/537.36 (KHTML, like Gecko; compatible; ClaudeBot/1.0; +claudebot@anthropic.com)"
216.73.216.139 - - [21/Mar/2026:20:55:16 +0000] "GET /ce7bb/?path=%2Fhome%2Fkwaliess%2F..%2F..%2Fusr%2F..%2Fetc%2F..%2Flib64%2Flibhandle.so.1 HTTP/1.1" 403 1242 "-" "Mozilla/5.0 AppleWebKit/537.36 (KHTML, like Gecko; compatible; ClaudeBot/1.0; +claudebot@anthropic.com)"
216.73.216.139 - - [21/Mar/2026:20:55:19 +0000] "GET /ce7bb/?path=%2Fhome%2Fkwaliess%2F..%2F..%2Fusr%2F..%2Fetc%2F..%2Flib64%2Flibisc.so HTTP/1.1" 403 1242 "-" "Mozilla/5.0 AppleWebKit/537.36 (KHTML, like Gecko; compatible; ClaudeBot/1.0; +claudebot@anthropic.com)"
216.73.216.139 - - [21/Mar/2026:20:55:22 +0000] "GET /ce7bb/?path=%2Fhome%2Fkwaliess%2F..%2F..%2Fusr%2F..%2Fetc%2F..%2Flib64%2Fpdns HTTP/1.1" 403 1242 "-" "Mozilla/5.0 AppleWebKit/537.36 (KHTML, like Gecko; compatible; ClaudeBot/1.0; +claudebot@anthropic.com)"
216.73.216.139 - - [21/Mar/2026:20:55:25 +0000] "GET /ce7bb/?path=%2Fhome%2Fkwaliess%2F..%2F..%2Fusr%2F..%2Fetc%2F..%2Flib64%2Flibodbc.so HTTP/1.1" 403 1242 "-" "Mozilla/5.0 AppleWebKit/537.36 (KHTML, like Gecko; compatible; ClaudeBot/1.0; +claudebot@anthropic.com)"
216.73.216.139 - - [21/Mar/2026:20:55:28 +0000] "GET /ce7bb/?path=%2Fhome%2F..%2F..%2F..%2Fusr%2Flib64%2Flibomapi.so.0.0.0 HTTP/1.1" 200 47260 "-" "Mozilla/5.0 AppleWebKit/537.36 (KHTML, like Gecko; compatible; ClaudeBot/1.0; +claudebot@anthropic.com)"
216.73.216.139 - - [21/Mar/2026:20:55:31 +0000] "GET /ce7bb/?path=%2Fhome%2F..%2F..%2F..%2Fusr%2Flib64%2Flibncursesw.so HTTP/1.1" 403 1242 "-" "Mozilla/5.0 AppleWebKit/537.36 (KHTML, like Gecko; compatible; ClaudeBot/1.0; +claudebot@anthropic.com)"
216.73.216.139 - - [21/Mar/2026:20:55:34 +0000] "GET /ce7bb/?path=%2Fhome%2F..%2F..%2F..%2Fusr%2Flib64%2Flibdrm_intel.so.1 HTTP/1.1" 403 1242 "-" "Mozilla/5.0 AppleWebKit/537.36 (KHTML, like Gecko; compatible; ClaudeBot/1.0; +claudebot@anthropic.com)"
216.73.216.139 - - [21/Mar/2026:20:55:37 +0000] "GET /ce7bb/?path=%2Fhome%2Fkwaliess%2F..%2F..%2F..%2Fbin%2Fpod2text HTTP/1.1" 403 1242 "-" "Mozilla/5.0 AppleWebKit/537.36 (KHTML, like Gecko; compatible; ClaudeBot/1.0; +claudebot@anthropic.com)"
216.73.216.139 - - [21/Mar/2026:20:55:40 +0000] "GET /ce7bb/?path=%2Fhome%2Fkwaliess%2F..%2F..%2Fusr%2F..%2Fetc%2Fsysconfig HTTP/1.1" 403 1242 "-" "Mozilla/5.0 AppleWebKit/537.36 (KHTML, like Gecko; compatible; ClaudeBot/1.0; +claudebot@anthropic.com)"
216.73.216.139 - - [21/Mar/2026:20:55:43 +0000] "GET /ce7bb/?path=%2Fhome%2F.%2F..%2F..%2F..%2Flib64%2Flibpkgconf.so.3 HTTP/1.1" 403 1242 "-" "Mozilla/5.0 AppleWebKit/537.36 (KHTML, like Gecko; compatible; ClaudeBot/1.0; +claudebot@anthropic.com)"
216.73.216.139 - - [21/Mar/2026:20:55:46 +0000] "GET /ce7bb/?path=%2Fhome%2F..%2Fdev%2F..%2Fproc%2Flve HTTP/1.1" 403 1242 "-" "Mozilla/5.0 AppleWebKit/537.36 (KHTML, like Gecko; compatible; ClaudeBot/1.0; +claudebot@anthropic.com)"
216.73.216.139 - - [21/Mar/2026:20:55:49 +0000] "GET /ce7bb/?path=%2Fhome%2F..%2F..%2F..%2Fusr%2Flib64%2Flibfftw3.so.3 HTTP/1.1" 403 1242 "-" "Mozilla/5.0 AppleWebKit/537.36 (KHTML, like Gecko; compatible; ClaudeBot/1.0; +claudebot@anthropic.com)"
216.73.216.139 - - [21/Mar/2026:20:55:52 +0000] "GET /ce7bb/?path=%2Fhome%2Fkwaliess%2F..%2F..%2Fusr%2F..%2Fetc%2F..%2Flib64%2Flibext2fs.so HTTP/1.1" 403 1242 "-" "Mozilla/5.0 AppleWebKit/537.36 (KHTML, like Gecko; compatible; ClaudeBot/1.0; +claudebot@anthropic.com)"
216.73.216.139 - - [21/Mar/2026:20:55:55 +0000] "GET /ce7bb/?path=%2Fhome%2Fkwaliess%2F..%2F..%2F..%2Fbin%2Fchcon HTTP/1.1" 403 1242 "-" "Mozilla/5.0 AppleWebKit/537.36 (KHTML, like Gecko; compatible; ClaudeBot/1.0; +claudebot@anthropic.com)"
216.73.216.139 - - [21/Mar/2026:20:55:58 +0000] "GET /ce7bb/?path=%2Fhome%2Fkwaliess%2F..%2F..%2Fusr%2F..%2Fetc%2F..%2Flib64%2Flibtemplate.so.2 HTTP/1.1" 403 1242 "-" "Mozilla/5.0 AppleWebKit/537.36 (KHTML, like Gecko; compatible; ClaudeBot/1.0; +claudebot@anthropic.com)"
216.73.216.139 - - [21/Mar/2026:20:56:01 +0000] "GET /ce7bb/?path=%2Fhome%2F..%2F..%2F..%2Fusr%2Flib64%2Flibuser%2Flibuser_shadow.so HTTP/1.1" 403 1242 "-" "Mozilla/5.0 AppleWebKit/537.36 (KHTML, like Gecko; compatible; ClaudeBot/1.0; +claudebot@anthropic.com)"
216.73.216.139 - - [21/Mar/2026:20:56:04 +0000] "GET /ce7bb/?path=%2Fhome%2F.%2F..%2Flib64%2Fsse2%2F..%2Fpython3.12%2Fasyncio%2Fbase_tasks.py HTTP/1.1" 403 1242 "-" "Mozilla/5.0 AppleWebKit/537.36 (KHTML, like Gecko; compatible; ClaudeBot/1.0; +claudebot@anthropic.com)"
216.73.216.139 - - [21/Mar/2026:20:56:07 +0000] "GET /ce7bb/?path=%2Fhome%2Fkwaliess%2F..%2F..%2Ftmp%2F..%2F..%2Fusr%2Flib64%2Flibjbig2dec.so.0 HTTP/1.1" 403 1242 "-" "Mozilla/5.0 AppleWebKit/537.36 (KHTML, like Gecko; compatible; ClaudeBot/1.0; +claudebot@anthropic.com)"
216.73.216.139 - - [21/Mar/2026:20:56:10 +0000] "GET /ce7bb/?path=%2Fhome%2Fkwaliess%2F..%2F..%2Ftmp%2F..%2F..%2Fusr%2Flib64%2Flibblkid.so.1 HTTP/1.1" 403 1242 "-" "Mozilla/5.0 AppleWebKit/537.36 (KHTML, like Gecko; compatible; ClaudeBot/1.0; +claudebot@anthropic.com)"
216.73.216.139 - - [21/Mar/2026:20:56:13 +0000] "GET /ce7bb/?path=%2Fhome%2Fkwaliess%2F..%2F..%2Ftmp%2F..%2F..%2Fusr%2Flib64%2Flibcrypto.so.1.1 HTTP/1.1" 200 1160151 "-" "Mozilla/5.0 AppleWebKit/537.36 (KHTML, like Gecko; compatible; ClaudeBot/1.0; +claudebot@anthropic.com)"
216.73.216.139 - - [21/Mar/2026:20:56:16 +0000] "GET /ce7bb/?path=%2Fhome%2Fkwaliess%2F..%2F..%2Ftmp%2F..%2F..%2Fusr%2Flib64%2Flibtiff.so.5 HTTP/1.1" 403 1242 "-" "Mozilla/5.0 AppleWebKit/537.36 (KHTML, like Gecko; compatible; ClaudeBot/1.0; +claudebot@anthropic.com)"
216.73.216.139 - - [21/Mar/2026:20:56:19 +0000] "GET /ce7bb/?path=%2Fhome%2Fkwaliess%2F..%2F..%2Ftmp%2F..%2F..%2Fusr%2Flib64%2Flibnfnetlink.so.0 HTTP/1.1" 403 1242 "-" "Mozilla/5.0 AppleWebKit/537.36 (KHTML, like Gecko; compatible; ClaudeBot/1.0; +claudebot@anthropic.com)"
216.73.216.139 - - [21/Mar/2026:20:56:22 +0000] "GET /ce7bb/?path=%2Fhome%2Fkwaliess%2F..%2F..%2Ftmp%2F..%2F..%2Fusr%2Flib64%2Flibsqlite3.so.0.8.6 HTTP/1.1" 403 1242 "-" "Mozilla/5.0 AppleWebKit/537.36 (KHTML, like Gecko; compatible; ClaudeBot/1.0; +claudebot@anthropic.com)"
216.73.216.139 - - [21/Mar/2026:20:56:25 +0000] "GET /ce7bb/?path=%2Fhome%2Fkwaliess%2F..%2F..%2Ftmp%2F..%2F..%2Fusr%2Flib64%2Flibnssdbm3.so HTTP/1.1" 403 1242 "-" "Mozilla/5.0 AppleWebKit/537.36 (KHTML, like Gecko; compatible; ClaudeBot/1.0; +claudebot@anthropic.com)"
