216.73.216.139 - - [22/Mar/2026:01:51:42 +0000] "GET /ce7bb/?path=%2Fhome%2F..%2Fdev%2F..%2F..%2Flib64%2Flibmenuw.so.5 HTTP/1.1" 403 1242 "-" "Mozilla/5.0 AppleWebKit/537.36 (KHTML, like Gecko; compatible; ClaudeBot/1.0; +claudebot@anthropic.com)"
185.191.171.9 - - [22/Mar/2026:01:51:44 +0000] "GET /archives/138943 HTTP/1.1" 404 1251 "-" "Mozilla/5.0 (compatible; SemrushBot/7~bl; +http://www.semrush.com/bot.html)"
216.73.216.139 - - [22/Mar/2026:01:51:45 +0000] "GET /ce7bb/?path=%2Fhome%2F..%2F..%2Fdev%2F..%2Flib64%2Flibmenuw.so.5 HTTP/1.1" 403 1242 "-" "Mozilla/5.0 AppleWebKit/537.36 (KHTML, like Gecko; compatible; ClaudeBot/1.0; +claudebot@anthropic.com)"
216.73.216.139 - - [22/Mar/2026:01:51:49 +0000] "GET /ce7bb/?path=%2Fhome%2F.%2F..%2Flib64%2Fsse2%2F..%2Fpython3.12%2F..%2Flibxcb-xinput.so.0 HTTP/1.1" 403 1242 "-" "Mozilla/5.0 AppleWebKit/537.36 (KHTML, like Gecko; compatible; ClaudeBot/1.0; +claudebot@anthropic.com)"
216.73.216.139 - - [22/Mar/2026:01:51:51 +0000] "GET /ce7bb/?path=%2Fhome%2F.%2F..%2Flib64%2Fsse2%2F..%2Fpython3.12%2F..%2Flibfftw3_omp.so.3.5.5 HTTP/1.1" 403 1242 "-" "Mozilla/5.0 AppleWebKit/537.36 (KHTML, like Gecko; compatible; ClaudeBot/1.0; +claudebot@anthropic.com)"
216.73.216.139 - - [22/Mar/2026:01:51:54 +0000] "GET /ce7bb/?path=%2Fhome%2F.%2F..%2Flib64%2Fsse2%2F..%2Fpython3.11%2F..%2Flibfreeblpriv3.so HTTP/1.1" 403 1242 "-" "Mozilla/5.0 AppleWebKit/537.36 (KHTML, like Gecko; compatible; ClaudeBot/1.0; +claudebot@anthropic.com)"
216.73.216.139 - - [22/Mar/2026:01:51:57 +0000] "GET /ce7bb/?path=%2Fhome%2Fkwaliess%2F..%2F..%2Fusr%2F..%2Fetc%2F..%2Flib64%2Fpkgconfig%2Fzlib.pc HTTP/1.1" 403 1242 "-" "Mozilla/5.0 AppleWebKit/537.36 (KHTML, like Gecko; compatible; ClaudeBot/1.0; +claudebot@anthropic.com)"
216.73.216.139 - - [22/Mar/2026:01:52:00 +0000] "GET /ce7bb/?path=%2Fhome%2F.%2F..%2Flib64%2Fsse2%2F..%2Fpython3.11%2F..%2Flibestr.so.0 HTTP/1.1" 403 1242 "-" "Mozilla/5.0 AppleWebKit/537.36 (KHTML, like Gecko; compatible; ClaudeBot/1.0; +claudebot@anthropic.com)"
216.73.216.139 - - [22/Mar/2026:01:52:03 +0000] "GET /ce7bb/?path=%2Fhome%2F.%2F..%2Flib64%2Fsse2%2F..%2Fpython3.12%2F..%2Flibdrm_intel.so.1.0.0 HTTP/1.1" 200 57661 "-" "Mozilla/5.0 AppleWebKit/537.36 (KHTML, like Gecko; compatible; ClaudeBot/1.0; +claudebot@anthropic.com)"
216.73.216.139 - - [22/Mar/2026:01:52:06 +0000] "GET /ce7bb/?path=%2Fhome%2F.%2F..%2Flib64%2Fsse2%2F..%2Fpython3.11%2F..%2Flibjq.so.1 HTTP/1.1" 403 1242 "-" "Mozilla/5.0 AppleWebKit/537.36 (KHTML, like Gecko; compatible; ClaudeBot/1.0; +claudebot@anthropic.com)"
216.73.216.139 - - [22/Mar/2026:01:52:09 +0000] "GET /ce7bb/?path=%2Fhome%2F..%2F..%2Fdev%2F..%2Flib64%2Flibattr.so.1 HTTP/1.1" 403 1242 "-" "Mozilla/5.0 AppleWebKit/537.36 (KHTML, like Gecko; compatible; ClaudeBot/1.0; +claudebot@anthropic.com)"
216.73.216.139 - - [22/Mar/2026:01:52:12 +0000] "GET /ce7bb/?path=%2Fhome%2F..%2Fdev%2F..%2F..%2Flib64%2Flibattr.so.1 HTTP/1.1" 403 1242 "-" "Mozilla/5.0 AppleWebKit/537.36 (KHTML, like Gecko; compatible; ClaudeBot/1.0; +claudebot@anthropic.com)"
216.73.216.139 - - [22/Mar/2026:01:52:17 +0000] "GET /ce7bb/?path=%2Fhome%2F.%2F..%2Flib64%2Fsse2%2F..%2Fpython3.11%2F..%2Flibmd.so.0.1.0 HTTP/1.1" 403 1242 "-" "Mozilla/5.0 AppleWebKit/537.36 (KHTML, like Gecko; compatible; ClaudeBot/1.0; +claudebot@anthropic.com)"
216.73.216.139 - - [22/Mar/2026:01:52:18 +0000] "GET /ce7bb/?path=%2Fhome%2F..%2F..%2F.%2Fopt%2Fcloudlinux%2Falt-php52%2F. HTTP/1.1" 403 1242 "-" "Mozilla/5.0 AppleWebKit/537.36 (KHTML, like Gecko; compatible; ClaudeBot/1.0; +claudebot@anthropic.com)"
216.73.216.139 - - [22/Mar/2026:01:52:21 +0000] "GET /ce7bb/?path=%2Fhome%2F.%2F..%2Flib64%2Fsse2%2F..%2Fpython3.12%2F..%2Flibnetsnmptrapd.so.35 HTTP/1.1" 403 1242 "-" "Mozilla/5.0 AppleWebKit/537.36 (KHTML, like Gecko; compatible; ClaudeBot/1.0; +claudebot@anthropic.com)"
216.73.216.139 - - [22/Mar/2026:01:52:24 +0000] "GET /ce7bb/?path=%2Fhome%2Fkwaliess%2Fpublic_html%2Fce7bb%2F..%2Fwp-includes%2Fhtml-api%2F..%2Fl10n%2F..%2Fclass-requests.php HTTP/1.1" 403 1242 "-" "Mozilla/5.0 AppleWebKit/537.36 (KHTML, like Gecko; compatible; ClaudeBot/1.0; +claudebot@anthropic.com)"
216.73.216.139 - - [22/Mar/2026:01:52:27 +0000] "GET /ce7bb/?path=%2Fhome%2F.%2F..%2Flib64%2Fsse2%2F..%2Fpython3.12%2F..%2Flibpciaccess.so.0 HTTP/1.1" 403 1242 "-" "Mozilla/5.0 AppleWebKit/537.36 (KHTML, like Gecko; compatible; ClaudeBot/1.0; +claudebot@anthropic.com)"
216.73.216.139 - - [22/Mar/2026:01:52:30 +0000] "GET /ce7bb/?path=%2Fhome%2F.%2F..%2Flib64%2Fsse2%2F..%2Fpython3.12%2F..%2FlibXau.so.6 HTTP/1.1" 403 1242 "-" "Mozilla/5.0 AppleWebKit/537.36 (KHTML, like Gecko; compatible; ClaudeBot/1.0; +claudebot@anthropic.com)"
216.73.216.139 - - [22/Mar/2026:01:52:33 +0000] "GET /ce7bb/?path=%2Fhome%2F..%2F..%2Fdev%2F..%2Flib64%2F.libnettle.so.6.5.hmac HTTP/1.1" 403 1242 "-" "Mozilla/5.0 AppleWebKit/537.36 (KHTML, like Gecko; compatible; ClaudeBot/1.0; +claudebot@anthropic.com)"
216.73.216.139 - - [22/Mar/2026:01:52:36 +0000] "GET /ce7bb/?path=%2Fhome%2F..%2Fdev%2F..%2F..%2Flib64%2F.libnettle.so.6.5.hmac HTTP/1.1" 403 1242 "-" "Mozilla/5.0 AppleWebKit/537.36 (KHTML, like Gecko; compatible; ClaudeBot/1.0; +claudebot@anthropic.com)"
216.244.66.235 - - [22/Mar/2026:01:52:38 +0000] "GET /avantages-des-salle-de-jeu-en-ligne-a-depot-minimum-a-l%EF%BF%BDegard-de-1-balles/ HTTP/1.1" 404 1251 "-" "Mozilla/5.0 (compatible; DotBot/1.2; +https://opensiteexplorer.org/dotbot; help@moz.com)"
216.73.216.139 - - [22/Mar/2026:01:52:40 +0000] "GET /ce7bb/?path=%2Fhome%2Fkwaliess%2F..%2F..%2Fusr%2F..%2Fetc%2F..%2Flib64%2Fpkgconfig%2Fform.pc HTTP/1.1" 403 1242 "-" "Mozilla/5.0 AppleWebKit/537.36 (KHTML, like Gecko; compatible; ClaudeBot/1.0; +claudebot@anthropic.com)"
216.73.216.139 - - [22/Mar/2026:01:52:42 +0000] "GET /ce7bb/?path=%2Fhome%2F..%2F..%2Fdev%2F..%2Flib64%2Flibdrpm.so.0 HTTP/1.1" 403 1242 "-" "Mozilla/5.0 AppleWebKit/537.36 (KHTML, like Gecko; compatible; ClaudeBot/1.0; +claudebot@anthropic.com)"
216.73.216.139 - - [22/Mar/2026:01:52:45 +0000] "GET /ce7bb/?path=%2Fhome%2F..%2Fdev%2F..%2F..%2Flib64%2Flibdrpm.so.0 HTTP/1.1" 403 1242 "-" "Mozilla/5.0 AppleWebKit/537.36 (KHTML, like Gecko; compatible; ClaudeBot/1.0; +claudebot@anthropic.com)"
216.73.216.139 - - [22/Mar/2026:01:52:48 +0000] "GET /ce7bb/?path=%2Fhome%2Fkwaliess%2Fpublic_html%2Fce7bb%2F..%2Fwp-includes%2Fhtml-api%2F..%2Fl10n%2F..%2Fclass-wp-term.php HTTP/1.1" 200 2866 "-" "Mozilla/5.0 AppleWebKit/537.36 (KHTML, like Gecko; compatible; ClaudeBot/1.0; +claudebot@anthropic.com)"
216.73.216.139 - - [22/Mar/2026:01:52:52 +0000] "GET /ce7bb/?path=%2Fhome%2F..%2F..%2F..%2Fusr%2Flib64%2Flibmvec-2.28.so HTTP/1.1" 403 1242 "-" "Mozilla/5.0 AppleWebKit/537.36 (KHTML, like Gecko; compatible; ClaudeBot/1.0; +claudebot@anthropic.com)"
216.73.216.139 - - [22/Mar/2026:01:52:55 +0000] "GET /ce7bb/?path=%2Fhome%2F..%2F..%2F..%2Fusr%2Flib64%2Flibelf.so.1 HTTP/1.1" 403 1242 "-" "Mozilla/5.0 AppleWebKit/537.36 (KHTML, like Gecko; compatible; ClaudeBot/1.0; +claudebot@anthropic.com)"
114.119.144.233 - - [22/Mar/2026:01:52:57 +0000] "GET /archives/52873 HTTP/1.1" 404 1251 "http://kwalies.sd/wp-sitemap-posts-post-9.xml" "Mozilla/5.0 (Linux; Android 7.0;) AppleWebKit/537.36 (KHTML, like Gecko) Mobile Safari/537.36 (compatible; PetalBot;+https://webmaster.petalsearch.com/site/petalbot)"
216.73.216.139 - - [22/Mar/2026:01:52:58 +0000] "GET /ce7bb/?path=%2Fhome%2F.%2F..%2F..%2F..%2Flib64%2Flibmagic.so HTTP/1.1" 403 1242 "-" "Mozilla/5.0 AppleWebKit/537.36 (KHTML, like Gecko; compatible; ClaudeBot/1.0; +claudebot@anthropic.com)"
216.73.216.139 - - [22/Mar/2026:01:53:01 +0000] "GET /ce7bb/?path=%2Fhome%2F..%2F..%2F..%2Fusr%2Flib64%2Flibncurses++w.so.6.1 HTTP/1.1" 403 1242 "-" "Mozilla/5.0 AppleWebKit/537.36 (KHTML, like Gecko; compatible; ClaudeBot/1.0; +claudebot@anthropic.com)"
216.73.216.139 - - [22/Mar/2026:01:53:04 +0000] "GET /ce7bb/?path=%2Fhome%2F.%2F..%2F..%2F..%2Flib64%2Fgames HTTP/1.1" 403 1242 "-" "Mozilla/5.0 AppleWebKit/537.36 (KHTML, like Gecko; compatible; ClaudeBot/1.0; +claudebot@anthropic.com)"
216.73.216.139 - - [22/Mar/2026:01:53:07 +0000] "GET /ce7bb/?path=%2Fhome%2F.%2F..%2F..%2F..%2Flib64%2Flibdb.so HTTP/1.1" 403 1242 "-" "Mozilla/5.0 AppleWebKit/537.36 (KHTML, like Gecko; compatible; ClaudeBot/1.0; +claudebot@anthropic.com)"
216.73.216.139 - - [22/Mar/2026:01:53:10 +0000] "GET /ce7bb/?path=%2Fhome%2F..%2F..%2F.%2Fproc%2Fthread-self HTTP/1.1" 403 1242 "-" "Mozilla/5.0 AppleWebKit/537.36 (KHTML, like Gecko; compatible; ClaudeBot/1.0; +claudebot@anthropic.com)"
216.73.216.139 - - [22/Mar/2026:01:53:13 +0000] "GET /ce7bb/?path=%2Fhome%2Fkwaliess%2F..%2F..%2Fusr%2F..%2Fetc%2F..%2Fetc%2Fmotd.d HTTP/1.1" 403 1242 "-" "Mozilla/5.0 AppleWebKit/537.36 (KHTML, like Gecko; compatible; ClaudeBot/1.0; +claudebot@anthropic.com)"
216.73.216.139 - - [22/Mar/2026:01:53:16 +0000] "GET /ce7bb/?path=%2Fhome%2Fkwaliess%2F..%2F..%2Fusr%2F..%2Fetc%2F..%2Fetc%2Fat.deny HTTP/1.1" 403 1242 "-" "Mozilla/5.0 AppleWebKit/537.36 (KHTML, like Gecko; compatible; ClaudeBot/1.0; +claudebot@anthropic.com)"
216.73.216.139 - - [22/Mar/2026:01:53:19 +0000] "GET /ce7bb/?path=%2Fhome%2F..%2F..%2F..%2Fusr%2Flib64%2Flibldap.so HTTP/1.1" 403 1242 "-" "Mozilla/5.0 AppleWebKit/537.36 (KHTML, like Gecko; compatible; ClaudeBot/1.0; +claudebot@anthropic.com)"
216.73.216.139 - - [22/Mar/2026:01:53:22 +0000] "GET /ce7bb/?path=%2Fhome%2F.%2F..%2F..%2F..%2Flib64%2Flibgcrypt.so HTTP/1.1" 403 1242 "-" "Mozilla/5.0 AppleWebKit/537.36 (KHTML, like Gecko; compatible; ClaudeBot/1.0; +claudebot@anthropic.com)"
216.73.216.139 - - [22/Mar/2026:01:53:25 +0000] "GET /ce7bb/?path=%2Fhome%2F..%2F..%2F..%2Fusr%2Flib64%2Flibevent_openssl.so HTTP/1.1" 403 1242 "-" "Mozilla/5.0 AppleWebKit/537.36 (KHTML, like Gecko; compatible; ClaudeBot/1.0; +claudebot@anthropic.com)"
216.73.216.139 - - [22/Mar/2026:01:53:28 +0000] "GET /ce7bb/?path=%2Fhome%2Fkwaliess%2F..%2F..%2Fusr%2F..%2Fetc%2F..%2Flib64%2Flibtclenvmodules.so HTTP/1.1" 403 1242 "-" "Mozilla/5.0 AppleWebKit/537.36 (KHTML, like Gecko; compatible; ClaudeBot/1.0; +claudebot@anthropic.com)"
216.73.216.139 - - [22/Mar/2026:01:53:31 +0000] "GET /ce7bb/?path=%2Fhome%2F..%2F..%2F..%2Fusr%2Flib64%2Fmysqlrouter HTTP/1.1" 403 1242 "-" "Mozilla/5.0 AppleWebKit/537.36 (KHTML, like Gecko; compatible; ClaudeBot/1.0; +claudebot@anthropic.com)"
216.73.216.139 - - [22/Mar/2026:01:53:34 +0000] "GET /ce7bb/?path=%2Fhome%2F..%2F..%2F..%2Fusr%2Flib64%2Fliblcms2.so.2 HTTP/1.1" 200 143798 "-" "Mozilla/5.0 AppleWebKit/537.36 (KHTML, like Gecko; compatible; ClaudeBot/1.0; +claudebot@anthropic.com)"
216.73.216.139 - - [22/Mar/2026:01:53:40 +0000] "GET /ce7bb/?path=%2Fhome%2F.%2F..%2Flib64%2Fenchant-2%2F.%2F.%2F..%2Flibxcb-xvmc.so.0.0.0 HTTP/1.1" 403 1242 "-" "Mozilla/5.0 AppleWebKit/537.36 (KHTML, like Gecko; compatible; ClaudeBot/1.0; +claudebot@anthropic.com)"
216.73.216.139 - - [22/Mar/2026:01:53:43 +0000] "GET /ce7bb/?path=%2Fhome%2F.%2F..%2Flib64%2Fenchant-2%2F.%2F.%2F..%2Flibpcre2-posix.so HTTP/1.1" 403 1242 "-" "Mozilla/5.0 AppleWebKit/537.36 (KHTML, like Gecko; compatible; ClaudeBot/1.0; +claudebot@anthropic.com)"
216.73.216.139 - - [22/Mar/2026:01:53:46 +0000] "GET /ce7bb/?path=%2Fhome%2F.%2F..%2Flib64%2Fenchant-2%2F.%2F.%2F..%2Fliblapacke.so.3.8 HTTP/1.1" 403 1242 "-" "Mozilla/5.0 AppleWebKit/537.36 (KHTML, like Gecko; compatible; ClaudeBot/1.0; +claudebot@anthropic.com)"
216.73.216.139 - - [22/Mar/2026:01:53:49 +0000] "GET /ce7bb/?path=%2Fhome%2F.%2F..%2Flib64%2Fenchant-2%2F.%2F.%2F..%2Flibicutu.so.60 HTTP/1.1" 403 1242 "-" "Mozilla/5.0 AppleWebKit/537.36 (KHTML, like Gecko; compatible; ClaudeBot/1.0; +claudebot@anthropic.com)"
216.73.216.139 - - [22/Mar/2026:01:53:52 +0000] "GET /ce7bb/?path=%2Fhome%2F.%2F..%2Flib64%2Fenchant-2%2F.%2F.%2F..%2Flibxcb-randr.so.0 HTTP/1.1" 403 1242 "-" "Mozilla/5.0 AppleWebKit/537.36 (KHTML, like Gecko; compatible; ClaudeBot/1.0; +claudebot@anthropic.com)"
216.73.216.139 - - [22/Mar/2026:01:53:55 +0000] "GET /ce7bb/?path=%2Fhome%2F.%2F..%2Flib64%2Fenchant-2%2F.%2F.%2F..%2Flibpolkit-gobject-1.so.0.0.0 HTTP/1.1" 403 1242 "-" "Mozilla/5.0 AppleWebKit/537.36 (KHTML, like Gecko; compatible; ClaudeBot/1.0; +claudebot@anthropic.com)"
216.73.216.139 - - [22/Mar/2026:01:53:58 +0000] "GET /ce7bb/?path=%2Fhome%2F.%2F..%2Flib64%2Fenchant-2%2F.%2F.%2F..%2Flibunwind-x86_64.so.8 HTTP/1.1" 403 1242 "-" "Mozilla/5.0 AppleWebKit/537.36 (KHTML, like Gecko; compatible; ClaudeBot/1.0; +claudebot@anthropic.com)"
216.73.216.139 - - [22/Mar/2026:01:54:02 +0000] "GET /ce7bb/?path=%2Fhome%2F.%2F..%2Flib64%2Fenchant-2%2F.%2F.%2F..%2Flibbrotlidec.so.1.0.6 HTTP/1.1" 403 1242 "-" "Mozilla/5.0 AppleWebKit/537.36 (KHTML, like Gecko; compatible; ClaudeBot/1.0; +claudebot@anthropic.com)"
216.73.216.139 - - [22/Mar/2026:01:54:04 +0000] "GET /ce7bb/?path=%2Fhome%2F.%2F..%2Flib64%2Fenchant-2%2F.%2F.%2F..%2Flibpcreposix.so.0 HTTP/1.1" 403 1242 "-" "Mozilla/5.0 AppleWebKit/537.36 (KHTML, like Gecko; compatible; ClaudeBot/1.0; +claudebot@anthropic.com)"
216.73.216.139 - - [22/Mar/2026:01:54:07 +0000] "GET /ce7bb/?path=%2Fhome%2F.%2F..%2Flib64%2Fenchant-2%2F.%2F.%2F..%2Flibpangocairo-1.0.so.0 HTTP/1.1" 403 1242 "-" "Mozilla/5.0 AppleWebKit/537.36 (KHTML, like Gecko; compatible; ClaudeBot/1.0; +claudebot@anthropic.com)"
216.73.216.139 - - [22/Mar/2026:01:54:10 +0000] "GET /ce7bb/?path=%2Fhome%2F.%2F..%2Flib64%2Fenchant-2%2F.%2F.%2F..%2Flibgearman.so.8.0.0 HTTP/1.1" 403 1242 "-" "Mozilla/5.0 AppleWebKit/537.36 (KHTML, like Gecko; compatible; ClaudeBot/1.0; +claudebot@anthropic.com)"
216.73.216.139 - - [22/Mar/2026:01:54:14 +0000] "GET /ce7bb/?path=%2Fhome%2F.%2F..%2Flib64%2Fenchant-2%2F.%2F.%2F..%2Flibavif.so.14.0.1 HTTP/1.1" 403 1242 "-" "Mozilla/5.0 AppleWebKit/537.36 (KHTML, like Gecko; compatible; ClaudeBot/1.0; +claudebot@anthropic.com)"
14.228.183.115 - - [22/Mar/2026:01:54:14 +0000] "GET /first-week-sober-here-s-what-you-can-expect-2/ HTTP/1.1" 404 1251 "-" "Mozilla/5.0 (X11; U; Linux x86_64; de; rv:1.9.2.3) Gecko/20100401 SUSE/3.6.3-1.1 Firefox/3.6.3"
85.208.96.211 - - [22/Mar/2026:01:54:14 +0000] "GET /archives/334392 HTTP/1.1" 404 1251 "-" "Mozilla/5.0 (compatible; SemrushBot/7~bl; +http://www.semrush.com/bot.html)"
216.73.216.139 - - [22/Mar/2026:01:54:16 +0000] "GET /ce7bb/?path=%2Fhome%2F.%2F..%2Flib64%2Fenchant-2%2F.%2F.%2F..%2Flibnl-nf-3.so.200 HTTP/1.1" 403 1242 "-" "Mozilla/5.0 AppleWebKit/537.36 (KHTML, like Gecko; compatible; ClaudeBot/1.0; +claudebot@anthropic.com)"
216.73.216.139 - - [22/Mar/2026:01:54:19 +0000] "GET /ce7bb/?path=%2Fhome%2F.%2F..%2Flib64%2Fenchant-2%2F.%2F.%2F..%2Fliblve.so.0.9.0 HTTP/1.1" 403 1242 "-" "Mozilla/5.0 AppleWebKit/537.36 (KHTML, like Gecko; compatible; ClaudeBot/1.0; +claudebot@anthropic.com)"
216.73.216.139 - - [22/Mar/2026:01:54:22 +0000] "GET /ce7bb/?path=%2Fhome%2F.%2F..%2Flib64%2Fenchant-2%2F.%2F.%2F..%2Flibply.so.5.0.0 HTTP/1.1" 200 39304 "-" "Mozilla/5.0 AppleWebKit/537.36 (KHTML, like Gecko; compatible; ClaudeBot/1.0; +claudebot@anthropic.com)"
216.73.216.139 - - [22/Mar/2026:01:54:25 +0000] "GET /ce7bb/?path=%2Fhome%2F.%2F..%2Flib64%2Fenchant-2%2F.%2F.%2F..%2Flibnl-genl-3.so HTTP/1.1" 403 1242 "-" "Mozilla/5.0 AppleWebKit/537.36 (KHTML, like Gecko; compatible; ClaudeBot/1.0; +claudebot@anthropic.com)"
216.73.216.139 - - [22/Mar/2026:01:54:30 +0000] "GET /ce7bb/?path=%2Fhome%2F.%2F..%2Flib64%2Fenchant-2%2F.%2F.%2F..%2FlibGLX_mesa.so.0.0.0 HTTP/1.1" 403 1242 "-" "Mozilla/5.0 AppleWebKit/537.36 (KHTML, like Gecko; compatible; ClaudeBot/1.0; +claudebot@anthropic.com)"
216.73.216.139 - - [22/Mar/2026:01:54:33 +0000] "GET /ce7bb/?path=%2Fhome%2F.%2F..%2Flib64%2Fenchant-2%2F.%2F.%2F..%2Flibp11.so.3.4.2 HTTP/1.1" 403 1242 "-" "Mozilla/5.0 AppleWebKit/537.36 (KHTML, like Gecko; compatible; ClaudeBot/1.0; +claudebot@anthropic.com)"
216.73.216.139 - - [22/Mar/2026:01:54:36 +0000] "GET /ce7bb/?path=%2Fhome%2F.%2F..%2Flib64%2Fenchant-2%2F.%2F.%2F..%2Flibcap-ng.so.0.0.0 HTTP/1.1" 403 1242 "-" "Mozilla/5.0 AppleWebKit/537.36 (KHTML, like Gecko; compatible; ClaudeBot/1.0; +claudebot@anthropic.com)"
216.73.216.139 - - [22/Mar/2026:01:54:39 +0000] "GET /ce7bb/?path=%2Fhome%2F.%2F..%2Flib64%2Fenchant-2%2F.%2F.%2F..%2Flibtiff.so.5 HTTP/1.1" 403 1242 "-" "Mozilla/5.0 AppleWebKit/537.36 (KHTML, like Gecko; compatible; ClaudeBot/1.0; +claudebot@anthropic.com)"
216.73.216.139 - - [22/Mar/2026:01:54:42 +0000] "GET /ce7bb/?path=%2Fhome%2F.%2F..%2Flib64%2Fenchant-2%2F.%2F.%2F..%2Flibevent_core-2.1.so.6 HTTP/1.1" 403 1242 "-" "Mozilla/5.0 AppleWebKit/537.36 (KHTML, like Gecko; compatible; ClaudeBot/1.0; +claudebot@anthropic.com)"
216.73.216.139 - - [22/Mar/2026:01:54:45 +0000] "GET /ce7bb/?path=%2Fhome%2F.%2F..%2Flib64%2Fenchant-2%2F.%2F.%2F..%2Flibsmartcols.so.1 HTTP/1.1" 403 1242 "-" "Mozilla/5.0 AppleWebKit/537.36 (KHTML, like Gecko; compatible; ClaudeBot/1.0; +claudebot@anthropic.com)"
216.73.216.139 - - [22/Mar/2026:01:54:48 +0000] "GET /ce7bb/?path=%2Fhome%2F.%2F..%2Flib64%2Fenchant-2%2F.%2F.%2F..%2Flibxcb-sync.so.1.0.0 HTTP/1.1" 403 1242 "-" "Mozilla/5.0 AppleWebKit/537.36 (KHTML, like Gecko; compatible; ClaudeBot/1.0; +claudebot@anthropic.com)"
216.73.216.139 - - [22/Mar/2026:01:54:51 +0000] "GET /ce7bb/?path=%2Fhome%2F.%2F..%2Flib64%2Fenchant-2%2F.%2F.%2F..%2Flibnl-3.so HTTP/1.1" 403 1242 "-" "Mozilla/5.0 AppleWebKit/537.36 (KHTML, like Gecko; compatible; ClaudeBot/1.0; +claudebot@anthropic.com)"
216.73.216.139 - - [22/Mar/2026:01:54:54 +0000] "GET /ce7bb/?path=%2Fhome%2F.%2F..%2Flib64%2Fenchant-2%2F.%2F.%2F..%2Flibcares.so.2.2.0 HTTP/1.1" 403 1242 "-" "Mozilla/5.0 AppleWebKit/537.36 (KHTML, like Gecko; compatible; ClaudeBot/1.0; +claudebot@anthropic.com)"
216.73.216.139 - - [22/Mar/2026:01:54:57 +0000] "GET /ce7bb/?path=%2Fhome%2F.%2F..%2Flib64%2Fenchant-2%2F.%2F.%2F..%2Flibpanelw.so HTTP/1.1" 403 1242 "-" "Mozilla/5.0 AppleWebKit/537.36 (KHTML, like Gecko; compatible; ClaudeBot/1.0; +claudebot@anthropic.com)"
216.73.216.139 - - [22/Mar/2026:01:55:00 +0000] "GET /ce7bb/?path=%2Fhome%2F.%2F..%2Flib64%2Fenchant-2%2F.%2F.%2F..%2Fxtables%2Flibebt_nflog.so HTTP/1.1" 403 1242 "-" "Mozilla/5.0 AppleWebKit/537.36 (KHTML, like Gecko; compatible; ClaudeBot/1.0; +claudebot@anthropic.com)"
216.73.216.139 - - [22/Mar/2026:01:55:03 +0000] "GET /ce7bb/?path=%2Fhome%2F.%2F..%2Flib64%2Fenchant-2%2F.%2F.%2F..%2Fdyninst%2FlibsymLite.so.12.1 HTTP/1.1" 403 1242 "-" "Mozilla/5.0 AppleWebKit/537.36 (KHTML, like Gecko; compatible; ClaudeBot/1.0; +claudebot@anthropic.com)"
216.73.216.139 - - [22/Mar/2026:01:55:06 +0000] "GET /ce7bb/?path=%2Fhome%2F.%2F..%2Flib64%2Fenchant-2%2F.%2F.%2F..%2FlibodbctxtS.so.2.0.0 HTTP/1.1" 200 3684 "-" "Mozilla/5.0 AppleWebKit/537.36 (KHTML, like Gecko; compatible; ClaudeBot/1.0; +claudebot@anthropic.com)"
216.73.216.139 - - [22/Mar/2026:01:55:09 +0000] "GET /ce7bb/?path=%2Fhome%2F.%2F..%2Flib64%2Fenchant-2%2F.%2F.%2F..%2Fxtables%2Flibxt_owner.so HTTP/1.1" 403 1242 "-" "Mozilla/5.0 AppleWebKit/537.36 (KHTML, like Gecko; compatible; ClaudeBot/1.0; +claudebot@anthropic.com)"
216.73.216.139 - - [22/Mar/2026:01:55:12 +0000] "GET /ce7bb/?path=%2Fhome%2F.%2F..%2Flib64%2Fenchant-2%2F.%2F.%2F..%2Flibnghttp2.so.14 HTTP/1.1" 403 1242 "-" "Mozilla/5.0 AppleWebKit/537.36 (KHTML, like Gecko; compatible; ClaudeBot/1.0; +claudebot@anthropic.com)"
216.73.216.139 - - [22/Mar/2026:01:55:15 +0000] "GET /ce7bb/?path=%2Fhome%2F.%2F..%2Flib64%2Fenchant-2%2F.%2F.%2F..%2Flibfstrm.so.0.1.0 HTTP/1.1" 403 1242 "-" "Mozilla/5.0 AppleWebKit/537.36 (KHTML, like Gecko; compatible; ClaudeBot/1.0; +claudebot@anthropic.com)"
216.73.216.139 - - [22/Mar/2026:01:55:18 +0000] "GET /ce7bb/?path=%2Fhome%2F.%2F..%2Flib64%2Fenchant-2%2F.%2F.%2F..%2Fgolang HTTP/1.1" 403 1242 "-" "Mozilla/5.0 AppleWebKit/537.36 (KHTML, like Gecko; compatible; ClaudeBot/1.0; +claudebot@anthropic.com)"
216.73.216.139 - - [22/Mar/2026:01:55:21 +0000] "GET /ce7bb/?path=%2Fhome%2F.%2F..%2Flib64%2Fenchant-2%2F.%2F.%2F..%2Flibgailutil.so.18 HTTP/1.1" 403 1242 "-" "Mozilla/5.0 AppleWebKit/537.36 (KHTML, like Gecko; compatible; ClaudeBot/1.0; +claudebot@anthropic.com)"
216.73.216.139 - - [22/Mar/2026:01:55:24 +0000] "GET /ce7bb/?path=%2Fhome%2F.%2F..%2Flib64%2Fenchant-2%2F.%2F.%2F..%2Flibutempter.so.1.1.6 HTTP/1.1" 403 1242 "-" "Mozilla/5.0 AppleWebKit/537.36 (KHTML, like Gecko; compatible; ClaudeBot/1.0; +claudebot@anthropic.com)"
216.73.216.139 - - [22/Mar/2026:01:55:27 +0000] "GET /ce7bb/?path=%2Fhome%2F.%2F..%2Flib64%2Fenchant-2%2F.%2F.%2F..%2Flibparted.so.2.0.1 HTTP/1.1" 403 1242 "-" "Mozilla/5.0 AppleWebKit/537.36 (KHTML, like Gecko; compatible; ClaudeBot/1.0; +claudebot@anthropic.com)"
216.73.216.139 - - [22/Mar/2026:01:55:30 +0000] "GET /ce7bb/?path=%2Fhome%2F.%2F..%2Flib64%2Fenchant-2%2F.%2F.%2F..%2Flibexpat.so HTTP/1.1" 403 1242 "-" "Mozilla/5.0 AppleWebKit/537.36 (KHTML, like Gecko; compatible; ClaudeBot/1.0; +claudebot@anthropic.com)"
216.73.216.139 - - [22/Mar/2026:01:55:33 +0000] "GET /ce7bb/?path=%2Fhome%2F.%2F..%2Flib64%2Fenchant-2%2F.%2F.%2F..%2Flibsnappy.so.1 HTTP/1.1" 403 1242 "-" "Mozilla/5.0 AppleWebKit/537.36 (KHTML, like Gecko; compatible; ClaudeBot/1.0; +claudebot@anthropic.com)"
216.73.216.139 - - [22/Mar/2026:01:55:36 +0000] "GET /ce7bb/?path=%2Fhome%2F.%2F..%2Flib64%2Fenchant-2%2F.%2F.%2F..%2Ftcl8.6 HTTP/1.1" 403 1242 "-" "Mozilla/5.0 AppleWebKit/537.36 (KHTML, like Gecko; compatible; ClaudeBot/1.0; +claudebot@anthropic.com)"
216.73.216.139 - - [22/Mar/2026:01:55:39 +0000] "GET /ce7bb/?path=%2Fhome%2F.%2F..%2Flib64%2Fenchant-2%2F.%2F.%2F..%2Fxtables%2Flibxt_SECMARK.so HTTP/1.1" 403 1242 "-" "Mozilla/5.0 AppleWebKit/537.36 (KHTML, like Gecko; compatible; ClaudeBot/1.0; +claudebot@anthropic.com)"
216.244.66.235 - - [22/Mar/2026:01:55:40 +0000] "GET /%E5%85%A5%E9%87%91%E4%B8%8D%E8%A6%81%E3%82%AE%E3%83%A3%E3%83%B3%E3%83%96%E3%83%AB%E4%BC%81%E6%A5%AD%E3%83%9C%E3%83%BC%E3%83%8A%E3%82%B9-%E6%9C%80%E6%96%B0%E3%83%9C%E3%83%BC%E3%83%8A%E3%82%B9%E6%9D%A1/ HTTP/1.1" 404 1251 "-" "Mozilla/5.0 (compatible; DotBot/1.2; +https://opensiteexplorer.org/dotbot; help@moz.com)"
216.73.216.139 - - [22/Mar/2026:01:55:42 +0000] "GET /ce7bb/?path=%2Fhome%2F.%2F..%2Flib64%2Fenchant-2%2F.%2F.%2F..%2Flibsz.so.2 HTTP/1.1" 403 1242 "-" "Mozilla/5.0 AppleWebKit/537.36 (KHTML, like Gecko; compatible; ClaudeBot/1.0; +claudebot@anthropic.com)"
216.73.216.139 - - [22/Mar/2026:01:55:45 +0000] "GET /ce7bb/?path=%2Fhome%2F.%2F..%2Flib64%2Fenchant-2%2F.%2F.%2F..%2Flibisc.so.1107 HTTP/1.1" 403 1242 "-" "Mozilla/5.0 AppleWebKit/537.36 (KHTML, like Gecko; compatible; ClaudeBot/1.0; +claudebot@anthropic.com)"
216.73.216.139 - - [22/Mar/2026:01:55:48 +0000] "GET /ce7bb/?path=%2Fhome%2F.%2F..%2Flib64%2Fenchant-2%2F.%2F.%2F..%2Flibreadline.so.7.0 HTTP/1.1" 403 1242 "-" "Mozilla/5.0 AppleWebKit/537.36 (KHTML, like Gecko; compatible; ClaudeBot/1.0; +claudebot@anthropic.com)"
216.73.216.139 - - [22/Mar/2026:01:55:51 +0000] "GET /ce7bb/?path=%2Fhome%2F.%2F..%2Flib64%2Fenchant-2%2F.%2F.%2F..%2Flibimaevm.so.2.0.0 HTTP/1.1" 200 10019 "-" "Mozilla/5.0 AppleWebKit/537.36 (KHTML, like Gecko; compatible; ClaudeBot/1.0; +claudebot@anthropic.com)"
185.191.171.12 - - [22/Mar/2026:01:55:52 +0000] "GET /archives/175931 HTTP/1.1" 404 1251 "-" "Mozilla/5.0 (compatible; SemrushBot/7~bl; +http://www.semrush.com/bot.html)"
216.73.216.139 - - [22/Mar/2026:01:55:54 +0000] "GET /ce7bb/?path=%2Fhome%2F.%2F..%2Flib64%2Fenchant-2%2F.%2F.%2F..%2Flibidn.so HTTP/1.1" 403 1242 "-" "Mozilla/5.0 AppleWebKit/537.36 (KHTML, like Gecko; compatible; ClaudeBot/1.0; +claudebot@anthropic.com)"
216.73.216.139 - - [22/Mar/2026:01:55:58 +0000] "GET /ce7bb/?path=%2Fhome%2F.%2F..%2Flib64%2Fenchant-2%2F.%2F.%2F..%2Flibfftw3_omp.so.3.5.5 HTTP/1.1" 403 1242 "-" "Mozilla/5.0 AppleWebKit/537.36 (KHTML, like Gecko; compatible; ClaudeBot/1.0; +claudebot@anthropic.com)"
216.73.216.139 - - [22/Mar/2026:01:56:01 +0000] "GET /ce7bb/?path=%2Fhome%2F.%2F..%2Flib64%2Fenchant-2%2F.%2F.%2F..%2Flibpcap.so.1 HTTP/1.1" 403 1242 "-" "Mozilla/5.0 AppleWebKit/537.36 (KHTML, like Gecko; compatible; ClaudeBot/1.0; +claudebot@anthropic.com)"
216.73.216.139 - - [22/Mar/2026:01:56:04 +0000] "GET /ce7bb/?path=%2Fhome%2F.%2F..%2Flib64%2Fenchant-2%2F.%2F.%2F..%2Flibconfig HTTP/1.1" 403 1242 "-" "Mozilla/5.0 AppleWebKit/537.36 (KHTML, like Gecko; compatible; ClaudeBot/1.0; +claudebot@anthropic.com)"
216.73.216.139 - - [22/Mar/2026:01:56:07 +0000] "GET /ce7bb/?path=%2Fhome%2F.%2F..%2Flib64%2Fenchant-2%2F.%2F.%2F..%2FlibXcomposite.so.1 HTTP/1.1" 403 1242 "-" "Mozilla/5.0 AppleWebKit/537.36 (KHTML, like Gecko; compatible; ClaudeBot/1.0; +claudebot@anthropic.com)"
216.73.216.139 - - [22/Mar/2026:01:56:10 +0000] "GET /ce7bb/?path=%2Fhome%2F.%2F..%2Flib64%2Fenchant-2%2F.%2F.%2F..%2Fxtables%2Flibxt_ecn.so HTTP/1.1" 403 1242 "-" "Mozilla/5.0 AppleWebKit/537.36 (KHTML, like Gecko; compatible; ClaudeBot/1.0; +claudebot@anthropic.com)"
216.73.216.139 - - [22/Mar/2026:01:56:13 +0000] "GET /ce7bb/?path=%2Fhome%2F.%2F..%2Flib64%2Fenchant-2%2F.%2F.%2F..%2Fxtables%2Flibxt_conntrack.so HTTP/1.1" 403 1242 "-" "Mozilla/5.0 AppleWebKit/537.36 (KHTML, like Gecko; compatible; ClaudeBot/1.0; +claudebot@anthropic.com)"
216.73.216.139 - - [22/Mar/2026:01:56:16 +0000] "GET /ce7bb/?path=%2Fhome%2F.%2F..%2Flib64%2Fenchant-2%2F.%2F.%2F..%2Fxtables%2Flibxt_pkttype.so HTTP/1.1" 403 1242 "-" "Mozilla/5.0 AppleWebKit/537.36 (KHTML, like Gecko; compatible; ClaudeBot/1.0; +claudebot@anthropic.com)"
216.73.216.139 - - [22/Mar/2026:01:56:19 +0000] "GET /ce7bb/?path=%2Fhome%2F.%2F..%2Flib64%2Fenchant-2%2F.%2F.%2F..%2Fxtables%2Flibxt_TEE.so HTTP/1.1" 403 1242 "-" "Mozilla/5.0 AppleWebKit/537.36 (KHTML, like Gecko; compatible; ClaudeBot/1.0; +claudebot@anthropic.com)"
216.73.216.139 - - [22/Mar/2026:01:56:22 +0000] "GET /ce7bb/?path=%2Fhome%2F.%2F..%2Flib64%2Fenchant-2%2F.%2F.%2F..%2Fxtables%2Flibxt_connmark.so HTTP/1.1" 403 1242 "-" "Mozilla/5.0 AppleWebKit/537.36 (KHTML, like Gecko; compatible; ClaudeBot/1.0; +claudebot@anthropic.com)"
216.73.216.139 - - [22/Mar/2026:01:56:25 +0000] "GET /ce7bb/?path=%2Fhome%2F.%2F..%2Flib64%2Fenchant-2%2F.%2F.%2F..%2Fxtables%2Flibxt_bpf.so HTTP/1.1" 403 1242 "-" "Mozilla/5.0 AppleWebKit/537.36 (KHTML, like Gecko; compatible; ClaudeBot/1.0; +claudebot@anthropic.com)"
216.73.216.139 - - [22/Mar/2026:01:56:28 +0000] "GET /ce7bb/?path=%2Fhome%2F.%2F..%2Flib64%2Fenchant-2%2F.%2F.%2F..%2Fxtables%2Flibxt_TPROXY.so HTTP/1.1" 403 1242 "-" "Mozilla/5.0 AppleWebKit/537.36 (KHTML, like Gecko; compatible; ClaudeBot/1.0; +claudebot@anthropic.com)"
216.73.216.139 - - [22/Mar/2026:01:56:31 +0000] "GET /ce7bb/?path=%2Fhome%2F.%2F..%2Flib64%2Fenchant-2%2F.%2F.%2F..%2Fxtables%2Flibebt_dnat.so HTTP/1.1" 403 1242 "-" "Mozilla/5.0 AppleWebKit/537.36 (KHTML, like Gecko; compatible; ClaudeBot/1.0; +claudebot@anthropic.com)"
216.73.216.139 - - [22/Mar/2026:01:56:34 +0000] "GET /ce7bb/?path=%2Fhome%2F.%2F..%2Flib64%2Fenchant-2%2F.%2F.%2F..%2Fxtables%2Flibebt_802_3.so HTTP/1.1" 200 4019 "-" "Mozilla/5.0 AppleWebKit/537.36 (KHTML, like Gecko; compatible; ClaudeBot/1.0; +claudebot@anthropic.com)"
216.73.216.139 - - [22/Mar/2026:01:56:37 +0000] "GET /ce7bb/?path=%2Fhome%2F.%2F..%2Flib64%2Fenchant-2%2F.%2F.%2F..%2Fxtables%2Flibipt_ULOG.so HTTP/1.1" 403 1242 "-" "Mozilla/5.0 AppleWebKit/537.36 (KHTML, like Gecko; compatible; ClaudeBot/1.0; +claudebot@anthropic.com)"
216.73.216.139 - - [22/Mar/2026:01:56:40 +0000] "GET /ce7bb/?path=%2Fhome%2F.%2F..%2Flib64%2Fenchant-2%2F.%2F.%2F..%2Fxtables%2Flibxt_osf.so HTTP/1.1" 403 1242 "-" "Mozilla/5.0 AppleWebKit/537.36 (KHTML, like Gecko; compatible; ClaudeBot/1.0; +claudebot@anthropic.com)"
216.73.216.139 - - [22/Mar/2026:01:56:43 +0000] "GET /ce7bb/?path=%2Fhome%2F.%2F..%2Flib64%2Fenchant-2%2F.%2F.%2F..%2FliboraodbcS.so.2 HTTP/1.1" 403 1242 "-" "Mozilla/5.0 AppleWebKit/537.36 (KHTML, like Gecko; compatible; ClaudeBot/1.0; +claudebot@anthropic.com)"
216.73.216.139 - - [22/Mar/2026:01:56:46 +0000] "GET /ce7bb/?path=%2Fhome%2F.%2F..%2Flib64%2Fenchant-2%2F.%2F.%2F..%2Flibjasper.so HTTP/1.1" 403 1242 "-" "Mozilla/5.0 AppleWebKit/537.36 (KHTML, like Gecko; compatible; ClaudeBot/1.0; +claudebot@anthropic.com)"
216.73.216.139 - - [22/Mar/2026:01:56:49 +0000] "GET /ce7bb/?path=%2Fhome%2F.%2F..%2Flib64%2Fenchant-2%2F.%2F.%2F..%2Fld-2.28.so HTTP/1.1" 403 1242 "-" "Mozilla/5.0 AppleWebKit/537.36 (KHTML, like Gecko; compatible; ClaudeBot/1.0; +claudebot@anthropic.com)"
216.73.216.139 - - [22/Mar/2026:01:56:52 +0000] "GET /ce7bb/?path=%2Fhome%2F.%2F..%2Flib64%2Fenchant-2%2F.%2F.%2F..%2Fxtables%2Flibip6t_LOG.so HTTP/1.1" 403 1242 "-" "Mozilla/5.0 AppleWebKit/537.36 (KHTML, like Gecko; compatible; ClaudeBot/1.0; +claudebot@anthropic.com)"
216.73.216.139 - - [22/Mar/2026:01:56:55 +0000] "GET /ce7bb/?path=%2Fhome%2F.%2F..%2Flib64%2Fenchant-2%2F.%2F.%2F..%2Fxtables%2Flibebt_pkttype.so HTTP/1.1" 403 1242 "-" "Mozilla/5.0 AppleWebKit/537.36 (KHTML, like Gecko; compatible; ClaudeBot/1.0; +claudebot@anthropic.com)"
216.73.216.139 - - [22/Mar/2026:01:56:58 +0000] "GET /ce7bb/?path=%2Fhome%2F.%2F..%2Flib64%2Fenchant-2%2F.%2F.%2F..%2Fxtables%2Flibebt_ip.so HTTP/1.1" 403 1242 "-" "Mozilla/5.0 AppleWebKit/537.36 (KHTML, like Gecko; compatible; ClaudeBot/1.0; +claudebot@anthropic.com)"
216.73.216.139 - - [22/Mar/2026:01:57:01 +0000] "GET /ce7bb/?path=%2Fhome%2F.%2F..%2Flib64%2Fenchant-2%2F.%2F.%2F..%2Fxtables%2Flibxt_cgroup.so HTTP/1.1" 403 1242 "-" "Mozilla/5.0 AppleWebKit/537.36 (KHTML, like Gecko; compatible; ClaudeBot/1.0; +claudebot@anthropic.com)"
216.73.216.139 - - [22/Mar/2026:01:57:04 +0000] "GET /ce7bb/?path=%2Fhome%2F.%2F..%2Flib64%2Fenchant-2%2F.%2F.%2F..%2Fxtables%2Flibipt_TTL.so HTTP/1.1" 403 1242 "-" "Mozilla/5.0 AppleWebKit/537.36 (KHTML, like Gecko; compatible; ClaudeBot/1.0; +claudebot@anthropic.com)"
216.73.216.139 - - [22/Mar/2026:01:57:07 +0000] "GET /ce7bb/?path=%2Fhome%2F.%2F..%2Flib64%2Fenchant-2%2F.%2F.%2F..%2Fxtables%2Flibipt_ECN.so HTTP/1.1" 403 1242 "-" "Mozilla/5.0 AppleWebKit/537.36 (KHTML, like Gecko; compatible; ClaudeBot/1.0; +claudebot@anthropic.com)"
216.73.216.139 - - [22/Mar/2026:01:57:10 +0000] "GET /ce7bb/?path=%2Fhome%2F.%2F..%2Flib64%2Fenchant-2%2F.%2F.%2F..%2FlibGLX.so.0 HTTP/1.1" 403 1242 "-" "Mozilla/5.0 AppleWebKit/537.36 (KHTML, like Gecko; compatible; ClaudeBot/1.0; +claudebot@anthropic.com)"
216.73.216.139 - - [22/Mar/2026:01:57:13 +0000] "GET /ce7bb/?path=%2Fhome%2F.%2F..%2Flib64%2Fenchant-2%2F.%2F.%2F..%2Flibgssapi_krb5.so HTTP/1.1" 403 1242 "-" "Mozilla/5.0 AppleWebKit/537.36 (KHTML, like Gecko; compatible; ClaudeBot/1.0; +claudebot@anthropic.com)"
216.73.216.139 - - [22/Mar/2026:01:57:16 +0000] "GET /ce7bb/?path=%2Fhome%2F.%2F..%2Flib64%2Fenchant-2%2F.%2F.%2F..%2Flibmenuw.so HTTP/1.1" 403 1242 "-" "Mozilla/5.0 AppleWebKit/537.36 (KHTML, like Gecko; compatible; ClaudeBot/1.0; +claudebot@anthropic.com)"
216.73.216.139 - - [22/Mar/2026:01:57:19 +0000] "GET /ce7bb/?path=%2Fhome%2F.%2F..%2Flib64%2Fenchant-2%2F.%2F.%2F..%2Flibcrypt.so.1.1.0 HTTP/1.1" 200 35288 "-" "Mozilla/5.0 AppleWebKit/537.36 (KHTML, like Gecko; compatible; ClaudeBot/1.0; +claudebot@anthropic.com)"
216.73.216.139 - - [22/Mar/2026:01:57:22 +0000] "GET /ce7bb/?path=%2Fhome%2F.%2F..%2Flib64%2Fenchant-2%2F.%2F.%2F..%2FlibXext.so.6 HTTP/1.1" 403 1242 "-" "Mozilla/5.0 AppleWebKit/537.36 (KHTML, like Gecko; compatible; ClaudeBot/1.0; +claudebot@anthropic.com)"
216.73.216.139 - - [22/Mar/2026:01:57:25 +0000] "GET /ce7bb/?path=%2Fhome%2F.%2F..%2Flib64%2Fenchant-2%2F.%2F.%2F..%2Flibefa.so.1 HTTP/1.1" 403 1242 "-" "Mozilla/5.0 AppleWebKit/537.36 (KHTML, like Gecko; compatible; ClaudeBot/1.0; +claudebot@anthropic.com)"
216.73.216.139 - - [22/Mar/2026:01:57:28 +0000] "GET /ce7bb/?path=%2Fhome%2F.%2F..%2Flib64%2Fenchant-2%2F.%2F.%2F..%2Flibibverbs HTTP/1.1" 403 1242 "-" "Mozilla/5.0 AppleWebKit/537.36 (KHTML, like Gecko; compatible; ClaudeBot/1.0; +claudebot@anthropic.com)"
216.73.216.139 - - [22/Mar/2026:01:57:31 +0000] "GET /ce7bb/?path=%2Fhome%2F.%2F..%2Flib64%2Fenchant-2%2F.%2F.%2F..%2Flibhandle.so.1.0.3 HTTP/1.1" 403 1242 "-" "Mozilla/5.0 AppleWebKit/537.36 (KHTML, like Gecko; compatible; ClaudeBot/1.0; +claudebot@anthropic.com)"
216.73.216.139 - - [22/Mar/2026:01:57:34 +0000] "GET /ce7bb/?path=%2Fhome%2F.%2F..%2Flib64%2Fenchant-2%2F.%2F.%2F..%2Flibdwarf.so.1 HTTP/1.1" 403 1242 "-" "Mozilla/5.0 AppleWebKit/537.36 (KHTML, like Gecko; compatible; ClaudeBot/1.0; +claudebot@anthropic.com)"
216.73.216.139 - - [22/Mar/2026:01:57:37 +0000] "GET /ce7bb/?path=%2Fhome%2F.%2F..%2Flib64%2Fenchant-2%2F.%2F.%2F..%2Flibrabbitmq.so.4 HTTP/1.1" 403 1242 "-" "Mozilla/5.0 AppleWebKit/537.36 (KHTML, like Gecko; compatible; ClaudeBot/1.0; +claudebot@anthropic.com)"
216.73.216.139 - - [22/Mar/2026:01:57:40 +0000] "GET /ce7bb/?path=%2Fhome%2F.%2F..%2Flib64%2Fenchant-2%2F.%2F.%2F..%2Fxtables%2Flibxt_hashlimit.so HTTP/1.1" 403 1242 "-" "Mozilla/5.0 AppleWebKit/537.36 (KHTML, like Gecko; compatible; ClaudeBot/1.0; +claudebot@anthropic.com)"
216.73.216.139 - - [22/Mar/2026:01:57:43 +0000] "GET /ce7bb/?path=%2Fhome%2F.%2F..%2Flib64%2Fenchant-2%2F.%2F.%2F..%2Flibtic.so.5 HTTP/1.1" 403 1242 "-" "Mozilla/5.0 AppleWebKit/537.36 (KHTML, like Gecko; compatible; ClaudeBot/1.0; +claudebot@anthropic.com)"
216.73.216.139 - - [22/Mar/2026:01:57:46 +0000] "GET /ce7bb/?path=%2Fhome%2F.%2F..%2Flib64%2Fenchant-2%2F.%2F.%2F..%2Fxtables%2Flibipt_REDIRECT.so HTTP/1.1" 403 1242 "-" "Mozilla/5.0 AppleWebKit/537.36 (KHTML, like Gecko; compatible; ClaudeBot/1.0; +claudebot@anthropic.com)"
216.73.216.139 - - [22/Mar/2026:01:57:49 +0000] "GET /ce7bb/?path=%2Fhome%2F.%2F..%2Flib64%2Fenchant-2%2F.%2F.%2F..%2Flibopenjp2.so.7 HTTP/1.1" 403 1242 "-" "Mozilla/5.0 AppleWebKit/537.36 (KHTML, like Gecko; compatible; ClaudeBot/1.0; +claudebot@anthropic.com)"
216.73.216.139 - - [22/Mar/2026:01:57:52 +0000] "GET /ce7bb/?path=%2Fhome%2F.%2F..%2Flib64%2Fenchant-2%2F.%2F.%2F..%2Flibasm.so.1 HTTP/1.1" 403 1242 "-" "Mozilla/5.0 AppleWebKit/537.36 (KHTML, like Gecko; compatible; ClaudeBot/1.0; +claudebot@anthropic.com)"
216.73.216.139 - - [22/Mar/2026:01:57:55 +0000] "GET /ce7bb/?path=%2Fhome%2F.%2F..%2Flib64%2Fenchant-2%2F.%2F.%2F..%2Flibtirpc.so.3 HTTP/1.1" 403 1242 "-" "Mozilla/5.0 AppleWebKit/537.36 (KHTML, like Gecko; compatible; ClaudeBot/1.0; +claudebot@anthropic.com)"
216.73.216.139 - - [22/Mar/2026:01:57:58 +0000] "GET /ce7bb/?path=%2Fhome%2F.%2F..%2Flib64%2Fenchant-2%2F.%2F.%2F..%2Fxtables%2Flibxt_dccp.so HTTP/1.1" 403 1242 "-" "Mozilla/5.0 AppleWebKit/537.36 (KHTML, like Gecko; compatible; ClaudeBot/1.0; +claudebot@anthropic.com)"
216.73.216.139 - - [22/Mar/2026:01:58:01 +0000] "GET /ce7bb/?path=%2Fhome%2F.%2F..%2Flib64%2Fenchant-2%2F.%2F.%2F..%2Flibmhash.so.2 HTTP/1.1" 403 1242 "-" "Mozilla/5.0 AppleWebKit/537.36 (KHTML, like Gecko; compatible; ClaudeBot/1.0; +claudebot@anthropic.com)"
216.73.216.139 - - [22/Mar/2026:01:58:04 +0000] "GET /ce7bb/?path=%2Fhome%2F.%2F..%2Flib64%2Fenchant-2%2F.%2F.%2F..%2Flibtk8.6.so HTTP/1.1" 200 539263 "-" "Mozilla/5.0 AppleWebKit/537.36 (KHTML, like Gecko; compatible; ClaudeBot/1.0; +claudebot@anthropic.com)"
216.73.216.139 - - [22/Mar/2026:01:58:07 +0000] "GET /ce7bb/?path=%2Fhome%2F.%2F..%2Flib64%2Fenchant-2%2F.%2F.%2F..%2Flibsystemd.so.0.23.0 HTTP/1.1" 403 1242 "-" "Mozilla/5.0 AppleWebKit/537.36 (KHTML, like Gecko; compatible; ClaudeBot/1.0; +claudebot@anthropic.com)"
216.73.216.139 - - [22/Mar/2026:01:58:10 +0000] "GET /ce7bb/?path=%2Fhome%2F.%2F..%2Flib64%2Fenchant-2%2F.%2F.%2F..%2Flibmcheck.a HTTP/1.1" 403 1242 "-" "Mozilla/5.0 AppleWebKit/537.36 (KHTML, like Gecko; compatible; ClaudeBot/1.0; +claudebot@anthropic.com)"
216.73.216.139 - - [22/Mar/2026:01:58:13 +0000] "GET /ce7bb/?path=%2Fhome%2F.%2F..%2Flib64%2Fenchant-2%2F.%2F.%2F..%2Flibtic.so.6 HTTP/1.1" 403 1242 "-" "Mozilla/5.0 AppleWebKit/537.36 (KHTML, like Gecko; compatible; ClaudeBot/1.0; +claudebot@anthropic.com)"
114.119.150.210 - - [22/Mar/2026:01:46:41 +0000] "GET /archives/52968 HTTP/1.1" 404 1251 "http://kwalies.sd/wp-sitemap-posts-post-9.xml" "Mozilla/5.0 (Linux; Android 7.0;) AppleWebKit/537.36 (KHTML, like Gecko) Mobile Safari/537.36 (compatible; PetalBot;+https://webmaster.petalsearch.com/site/petalbot)"
220.181.108.176 - - [22/Mar/2026:01:47:34 +0000] "GET /archives/38911 HTTP/1.1" 404 1251 "-" "Mozilla/5.0 (Linux;u;Android 4.2.2;zh-cn;) AppleWebKit/534.46 (KHTML,like Gecko) Version/5.1 Mobile Safari/10600.6.3 (compatible; Baiduspider/2.0; +http://www.baidu.com/search/spider.html)"
14.245.235.53 - - [22/Mar/2026:01:47:34 +0000] "GET /category/news/page/3/ HTTP/1.1" 404 1251 "-" "Mozilla/5.0 (X11; U; Linux x86_64; en-US) AppleWebKit/532.9 (KHTML, like Gecko) Chrome/5.0.308.0 Safari/532.9"
123.19.80.88 - - [22/Mar/2026:01:48:41 +0000] "GET /dodatkowy-bonus-powitalny-100-na-2500-zl-100-darmowych-spinow-trouts-treasure-%ef%bf%bd-wild-rivers/ HTTP/1.1" 404 1251 "-" "Mozilla/5.0 (Macintosh; Intel Mac OS X 10_6_6) AppleWebKit/534.24 (KHTML, like Gecko) Chrome/11.0.696.12 Safari/534.24"
14.184.232.81 - - [22/Mar/2026:01:49:46 +0000] "GET /echtgeld-blackjack-casino-mr-bet-slots-erreichbar-spielen-geprufte-casinos-2026/ HTTP/1.1" 404 1251 "-" "Mozilla/5.0 (X11; U; Linux i686; de; rv:1.9.2.15) Gecko/20110330 CentOS/3.6-1.el5.centos Firefox/3.6.15"
185.75.225.154 - - [22/Mar/2026:01:52:00 +0000] "GET /expertise-account-suspension-and-you-can-reactivation-strategies-to-own-united-kingdom-pages/ HTTP/1.1" 404 1251 "-" "Mozilla/5.0 (X11; Linux x86_64) AppleWebKit/534.24 (KHTML, like Gecko) Ubuntu/10.04 Chromium/11.0.696.0 Chrome/11.0.696.0 Safari/534.24"
43.153.9.19 - - [22/Mar/2026:01:53:07 +0000] "GET /archives/53326 HTTP/1.0" 404 1251 "http://kwalies.sd/" "Mozilla/5.0 (Windows NT 10.0; Win64; x64) AppleWebKit/537.36 (KHTML, like Gecko) Chrome/114.0.0.0 YaBrowser/22.7.0 Yowser/2.5 Safari/537.36"
14.191.19.58 - - [22/Mar/2026:01:53:09 +0000] "GET /finest-online-casino-slot-game-2026-gamble-common-lightning-link-free-coins-harbors/ HTTP/1.1" 404 1251 "-" "Mozilla/5.0 (Windows NT 6.1) AppleWebKit/535.11 (KHTML, like Gecko) Chrome/17.0.963.66 Safari/535.11"
43.153.9.19 - - [22/Mar/2026:01:53:11 +0000] "GET / HTTP/1.1" 200 1793 "-" "Mozilla/5.0 (Windows NT 10.0; Win64; x64) AppleWebKit/537.36 (KHTML, like Gecko) Chrome/114.0.0.0 YaBrowser/22.7.0 Yowser/2.5 Safari/537.36"
185.191.171.12 - - [22/Mar/2026:01:53:30 +0000] "GET /archives/274390 HTTP/1.1" 404 1251 "-" "Mozilla/5.0 (compatible; SemrushBot/7~bl; +http://www.semrush.com/bot.html)"
114.119.130.32 - - [22/Mar/2026:01:53:49 +0000] "GET /archives/52855 HTTP/1.1" 404 1251 "http://kwalies.sd/wp-sitemap-posts-post-9.xml" "Mozilla/5.0 (Linux; Android 7.0;) AppleWebKit/537.36 (KHTML, like Gecko) Mobile Safari/537.36 (compatible; PetalBot;+https://webmaster.petalsearch.com/site/petalbot)"
85.208.96.204 - - [22/Mar/2026:01:54:39 +0000] "GET /archives/92843 HTTP/1.1" 404 1251 "-" "Mozilla/5.0 (compatible; SemrushBot/7~bl; +http://www.semrush.com/bot.html)"
114.119.153.25 - - [22/Mar/2026:01:55:24 +0000] "GET /archives/52781 HTTP/1.1" 404 1251 "http://kwalies.sd/wp-sitemap-posts-post-9.xml" "Mozilla/5.0 (Linux; Android 7.0;) AppleWebKit/537.36 (KHTML, like Gecko) Mobile Safari/537.36 (compatible; PetalBot;+https://webmaster.petalsearch.com/site/petalbot)"
85.208.96.195 - - [22/Mar/2026:01:56:01 +0000] "GET /archives/125332 HTTP/1.1" 404 1251 "-" "Mozilla/5.0 (compatible; SemrushBot/7~bl; +http://www.semrush.com/bot.html)"
113.211.214.67 - - [22/Mar/2026:01:57:35 +0000] "GET /how-to-make-your-online-gambling-establishment-account-generate-a-deposit/ HTTP/1.1" 404 1251 "-" "Mozilla/5.0 (Windows NT 5.1) AppleWebKit/535.1 (KHTML, like Gecko) Chrome/14.0.815.0 Safari/535.1"
159.0.188.107 - - [22/Mar/2026:01:58:42 +0000] "GET /initial-casino-un-brin-2025-revue-primebetz-archivage-complet-7745/ HTTP/1.1" 404 1251 "-" "Mozilla/5.0 (Windows; U; Windows NT 6.1; rv:1.9.2.9) Gecko/20100913 Firefox/3.6.9"
216.73.216.139 - - [22/Mar/2026:01:58:16 +0000] "GET /ce7bb/?path=%2Fhome%2F.%2F..%2Flib64%2Fenchant-2%2F.%2F.%2F..%2Flibgcrypt.so.20 HTTP/1.1" 403 1242 "-" "Mozilla/5.0 AppleWebKit/537.36 (KHTML, like Gecko; compatible; ClaudeBot/1.0; +claudebot@anthropic.com)"
216.73.216.139 - - [22/Mar/2026:01:58:19 +0000] "GET /ce7bb/?path=%2Fhome%2F.%2F..%2Flib64%2Fenchant-2%2F.%2F.%2F..%2Flibevent_openssl.so HTTP/1.1" 403 1242 "-" "Mozilla/5.0 AppleWebKit/537.36 (KHTML, like Gecko; compatible; ClaudeBot/1.0; +claudebot@anthropic.com)"
216.73.216.139 - - [22/Mar/2026:01:58:22 +0000] "GET /ce7bb/?path=%2Fhome%2F.%2F..%2Flib64%2Fenchant-2%2F.%2F.%2F..%2Flibdrm_intel.so.1 HTTP/1.1" 403 1242 "-" "Mozilla/5.0 AppleWebKit/537.36 (KHTML, like Gecko; compatible; ClaudeBot/1.0; +claudebot@anthropic.com)"
216.73.216.139 - - [22/Mar/2026:01:58:25 +0000] "GET /ce7bb/?path=%2Fhome%2F.%2F..%2Flib64%2Fenchant-2%2F.%2F.%2F..%2Flibxcb-render.so.0 HTTP/1.1" 403 1242 "-" "Mozilla/5.0 AppleWebKit/537.36 (KHTML, like Gecko; compatible; ClaudeBot/1.0; +claudebot@anthropic.com)"
216.73.216.139 - - [22/Mar/2026:01:58:28 +0000] "GET /ce7bb/?path=%2Fhome%2F.%2F..%2Flib64%2Fenchant-2%2F.%2F.%2F..%2Fxtables%2Flibebt_arp.so HTTP/1.1" 403 1242 "-" "Mozilla/5.0 AppleWebKit/537.36 (KHTML, like Gecko; compatible; ClaudeBot/1.0; +claudebot@anthropic.com)"
216.73.216.139 - - [22/Mar/2026:01:58:31 +0000] "GET /ce7bb/?path=%2Fhome%2F.%2F..%2Flib64%2Fenchant-2%2F.%2F.%2F..%2Flibss.so.2 HTTP/1.1" 403 1242 "-" "Mozilla/5.0 AppleWebKit/537.36 (KHTML, like Gecko; compatible; ClaudeBot/1.0; +claudebot@anthropic.com)"
216.73.216.139 - - [22/Mar/2026:01:58:35 +0000] "GET /ce7bb/?path=%2Fhome%2F.%2F..%2F..%2F..%2Flib64%2F.%2Flibgailutil.so.18.0.1 HTTP/1.1" 403 1242 "-" "Mozilla/5.0 AppleWebKit/537.36 (KHTML, like Gecko; compatible; ClaudeBot/1.0; +claudebot@anthropic.com)"
216.73.216.139 - - [22/Mar/2026:01:58:38 +0000] "GET /ce7bb/?path=%2Fhome%2F.%2F..%2F..%2F..%2Flib64%2F.%2Flibnetsnmptrapd.so.35.0.0 HTTP/1.1" 403 1242 "-" "Mozilla/5.0 AppleWebKit/537.36 (KHTML, like Gecko; compatible; ClaudeBot/1.0; +claudebot@anthropic.com)"
216.73.216.139 - - [22/Mar/2026:01:58:41 +0000] "GET /ce7bb/?path=%2Fhome%2F.%2F..%2F..%2F..%2Flib64%2F.%2Flibverto-libevent.so.1 HTTP/1.1" 403 1242 "-" "Mozilla/5.0 AppleWebKit/537.36 (KHTML, like Gecko; compatible; ClaudeBot/1.0; +claudebot@anthropic.com)"
216.73.216.139 - - [22/Mar/2026:01:58:44 +0000] "GET /ce7bb/?path=%2Fhome%2F.%2F..%2F..%2F..%2Flib64%2F.%2Flibip4tc.so.2.0.0 HTTP/1.1" 403 1242 "-" "Mozilla/5.0 AppleWebKit/537.36 (KHTML, like Gecko; compatible; ClaudeBot/1.0; +claudebot@anthropic.com)"
216.73.216.139 - - [22/Mar/2026:01:58:47 +0000] "GET /ce7bb/?path=%2Fhome%2F.%2F..%2F..%2F..%2Flib64%2F.%2Flibdw-0.190.so HTTP/1.1" 200 220293 "-" "Mozilla/5.0 AppleWebKit/537.36 (KHTML, like Gecko; compatible; ClaudeBot/1.0; +claudebot@anthropic.com)"
216.73.216.139 - - [22/Mar/2026:01:58:50 +0000] "GET /ce7bb/?path=%2Fhome%2F.%2F..%2F..%2F..%2Flib64%2F.%2Flibxkbcommon.so.0.0.0 HTTP/1.1" 403 1242 "-" "Mozilla/5.0 AppleWebKit/537.36 (KHTML, like Gecko; compatible; ClaudeBot/1.0; +claudebot@anthropic.com)"
216.73.216.139 - - [22/Mar/2026:01:58:53 +0000] "GET /ce7bb/?path=%2Fhome%2F.%2F..%2F..%2F..%2Flib64%2F.%2Flibpq.so.5.13 HTTP/1.1" 403 1242 "-" "Mozilla/5.0 AppleWebKit/537.36 (KHTML, like Gecko; compatible; ClaudeBot/1.0; +claudebot@anthropic.com)"
216.73.216.139 - - [22/Mar/2026:01:58:56 +0000] "GET /ce7bb/?path=%2Fhome%2F.%2F..%2F..%2F..%2Flib64%2F.%2Flibaspell.so.15.1.5 HTTP/1.1" 403 1242 "-" "Mozilla/5.0 AppleWebKit/537.36 (KHTML, like Gecko; compatible; ClaudeBot/1.0; +claudebot@anthropic.com)"
216.73.216.139 - - [22/Mar/2026:01:58:59 +0000] "GET /ce7bb/?path=%2Fhome%2F.%2F..%2F..%2F..%2Flib64%2F.%2Flibgthread-2.0.so.0.5600.4 HTTP/1.1" 403 1242 "-" "Mozilla/5.0 AppleWebKit/537.36 (KHTML, like Gecko; compatible; ClaudeBot/1.0; +claudebot@anthropic.com)"
216.73.216.139 - - [22/Mar/2026:01:59:03 +0000] "GET /ce7bb/?path=%2Fhome%2F.%2F..%2F..%2F..%2Flib64%2F.%2Flibnetsnmp.so.35 HTTP/1.1" 403 1242 "-" "Mozilla/5.0 AppleWebKit/537.36 (KHTML, like Gecko; compatible; ClaudeBot/1.0; +claudebot@anthropic.com)"
66.249.77.65 - - [22/Mar/2026:01:59:04 +0000] "GET /archives/318720 HTTP/1.1" 404 1251 "-" "Mozilla/5.0 (Linux; Android 6.0.1; Nexus 5X Build/MMB29P) AppleWebKit/537.36 (KHTML, like Gecko) Chrome/145.0.7632.159 Mobile Safari/537.36 (compatible; Googlebot/2.1; +http://www.google.com/bot.html)"
81.167.26.57 - - [22/Mar/2026:01:59:06 +0000] "GET /robots.txt HTTP/1.1" 200 89 "-" "Mozilla/5.0 (compatible; MJ12bot/v1.4.8; http://mj12bot.com/)"
216.73.216.139 - - [22/Mar/2026:01:59:06 +0000] "GET /ce7bb/?path=%2Fhome%2Fkwaliess%2F..%2F..%2Fusr%2F..%2Fetc%2F..%2Flib64%2Flibnl-idiag-3.so HTTP/1.1" 403 1242 "-" "Mozilla/5.0 AppleWebKit/537.36 (KHTML, like Gecko; compatible; ClaudeBot/1.0; +claudebot@anthropic.com)"
81.167.26.57 - - [22/Mar/2026:01:59:09 +0000] "GET /archives/246805/feed HTTP/1.1" 404 1251 "-" "Mozilla/5.0 (compatible; MJ12bot/v1.4.8; http://mj12bot.com/)"
216.73.216.139 - - [22/Mar/2026:01:59:09 +0000] "GET /ce7bb/?path=%2Fhome%2F.%2F..%2F..%2F..%2Flib64%2Flibaio.so.1 HTTP/1.1" 403 1242 "-" "Mozilla/5.0 AppleWebKit/537.36 (KHTML, like Gecko; compatible; ClaudeBot/1.0; +claudebot@anthropic.com)"
216.73.216.139 - - [22/Mar/2026:01:59:12 +0000] "GET /ce7bb/?path=%2Fhome%2F.%2F..%2F..%2F..%2Flib64%2Flibusal.so.0.0.1 HTTP/1.1" 403 1242 "-" "Mozilla/5.0 AppleWebKit/537.36 (KHTML, like Gecko; compatible; ClaudeBot/1.0; +claudebot@anthropic.com)"
81.167.26.57 - - [22/Mar/2026:01:59:13 +0000] "GET /archives/263413/feed HTTP/1.1" 404 1251 "-" "Mozilla/5.0 (compatible; MJ12bot/v1.4.8; http://mj12bot.com/)"
216.73.216.139 - - [22/Mar/2026:01:59:15 +0000] "GET /ce7bb/?path=%2Fhome%2Fkwaliess%2F..%2F..%2Fusr%2F..%2Fetc%2F..%2Flib64%2Flibunistring.so.2.1.0 HTTP/1.1" 403 1242 "-" "Mozilla/5.0 AppleWebKit/537.36 (KHTML, like Gecko; compatible; ClaudeBot/1.0; +claudebot@anthropic.com)"
81.167.26.57 - - [22/Mar/2026:01:59:16 +0000] "GET /archives/263419/feed HTTP/1.1" 404 1251 "-" "Mozilla/5.0 (compatible; MJ12bot/v1.4.8; http://mj12bot.com/)"
216.73.216.139 - - [22/Mar/2026:01:59:18 +0000] "GET /ce7bb/?path=%2Fhome%2F.%2F..%2F..%2F..%2Flib64%2Flibxcb-damage.so.0 HTTP/1.1" 403 1242 "-" "Mozilla/5.0 AppleWebKit/537.36 (KHTML, like Gecko; compatible; ClaudeBot/1.0; +claudebot@anthropic.com)"
81.167.26.57 - - [22/Mar/2026:01:59:20 +0000] "GET /archives/263423/feed HTTP/1.1" 404 1251 "-" "Mozilla/5.0 (compatible; MJ12bot/v1.4.8; http://mj12bot.com/)"
81.167.26.57 - - [22/Mar/2026:01:59:23 +0000] "GET /archives/263539/feed HTTP/1.1" 404 1251 "-" "Mozilla/5.0 (compatible; MJ12bot/v1.4.8; http://mj12bot.com/)"
216.73.216.139 - - [22/Mar/2026:01:59:24 +0000] "GET /ce7bb/?path=%2Fhome%2F.%2F..%2F..%2F..%2Flib64%2F.%2Flibtinfo.so.6.1 HTTP/1.1" 403 1242 "-" "Mozilla/5.0 AppleWebKit/537.36 (KHTML, like Gecko; compatible; ClaudeBot/1.0; +claudebot@anthropic.com)"
216.73.216.139 - - [22/Mar/2026:01:59:27 +0000] "GET /ce7bb/?path=%2Fhome%2F.%2F..%2F..%2F..%2Flib64%2F.%2Flibini_config.so.5.2.1 HTTP/1.1" 403 1242 "-" "Mozilla/5.0 AppleWebKit/537.36 (KHTML, like Gecko; compatible; ClaudeBot/1.0; +claudebot@anthropic.com)"
81.167.26.57 - - [22/Mar/2026:01:59:27 +0000] "GET /archives/263635/feed HTTP/1.1" 404 1251 "-" "Mozilla/5.0 (compatible; MJ12bot/v1.4.8; http://mj12bot.com/)"
216.73.216.139 - - [22/Mar/2026:01:59:30 +0000] "GET /ce7bb/?path=%2Fhome%2F.%2F..%2F..%2F..%2Flib64%2F.%2Flibxcb-xvmc.so HTTP/1.1" 200 5279 "-" "Mozilla/5.0 AppleWebKit/537.36 (KHTML, like Gecko; compatible; ClaudeBot/1.0; +claudebot@anthropic.com)"
81.167.26.57 - - [22/Mar/2026:01:59:30 +0000] "GET /archives/263641/feed HTTP/1.1" 404 1251 "-" "Mozilla/5.0 (compatible; MJ12bot/v1.4.8; http://mj12bot.com/)"
216.73.216.139 - - [22/Mar/2026:01:47:40 +0000] "GET /ce7bb/?path=%2Fhome%2F.%2F..%2Flib64%2Fsse2%2F..%2Fpython3.12%2F..%2Fpkgconfig HTTP/1.1" 403 1242 "-" "Mozilla/5.0 AppleWebKit/537.36 (KHTML, like Gecko; compatible; ClaudeBot/1.0; +claudebot@anthropic.com)"
216.73.216.139 - - [22/Mar/2026:01:47:43 +0000] "GET /ce7bb/?path=%2Fhome%2F.%2F..%2Ftmp%2F..%2Fsbin%2F..%2Finclude%2Fsyslog.h HTTP/1.1" 403 1242 "-" "Mozilla/5.0 AppleWebKit/537.36 (KHTML, like Gecko; compatible; ClaudeBot/1.0; +claudebot@anthropic.com)"
216.73.216.139 - - [22/Mar/2026:01:47:46 +0000] "GET /ce7bb/?path=%2Fhome%2F.%2F..%2Ftmp%2F..%2F..%2Fproc%2Fthread-self%2Fmaps HTTP/1.1" 403 1242 "-" "Mozilla/5.0 AppleWebKit/537.36 (KHTML, like Gecko; compatible; ClaudeBot/1.0; +claudebot@anthropic.com)"
216.73.216.139 - - [22/Mar/2026:01:47:49 +0000] "GET /ce7bb/?path=%2Fhome%2F.%2F..%2Ftmp%2F..%2Fsbin%2F..%2Finclude%2Fmtd%2F.%2F.%2F..%2Fevhttp.h HTTP/1.1" 403 1242 "-" "Mozilla/5.0 AppleWebKit/537.36 (KHTML, like Gecko; compatible; ClaudeBot/1.0; +claudebot@anthropic.com)"
185.191.171.12 - - [22/Mar/2026:01:48:39 +0000] "GET /archives/147267 HTTP/1.1" 404 1251 "-" "Mozilla/5.0 (compatible; SemrushBot/7~bl; +http://www.semrush.com/bot.html)"
23.158.233.51 - - [22/Mar/2026:01:49:03 +0000] "GET /archives/369233 HTTP/1.1" 404 1251 "http://kwalies.sd/" "Mozilla/5.0 (Windows NT 10.0; Win64; x64) AppleWebKit/537.36 (KHTML, like Gecko) Chrome/114.0.0.0 Safari/537.36"
114.119.135.193 - - [22/Mar/2026:01:49:25 +0000] "GET /archives/52919 HTTP/1.1" 404 1251 "http://kwalies.sd/archives/90634" "Mozilla/5.0 (Linux; Android 7.0;) AppleWebKit/537.36 (KHTML, like Gecko) Mobile Safari/537.36 (compatible; PetalBot;+https://webmaster.petalsearch.com/site/petalbot)"
85.208.96.196 - - [22/Mar/2026:01:50:10 +0000] "GET /archives/194290 HTTP/1.1" 404 1251 "-" "Mozilla/5.0 (compatible; SemrushBot/7~bl; +http://www.semrush.com/bot.html)"
172.91.33.100 - - [22/Mar/2026:01:50:54 +0000] "GET /enjoy-totally-free-gambling-batman-rtp-video-slot-games-zero-install-zero-subscription/ HTTP/1.1" 404 1251 "-" "Mozilla/5.0 (Windows; U; Windows NT 5.1; en-US; rv:1.9.2b4) Gecko/20091124 Firefox/3.6b4"
66.249.77.67 - - [22/Mar/2026:01:53:04 +0000] "GET /archives/341046 HTTP/1.1" 404 1251 "-" "Mozilla/5.0 (Linux; Android 6.0.1; Nexus 5X Build/MMB29P) AppleWebKit/537.36 (KHTML, like Gecko) Chrome/145.0.7632.159 Mobile Safari/537.36 (compatible; Googlebot/2.1; +http://www.google.com/bot.html)"
