uawdijnntqw1x1x1
IP : 216.73.216.139
Hostname : altar28.supremepanel28.com
Kernel : Linux altar28.supremepanel28.com 4.18.0-553.83.1.lve.el8.x86_64 #1 SMP Wed Nov 12 10:04:12 UTC 2025 x86_64
Disable Function : None :)
OS : Linux
PATH:
/
home
/
kwaliess
/
public_html
/
ce7bb
/
..
/
..
/
tmp
/
..
/
access-logs
/
test.kwalies.sd-ssl_log
/
/
69.171.249.117 - - [20/Mar/2026:10:16:00 +0000] "GET /robots.txt HTTP/2" 200 0 "-" "facebookexternalhit/1.1 (+http://www.facebook.com/externalhit_uatext.php)"
57.141.6.15 - - [20/Mar/2026:10:16:03 +0000] "GET /wp-sitemap-posts-page-1.xml HTTP/2" 200 383 "-" "meta-externalagent/1.1 (+https://developers.facebook.com/docs/sharing/webmasters/crawler)"
170.10.162.87 - - [20/Mar/2026:10:16:03 +0000] "POST /wp-admin/admin-ajax.php?action=async_litespeed&nonce=4RtVZmh45ZoSFuDJaMAKJ2lR7lf1KM96&litespeed_type=imgoptm HTTP/1.1" 200 5 "-" "WordPress/6.9.4; https://test.kwalies.sd"
170.10.162.87 - - [20/Mar/2026:10:16:04 +0000] "POST /wp-cron.php HTTP/1.1" 200 0 "-" "WordPress/6.9.4; https://test.kwalies.sd"
170.10.162.87 - - [20/Mar/2026:10:16:04 +0000] "GET / HTTP/1.1" 200 9665 "-" "WordPress/6.9.4; https://test.kwalies.sd"
170.10.162.87 - - [20/Mar/2026:10:20:21 +0000] "POST /wp-cron.php?doing_wp_cron=1774002021.3058779239654541015625 HTTP/1.1" 200 0 "-" "WordPress/6.9.4; https://test.kwalies.sd"
57.141.6.30 - - [20/Mar/2026:10:36:22 +0000] "GET /wp-sitemap-users-1.xml HTTP/2" 200 250 "-" "meta-externalagent/1.1 (+https://developers.facebook.com/docs/sharing/webmasters/crawler)"
170.10.162.87 - - [20/Mar/2026:10:37:50 +0000] "POST /wp-admin/admin-ajax.php?action=async_litespeed&nonce=jh5qZhfgcmSCkaL64jH1naOTuu3tnLEz&litespeed_type=imgoptm HTTP/1.1" 200 5 "-" "WordPress/6.9.4; https://test.kwalies.sd"
170.10.162.87 - - [20/Mar/2026:10:16:04 +0000] "GET / HTTP/1.1" 200 9665 "-" "WordPress/6.9.4; https://test.kwalies.sd"
170.10.162.87 - - [20/Mar/2026:10:16:04 +0000] "GET / HTTP/1.1" 200 9665 "-" "WordPress/6.9.4; https://test.kwalies.sd"
170.10.162.87 - - [20/Mar/2026:10:16:05 +0000] "GET / HTTP/1.1" 200 9665 "-" "WordPress/6.9.4; https://test.kwalies.sd"
170.10.162.87 - - [20/Mar/2026:10:19:53 +0000] "POST /wp-cron.php?doing_wp_cron=1774001993.1983749866485595703125 HTTP/1.1" 200 0 "-" "WordPress/6.9.4; https://test.kwalies.sd"
57.141.6.23 - - [20/Mar/2026:10:19:51 +0000] "GET /wp-sitemap-posts-post-1.xml HTTP/2" 200 304 "-" "meta-externalagent/1.1 (+https://developers.facebook.com/docs/sharing/webmasters/crawler)"
57.141.6.66 - - [20/Mar/2026:10:20:21 +0000] "GET /wp-sitemap.xml HTTP/2" 200 537 "-" "meta-externalagent/1.1 (+https://developers.facebook.com/docs/sharing/webmasters/crawler)"
170.10.162.87 - - [20/Mar/2026:10:36:25 +0000] "POST /wp-admin/admin-ajax.php?action=async_litespeed&nonce=mjxPb7a90XoIIL1psFuO7wBwRek9hLQD&litespeed_type=imgoptm HTTP/1.1" 200 5 "-" "WordPress/6.9.4; https://test.kwalies.sd"
57.141.6.59 - - [20/Mar/2026:10:37:49 +0000] "GET /wp-sitemap-taxonomies-category-1.xml HTTP/2" 200 260 "-" "meta-externalagent/1.1 (+https://developers.facebook.com/docs/sharing/webmasters/crawler)"
170.10.162.87 - - [20/Mar/2026:10:16:02 +0000] "POST /wp-cron.php?doing_wp_cron=1774001762.5186729431152343750000 HTTP/1.1" 200 0 "-" "WordPress/6.9.4; https://test.kwalies.sd"
170.10.162.87 - - [20/Mar/2026:10:16:02 +0000] "POST /wp-cron.php?doing_wp_cron=1774001762.8214828968048095703125 HTTP/1.1" 200 0 "-" "WordPress/6.9.4; https://test.kwalies.sd"
69.171.249.8 - - [20/Mar/2026:10:16:02 +0000] "GET /robots.txt HTTP/2" 200 116 "-" "facebookexternalhit/1.1 (+http://www.facebook.com/externalhit_uatext.php)"
170.10.162.87 - - [20/Mar/2026:10:16:04 +0000] "GET / HTTP/1.1" 200 9665 "-" "WordPress/6.9.4; https://test.kwalies.sd"
170.10.162.87 - - [20/Mar/2026:10:19:53 +0000] "POST /wp-admin/admin-ajax.php?action=async_litespeed&nonce=16uJtTK0qdtHiqHW3O44im7K15HS4w2C&litespeed_type=imgoptm HTTP/1.1" 200 5 "-" "WordPress/6.9.4; https://test.kwalies.sd"
170.10.162.87 - - [20/Mar/2026:10:36:24 +0000] "POST /wp-cron.php?doing_wp_cron=1774002984.5866990089416503906250 HTTP/1.1" 200 0 "-" "WordPress/6.9.4; https://test.kwalies.sd"
170.10.162.87 - - [20/Mar/2026:10:37:49 +0000] "POST /wp-cron.php?doing_wp_cron=1774003069.5282239913940429687500 HTTP/1.1" 200 0 "-" "WordPress/6.9.4; https://test.kwalies.sd"
170.10.162.87 - - [20/Mar/2026:13:49:09 +0000] "POST /wp-cron.php?doing_wp_cron=1774014549.5973339080810546875000 HTTP/1.1" 200 0 "-" "WordPress/6.9.4; https://test.kwalies.sd"
170.10.162.87 - - [20/Mar/2026:13:49:09 +0000] "POST /wp-admin/admin-ajax.php?action=async_litespeed&nonce=siYYgV7aSSdDwI9onHS67QNakrGDpGW6&litespeed_type=imgoptm HTTP/1.1" 200 5 "-" "WordPress/6.9.4; https://test.kwalies.sd"
74.7.175.165 - - [20/Mar/2026:13:49:07 +0000] "GET /robots.txt HTTP/2" 200 94 "-" "Mozilla/5.0 (Macintosh; Intel Mac OS X 10_15_7) AppleWebKit/537.36 (KHTML, like Gecko) Chrome/131.0.0.0 Safari/537.36; compatible; OAI-SearchBot/1.3; robots.txt; +https://openai.com/searchbot"
34.10.160.156 - - [20/Mar/2026:14:28:17 +0000] "POST / HTTP/1.1" 200 10959 "https://test.kwalies.sd/" "Mozilla/5.0 (Macintosh; Intel Mac OS X 10.15; rv:140.0) Gecko/20100101 Firefox/140.0"
170.10.162.87 - - [20/Mar/2026:14:28:19 +0000] "POST /wp-cron.php?doing_wp_cron=1774016899.6212530136108398437500 HTTP/1.1" 200 0 "-" "WordPress/6.9.4; https://test.kwalies.sd"
170.10.162.87 - - [20/Mar/2026:14:28:19 +0000] "POST /wp-admin/admin-ajax.php?action=async_litespeed&nonce=DKZecUoC1ljgeJuYdBdwjyNmxVPLUMIQ&litespeed_type=imgoptm HTTP/1.1" 200 5 "-" "WordPress/6.9.4; https://test.kwalies.sd"
172.70.248.61 - - [20/Mar/2026:14:54:38 +0000] "GET /.git/refs/heads/master HTTP/2" 403 1242 "-" "-"
172.70.248.61 - - [20/Mar/2026:14:54:38 +0000] "GET /.env.staging HTTP/2" 301 0 "-" "-"
172.70.248.61 - - [20/Mar/2026:14:54:38 +0000] "GET /.env.test HTTP/2" 301 0 "-" "-"
170.10.162.87 - - [20/Mar/2026:14:54:40 +0000] "POST /wp-cron.php?doing_wp_cron=1774018480.0727798938751220703125 HTTP/1.1" 200 0 "-" "WordPress/6.9.4; https://test.kwalies.sd"
172.70.248.61 - - [20/Mar/2026:14:54:40 +0000] "GET /.env.backup HTTP/2" 301 0 "-" "-"
172.70.248.61 - - [20/Mar/2026:14:54:40 +0000] "GET /app/.env HTTP/2" 403 1242 "-" "-"
172.70.248.61 - - [20/Mar/2026:14:54:40 +0000] "GET /backend/.env HTTP/2" 403 1242 "-" "-"
172.70.248.61 - - [20/Mar/2026:14:54:40 +0000] "GET /api/.env HTTP/2" 403 1242 "-" "-"
172.70.248.61 - - [20/Mar/2026:14:54:40 +0000] "GET /.env.development.local HTTP/2" 301 0 "-" "-"
172.70.248.82 - - [20/Mar/2026:14:54:41 +0000] "GET /.env.staging HTTP/2" 404 7223 "-" "-"
172.70.248.155 - - [20/Mar/2026:14:54:42 +0000] "GET /.env.backup HTTP/2" 404 7223 "-" "-"
172.70.248.155 - - [20/Mar/2026:14:54:42 +0000] "GET /.env.development HTTP/2" 404 7223 "-" "-"
172.70.248.154 - - [20/Mar/2026:14:54:42 +0000] "GET /.env.example HTTP/2" 404 7223 "-" "-"
172.70.248.61 - - [20/Mar/2026:14:54:42 +0000] "GET /.env.php HTTP/2" 301 0 "-" "-"
172.70.248.106 - - [20/Mar/2026:14:54:42 +0000] "GET /.env.save HTTP/2" 404 7223 "-" "-"
172.70.248.61 - - [20/Mar/2026:14:54:43 +0000] "GET /.env.orig HTTP/2" 301 0 "-" "-"
172.70.248.155 - - [20/Mar/2026:14:54:43 +0000] "GET /.env.php HTTP/2" 404 7223 "-" "-"
172.70.248.155 - - [20/Mar/2026:14:54:43 +0000] "GET /.env.json HTTP/2" 404 7223 "-" "-"
172.70.248.155 - - [20/Mar/2026:14:54:43 +0000] "GET /.env2 HTTP/2" 404 7223 "-" "-"
172.70.248.155 - - [20/Mar/2026:14:54:43 +0000] "GET /.envrc HTTP/2" 404 7223 "-" "-"
172.70.248.61 - - [20/Mar/2026:14:54:44 +0000] "GET /srv/.env HTTP/2" 403 1242 "-" "-"
172.70.248.82 - - [20/Mar/2026:14:54:44 +0000] "GET /.env.production.bak HTTP/2" 404 7223 "-" "-"
172.70.248.106 - - [20/Mar/2026:14:54:44 +0000] "GET /.env.dist HTTP/2" 404 7223 "-" "-"
172.70.248.82 - - [20/Mar/2026:14:54:44 +0000] "GET /.env.orig HTTP/2" 404 7223 "-" "-"
172.70.248.61 - - [20/Mar/2026:14:54:44 +0000] "GET /web/.env HTTP/2" 403 1242 "-" "-"
172.70.248.61 - - [20/Mar/2026:14:54:44 +0000] "GET /site/.env HTTP/2" 403 1242 "-" "-"
172.70.248.82 - - [20/Mar/2026:14:54:44 +0000] "GET /.env.dev.local HTTP/2" 404 7223 "-" "-"
172.70.248.82 - - [20/Mar/2026:14:54:44 +0000] "GET /.env.container HTTP/2" 404 7223 "-" "-"
172.70.248.61 - - [20/Mar/2026:14:54:44 +0000] "GET /var/www/.env HTTP/2" 403 1242 "-" "-"
172.70.248.106 - - [20/Mar/2026:14:54:44 +0000] "GET /docker-compose.env HTTP/2" 404 7223 "-" "-"
172.70.248.82 - - [20/Mar/2026:14:54:44 +0000] "GET /docker/.env.local HTTP/2" 404 7223 "-" "-"
172.70.248.61 - - [20/Mar/2026:14:54:44 +0000] "GET /root/.env HTTP/2" 403 1242 "-" "-"
172.70.248.61 - - [20/Mar/2026:14:54:44 +0000] "GET /.env_settings HTTP/2" 301 0 "-" "-"
172.70.248.106 - - [20/Mar/2026:14:54:45 +0000] "GET /.env_secret HTTP/2" 404 7223 "-" "-"
172.70.248.201 - - [20/Mar/2026:14:54:38 +0000] "GET /.git/HEAD HTTP/2" 403 1242 "-" "-"
172.70.248.17 - - [20/Mar/2026:14:54:38 +0000] "GET /.git/logs/HEAD HTTP/2" 403 1242 "-" "-"
172.70.248.17 - - [20/Mar/2026:14:54:38 +0000] "GET /.env HTTP/2" 403 1242 "-" "-"
172.70.248.17 - - [20/Mar/2026:14:54:38 +0000] "GET /.env.local HTTP/2" 301 0 "-" "-"
172.70.248.17 - - [20/Mar/2026:14:54:38 +0000] "GET /.env.dev HTTP/2" 301 0 "-" "-"
172.70.248.17 - - [20/Mar/2026:14:54:38 +0000] "GET /.env.development HTTP/2" 301 0 "-" "-"
172.70.248.17 - - [20/Mar/2026:14:54:40 +0000] "GET /.env.bak HTTP/2" 301 0 "-" "-"
172.70.248.17 - - [20/Mar/2026:14:54:40 +0000] "GET /.env.example HTTP/2" 301 0 "-" "-"
172.70.248.17 - - [20/Mar/2026:14:54:40 +0000] "GET /.env.save HTTP/2" 301 0 "-" "-"
172.70.248.17 - - [20/Mar/2026:14:54:40 +0000] "GET /config/.env HTTP/2" 403 1242 "-" "-"
172.70.248.17 - - [20/Mar/2026:14:54:40 +0000] "GET /.env.production.local HTTP/2" 301 0 "-" "-"
172.70.248.129 - - [20/Mar/2026:14:54:41 +0000] "GET /.env.dev HTTP/2" 404 7223 "-" "-"
172.70.248.129 - - [20/Mar/2026:14:54:41 +0000] "GET /.env.tmp HTTP/2" 404 7223 "-" "-"
172.70.248.155 - - [20/Mar/2026:14:54:42 +0000] "GET /.env.test HTTP/2" 404 7223 "-" "-"
172.70.248.155 - - [20/Mar/2026:14:54:42 +0000] "GET /.env.local HTTP/2" 404 7223 "-" "-"
172.70.248.17 - - [20/Mar/2026:14:54:42 +0000] "GET /public/.env HTTP/2" 403 1242 "-" "-"
172.70.248.201 - - [20/Mar/2026:14:54:42 +0000] "GET /private/.env HTTP/2" 403 1242 "-" "-"
172.70.248.201 - - [20/Mar/2026:14:54:42 +0000] "GET /config/env HTTP/2" 301 0 "-" "-"
172.70.248.17 - - [20/Mar/2026:14:54:42 +0000] "GET /config/.env.local HTTP/2" 301 0 "-" "-"
172.70.248.129 - - [20/Mar/2026:14:54:42 +0000] "GET /.env.development.local HTTP/2" 404 7223 "-" "-"
172.70.248.17 - - [20/Mar/2026:14:54:42 +0000] "GET /.env_backup HTTP/2" 301 0 "-" "-"
172.70.248.17 - - [20/Mar/2026:14:54:43 +0000] "GET /.env~ HTTP/2" 301 0 "-" "-"
172.70.248.17 - - [20/Mar/2026:14:54:43 +0000] "GET /.envrc HTTP/2" 301 0 "-" "-"
172.70.248.17 - - [20/Mar/2026:14:54:43 +0000] "GET /.env.prod HTTP/2" 301 0 "-" "-"
172.70.248.129 - - [20/Mar/2026:14:54:43 +0000] "GET /config/env HTTP/2" 404 7223 "-" "-"
172.70.248.17 - - [20/Mar/2026:14:54:43 +0000] "GET /docker-compose.env HTTP/2" 301 0 "-" "-"
172.70.248.129 - - [20/Mar/2026:14:54:43 +0000] "GET /config/.env.local HTTP/2" 404 7223 "-" "-"
172.70.248.129 - - [20/Mar/2026:14:54:43 +0000] "GET /.env~ HTTP/2" 404 7223 "-" "-"
172.70.248.129 - - [20/Mar/2026:14:54:43 +0000] "GET /.env_backup HTTP/2" 404 7223 "-" "-"
172.70.248.129 - - [20/Mar/2026:14:54:44 +0000] "GET /.env1 HTTP/2" 404 7223 "-" "-"
172.70.248.129 - - [20/Mar/2026:14:54:44 +0000] "GET /.env.docker HTTP/2" 404 7223 "-" "-"
172.70.248.129 - - [20/Mar/2026:14:54:44 +0000] "GET /.env.prod HTTP/2" 404 7223 "-" "-"
172.70.248.201 - - [20/Mar/2026:14:54:44 +0000] "GET /var/www/html/.env HTTP/2" 403 1242 "-" "-"
172.70.248.17 - - [20/Mar/2026:14:54:44 +0000] "GET /home/.env HTTP/2" 403 1242 "-" "-"
172.70.248.17 - - [20/Mar/2026:14:54:44 +0000] "GET /.env_config HTTP/2" 301 0 "-" "-"
172.70.248.17 - - [20/Mar/2026:14:54:44 +0000] "GET /.env_secret HTTP/2" 301 0 "-" "-"
172.70.248.155 - - [20/Mar/2026:14:54:45 +0000] "GET /.env_settings HTTP/2" 404 7223 "-" "-"
172.70.248.129 - - [20/Mar/2026:14:54:45 +0000] "GET /.env.local.backup HTTP/2" 404 7223 "-" "-"
172.70.248.38 - - [20/Mar/2026:14:54:38 +0000] "GET /.git/config HTTP/2" 403 1242 "-" "-"
172.70.248.201 - - [20/Mar/2026:14:54:38 +0000] "GET /.git/index HTTP/2" 403 1242 "-" "-"
172.70.248.39 - - [20/Mar/2026:14:54:38 +0000] "GET /.git/refs/heads/main HTTP/2" 403 1242 "-" "-"
172.70.248.39 - - [20/Mar/2026:14:54:38 +0000] "GET /.env.production HTTP/2" 301 0 "-" "-"
172.70.248.201 - - [20/Mar/2026:14:54:40 +0000] "GET /.env.tmp HTTP/2" 301 0 "-" "-"
172.70.248.39 - - [20/Mar/2026:14:54:40 +0000] "GET /.env.old HTTP/2" 301 0 "-" "-"
170.10.162.87 - - [20/Mar/2026:14:54:40 +0000] "POST /wp-admin/admin-ajax.php?action=async_litespeed&nonce=IEw10vghqdqPIP4hADEPxY5XVC8s8mYm&litespeed_type=imgoptm HTTP/1.1" 200 5 "-" "WordPress/6.9.4; https://test.kwalies.sd"
172.70.248.38 - - [20/Mar/2026:14:54:40 +0000] "GET /admin/.env HTTP/2" 403 1242 "-" "-"
172.70.248.38 - - [20/Mar/2026:14:54:40 +0000] "GET /core/.env HTTP/2" 403 1242 "-" "-"
172.70.248.82 - - [20/Mar/2026:14:54:41 +0000] "GET /.env.production HTTP/2" 404 7223 "-" "-"
172.70.248.155 - - [20/Mar/2026:14:54:42 +0000] "GET /.env.bak HTTP/2" 404 7223 "-" "-"
172.70.248.82 - - [20/Mar/2026:14:54:42 +0000] "GET /.env.old HTTP/2" 404 7223 "-" "-"
172.70.248.82 - - [20/Mar/2026:14:54:42 +0000] "GET /.env.production.local HTTP/2" 404 7223 "-" "-"
172.70.248.39 - - [20/Mar/2026:14:54:42 +0000] "GET /.env.json HTTP/2" 301 0 "-" "-"
172.70.248.39 - - [20/Mar/2026:14:54:43 +0000] "GET /.env2 HTTP/2" 301 0 "-" "-"
172.70.248.39 - - [20/Mar/2026:14:54:43 +0000] "GET /.env1 HTTP/2" 301 0 "-" "-"
172.70.248.201 - - [20/Mar/2026:14:54:43 +0000] "GET /.env.dist HTTP/2" 301 0 "-" "-"
172.70.248.201 - - [20/Mar/2026:14:54:43 +0000] "GET /.env.production.bak HTTP/2" 301 0 "-" "-"
172.70.248.38 - - [20/Mar/2026:14:54:43 +0000] "GET /.env.docker HTTP/2" 301 0 "-" "-"
172.70.248.201 - - [20/Mar/2026:14:54:43 +0000] "GET /docker/.env HTTP/2" 403 1242 "-" "-"
172.70.248.201 - - [20/Mar/2026:14:54:43 +0000] "GET /.env.dev.local HTTP/2" 301 0 "-" "-"
172.70.248.38 - - [20/Mar/2026:14:54:43 +0000] "GET /.env.container HTTP/2" 301 0 "-" "-"
172.70.248.201 - - [20/Mar/2026:14:54:43 +0000] "GET /server/.env HTTP/2" 403 1242 "-" "-"
172.70.248.201 - - [20/Mar/2026:14:54:43 +0000] "GET /docker/.env.local HTTP/2" 301 0 "-" "-"
172.70.248.39 - - [20/Mar/2026:14:54:44 +0000] "GET /www/.env HTTP/2" 403 1242 "-" "-"
172.70.248.38 - - [20/Mar/2026:14:54:44 +0000] "GET /.env.local.backup HTTP/2" 301 0 "-" "-"
172.70.248.82 - - [20/Mar/2026:14:54:45 +0000] "GET /.env_config HTTP/2" 404 7223 "-" "-"
170.10.162.87 - - [20/Mar/2026:15:28:44 +0000] "POST /wp-admin/admin-ajax.php?action=async_litespeed&nonce=X4eLPyi5bhC6pgd8836ABmgHYqRI5PuS&litespeed_type=imgoptm HTTP/1.1" 200 5 "-" "WordPress/6.9.4; https://test.kwalies.sd"
170.10.162.87 - - [20/Mar/2026:15:28:44 +0000] "POST /wp-cron.php?doing_wp_cron=1774020524.2596230506896972656250 HTTP/1.1" 200 0 "-" "WordPress/6.9.4; https://test.kwalies.sd"
74.7.242.17 - - [20/Mar/2026:15:28:42 +0000] "GET /wp-sitemap.xml HTTP/2" 200 191 "-" "Mozilla/5.0 AppleWebKit/537.36 (KHTML, like Gecko; compatible; GPTBot/1.3; +https://openai.com/gptbot)"
170.10.162.87 - - [20/Mar/2026:17:10:19 +0000] "POST /wp-cron.php?doing_wp_cron=1774026619.0226171016693115234375 HTTP/1.1" 200 0 "-" "WordPress/6.9.4; https://test.kwalies.sd"
69.63.184.14 - - [20/Mar/2026:17:10:19 +0000] "GET /robots.txt HTTP/2" 200 0 "-" "facebookexternalhit/1.1 (+http://www.facebook.com/externalhit_uatext.php)"
74.7.228.55 - - [20/Mar/2026:17:33:30 +0000] "GET /robots.txt HTTP/2" 301 0 "-" "Mozilla/5.0 (Macintosh; Intel Mac OS X 10_15_7) AppleWebKit/537.36 (KHTML, like Gecko) Chrome/131.0.0.0 Safari/537.36; compatible; OAI-SearchBot/1.3; robots.txt; +https://openai.com/searchbot"
170.10.162.87 - - [20/Mar/2026:17:33:32 +0000] "POST /wp-admin/admin-ajax.php?action=async_litespeed&nonce=zv5P31wenXNJ7HikBDf2DTZunA20NC03&litespeed_type=imgoptm HTTP/1.1" 200 5 "-" "WordPress/6.9.4; https://test.kwalies.sd"
170.10.162.87 - - [20/Mar/2026:17:33:32 +0000] "POST /wp-cron.php?doing_wp_cron=1774028011.9474990367889404296875 HTTP/1.1" 200 0 "-" "WordPress/6.9.4; https://test.kwalies.sd"
74.7.228.55 - - [20/Mar/2026:17:33:32 +0000] "GET /robots.txt HTTP/2" 200 94 "https://www.test.kwalies.sd/robots.txt" "Mozilla/5.0 (Macintosh; Intel Mac OS X 10_15_7) AppleWebKit/537.36 (KHTML, like Gecko) Chrome/131.0.0.0 Safari/537.36; compatible; OAI-SearchBot/1.3; robots.txt; +https://openai.com/searchbot"
69.63.184.114 - - [20/Mar/2026:17:10:17 +0000] "GET /robots.txt HTTP/2" 200 0 "-" "facebookexternalhit/1.1 (+http://www.facebook.com/externalhit_uatext.php)"
170.10.162.87 - - [20/Mar/2026:17:10:21 +0000] "POST /wp-cron.php?doing_wp_cron=1774026621.1015579700469970703125 HTTP/1.1" 200 0 "-" "WordPress/6.9.4; https://test.kwalies.sd"
170.10.162.87 - - [20/Mar/2026:17:10:21 +0000] "POST /wp-admin/admin-ajax.php?action=async_litespeed&nonce=xOeEPNOcBaZqS0BFbe1YmEE5dPKi8WTf&litespeed_type=imgoptm HTTP/1.1" 200 5 "-" "WordPress/6.9.4; https://test.kwalies.sd"
170.10.162.87 - - [20/Mar/2026:23:51:48 +0000] "POST /wp-cron.php?doing_wp_cron=1774050708.8244171142578125000000 HTTP/1.1" 200 0 "-" "WordPress/6.9.4; https://test.kwalies.sd"
195.178.110.155 - - [20/Mar/2026:23:55:19 +0000] "GET / HTTP/1.1" 200 11007 "-" "Mozilla/5.0 (Macintosh; Intel Mac OS X 14_2) AppleWebKit/605.1.15 (KHTML, like Gecko) Version/17.2 Safari/605.1.15"
170.10.162.87 - - [20/Mar/2026:22:39:23 +0000] "POST /wp-cron.php?doing_wp_cron=1774046363.1381640434265136718750 HTTP/1.1" 200 0 "-" "WordPress/6.9.4; https://test.kwalies.sd"
204.76.203.25 - - [20/Mar/2026:23:51:46 +0000] "GET / HTTP/1.1" 200 45831 "-" "Mozilla/5.0 (Windows NT 10.0; Win64; x64) AppleWebKit/537.36 (KHTML, like Gecko) Chrome/134.0.0.0 Safari/537.3"
170.10.162.87 - - [20/Mar/2026:23:55:19 +0000] "POST /wp-cron.php?doing_wp_cron=1774050919.8130710124969482421875 HTTP/1.1" 200 0 "-" "WordPress/6.9.4; https://test.kwalies.sd"
34.10.160.156 - - [20/Mar/2026:22:39:21 +0000] "POST / HTTP/1.1" 200 10967 "https://www.test.kwalies.sd/" "Mozilla/5.0 (X11; Linux x86_64) AppleWebKit/537.36 (KHTML, like Gecko) Chrome/133.0.0.0 Safari/537.36"
170.10.162.87 - - [20/Mar/2026:22:39:23 +0000] "POST /wp-admin/admin-ajax.php?action=async_litespeed&nonce=qrxCmObPvKYoC8ztm3ceKDxFKxr2ShTG&litespeed_type=imgoptm HTTP/1.1" 200 5 "-" "WordPress/6.9.4; https://test.kwalies.sd"
170.10.162.87 - - [20/Mar/2026:23:51:48 +0000] "POST /wp-admin/admin-ajax.php?action=async_litespeed&nonce=bXN72oYS541JovdmMhGvTjuX5ulghTul&litespeed_type=imgoptm HTTP/1.1" 200 5 "-" "WordPress/6.9.4; https://test.kwalies.sd"
170.10.162.87 - - [20/Mar/2026:23:55:19 +0000] "POST /wp-admin/admin-ajax.php?action=async_litespeed&nonce=I6Iep6EB0GZl1cDt4zDW87KOPDnJ02FA&litespeed_type=imgoptm HTTP/1.1" 200 5 "-" "WordPress/6.9.4; https://test.kwalies.sd"
170.10.162.87 - - [21/Mar/2026:01:04:03 +0000] "POST /wp-admin/admin-ajax.php?action=async_litespeed&nonce=fV02YeQibFouQ5JhmYc0hANHlR6qIoW7&litespeed_type=imgoptm HTTP/1.1" 200 5 "-" "WordPress/6.9.4; https://test.kwalies.sd"
91.242.215.79 - - [21/Mar/2026:01:04:04 +0000] "GET /_profiler/phpinfo.php HTTP/1.1" 301 0 "-" "Mozilla/5.0 (Windows NT 10.0; Win64; x64; rv:128.0) Gecko/20100101 Firefox/128.0"
91.242.215.79 - - [21/Mar/2026:01:04:06 +0000] "GET /phpinfo HTTP/1.1" 404 27844 "-" "Mozilla/5.0 (Windows NT 10.0; Win64; x64; rv:128.0) Gecko/20100101 Firefox/128.0"
91.242.215.79 - - [21/Mar/2026:01:04:08 +0000] "GET /phpinfo HTTP/1.1" 404 27844 "-" "Mozilla/5.0 (Windows NT 10.0; Win64; x64; rv:128.0) Gecko/20100101 Firefox/128.0"
91.242.215.79 - - [21/Mar/2026:01:04:10 +0000] "GET /_profiler/phpinfo HTTP/1.1" 301 0 "-" "Mozilla/5.0 (Windows NT 10.0; Win64; x64; rv:128.0) Gecko/20100101 Firefox/128.0"
91.242.215.79 - - [21/Mar/2026:01:04:11 +0000] "GET /_profiler/phpinfo HTTP/1.1" 404 27844 "-" "Mozilla/5.0 (Windows NT 10.0; Win64; x64; rv:128.0) Gecko/20100101 Firefox/128.0"
91.242.215.79 - - [21/Mar/2026:01:04:18 +0000] "GET /.env HTTP/1.1" 403 1242 "-" "Mozilla/5.0 (Windows NT 10.0; Win64; x64; rv:128.0) Gecko/20100101 Firefox/128.0"
91.242.215.79 - - [21/Mar/2026:01:04:18 +0000] "GET /config/.env HTTP/1.1" 403 1242 "-" "Mozilla/5.0 (Windows NT 10.0; Win64; x64; rv:128.0) Gecko/20100101 Firefox/128.0"
91.242.215.79 - - [21/Mar/2026:01:04:19 +0000] "GET /.env.production HTTP/1.1" 404 27844 "-" "Mozilla/5.0 (Windows NT 10.0; Win64; x64; rv:128.0) Gecko/20100101 Firefox/128.0"
91.242.215.79 - - [21/Mar/2026:01:04:19 +0000] "GET /application/.env HTTP/1.1" 403 1242 "-" "Mozilla/5.0 (Windows NT 10.0; Win64; x64; rv:128.0) Gecko/20100101 Firefox/128.0"
91.242.215.79 - - [21/Mar/2026:01:04:20 +0000] "GET /prod/.env HTTP/1.1" 403 1242 "-" "Mozilla/5.0 (Windows NT 10.0; Win64; x64; rv:128.0) Gecko/20100101 Firefox/128.0"
91.242.215.79 - - [21/Mar/2026:01:04:20 +0000] "GET /.env.save HTTP/1.1" 404 27844 "-" "Mozilla/5.0 (Windows NT 10.0; Win64; x64; rv:128.0) Gecko/20100101 Firefox/128.0"
91.242.215.79 - - [21/Mar/2026:01:04:21 +0000] "GET /beta/.env HTTP/1.1" 403 1242 "-" "Mozilla/5.0 (Windows NT 10.0; Win64; x64; rv:128.0) Gecko/20100101 Firefox/128.0"
91.242.215.79 - - [21/Mar/2026:01:04:21 +0000] "GET /admin/.env HTTP/1.1" 403 1242 "-" "Mozilla/5.0 (Windows NT 10.0; Win64; x64; rv:128.0) Gecko/20100101 Firefox/128.0"
91.242.215.79 - - [21/Mar/2026:01:04:22 +0000] "GET /app/.env HTTP/1.1" 403 1242 "-" "Mozilla/5.0 (Windows NT 10.0; Win64; x64; rv:128.0) Gecko/20100101 Firefox/128.0"
91.242.215.79 - - [21/Mar/2026:01:04:22 +0000] "GET /api/shared/config/config.env HTTP/1.1" 404 27844 "-" "Mozilla/5.0 (Windows NT 10.0; Win64; x64; rv:128.0) Gecko/20100101 Firefox/128.0"
91.242.215.79 - - [21/Mar/2026:01:04:23 +0000] "GET /api/.env HTTP/1.1" 403 1242 "-" "Mozilla/5.0 (Windows NT 10.0; Win64; x64; rv:128.0) Gecko/20100101 Firefox/128.0"
91.242.215.79 - - [21/Mar/2026:01:04:23 +0000] "GET /.env.local HTTP/1.1" 404 27844 "-" "Mozilla/5.0 (Windows NT 10.0; Win64; x64; rv:128.0) Gecko/20100101 Firefox/128.0"
91.242.215.79 - - [21/Mar/2026:01:04:24 +0000] "GET /wp-login.php HTTP/1.1" 200 5189 "-" "Mozilla/5.0 (Windows NT 10.0; Win64; x64; rv:128.0) Gecko/20100101 Firefox/128.0"
91.242.215.79 - - [21/Mar/2026:01:04:24 +0000] "GET /?author=1 HTTP/1.1" 301 0 "-" "Mozilla/5.0 (Windows NT 10.0; Win64; x64; rv:128.0) Gecko/20100101 Firefox/128.0"
91.242.215.79 - - [21/Mar/2026:01:04:24 +0000] "GET /author/malaz/ HTTP/1.1" 200 38996 "-" "Mozilla/5.0 (Windows NT 10.0; Win64; x64; rv:128.0) Gecko/20100101 Firefox/128.0"
91.242.215.79 - - [21/Mar/2026:01:04:26 +0000] "GET /.env HTTP/1.1" 403 1242 "-" "Mozilla/5.0 (Windows NT 10.0; Win64; x64; rv:128.0) Gecko/20100101 Firefox/128.0"
91.242.215.79 - - [21/Mar/2026:01:04:26 +0000] "GET /?author=2 HTTP/1.1" 404 27844 "-" "Mozilla/5.0 (Windows NT 10.0; Win64; x64; rv:128.0) Gecko/20100101 Firefox/128.0"
91.242.215.79 - - [21/Mar/2026:01:04:26 +0000] "GET /config/.env HTTP/1.1" 403 1242 "-" "Mozilla/5.0 (Windows NT 10.0; Win64; x64; rv:128.0) Gecko/20100101 Firefox/128.0"
91.242.215.79 - - [21/Mar/2026:01:04:26 +0000] "GET /?author=3 HTTP/1.1" 404 27844 "-" "Mozilla/5.0 (Windows NT 10.0; Win64; x64; rv:128.0) Gecko/20100101 Firefox/128.0"
91.242.215.79 - - [21/Mar/2026:01:04:27 +0000] "GET /.env.production HTTP/1.1" 301 0 "-" "Mozilla/5.0 (Windows NT 10.0; Win64; x64; rv:128.0) Gecko/20100101 Firefox/128.0"
91.242.215.79 - - [21/Mar/2026:01:04:27 +0000] "GET /?author=4 HTTP/1.1" 404 27844 "-" "Mozilla/5.0 (Windows NT 10.0; Win64; x64; rv:128.0) Gecko/20100101 Firefox/128.0"
91.242.215.79 - - [21/Mar/2026:01:04:27 +0000] "GET /.env.production HTTP/1.1" 404 27844 "-" "Mozilla/5.0 (Windows NT 10.0; Win64; x64; rv:128.0) Gecko/20100101 Firefox/128.0"
91.242.215.79 - - [21/Mar/2026:01:04:28 +0000] "GET /?author=5 HTTP/1.1" 404 27844 "-" "Mozilla/5.0 (Windows NT 10.0; Win64; x64; rv:128.0) Gecko/20100101 Firefox/128.0"
91.242.215.79 - - [21/Mar/2026:01:04:28 +0000] "GET /application/.env HTTP/1.1" 403 1242 "-" "Mozilla/5.0 (Windows NT 10.0; Win64; x64; rv:128.0) Gecko/20100101 Firefox/128.0"
91.242.215.79 - - [21/Mar/2026:01:04:28 +0000] "GET /prod/.env HTTP/1.1" 403 1242 "-" "Mozilla/5.0 (Windows NT 10.0; Win64; x64; rv:128.0) Gecko/20100101 Firefox/128.0"
91.242.215.79 - - [21/Mar/2026:01:04:29 +0000] "GET /.env.save HTTP/1.1" 301 0 "-" "Mozilla/5.0 (Windows NT 10.0; Win64; x64; rv:128.0) Gecko/20100101 Firefox/128.0"
91.242.215.79 - - [21/Mar/2026:01:04:30 +0000] "GET /beta/.env HTTP/1.1" 403 1242 "-" "Mozilla/5.0 (Windows NT 10.0; Win64; x64; rv:128.0) Gecko/20100101 Firefox/128.0"
91.242.215.79 - - [21/Mar/2026:01:04:28 +0000] "GET /wp-json/wp/v2/users HTTP/1.1" 200 735 "-" "Mozilla/5.0 (Windows NT 10.0; Win64; x64; rv:128.0) Gecko/20100101 Firefox/128.0"
91.242.215.79 - - [21/Mar/2026:01:04:30 +0000] "GET /admin/.env HTTP/1.1" 403 1242 "-" "Mozilla/5.0 (Windows NT 10.0; Win64; x64; rv:128.0) Gecko/20100101 Firefox/128.0"
91.242.215.79 - - [21/Mar/2026:01:04:31 +0000] "GET /app/.env HTTP/1.1" 403 1242 "-" "Mozilla/5.0 (Windows NT 10.0; Win64; x64; rv:128.0) Gecko/20100101 Firefox/128.0"
91.242.215.79 - - [21/Mar/2026:01:04:31 +0000] "GET /api/shared/config/config.env HTTP/1.1" 301 0 "-" "Mozilla/5.0 (Windows NT 10.0; Win64; x64; rv:128.0) Gecko/20100101 Firefox/128.0"
91.242.215.79 - - [21/Mar/2026:01:04:32 +0000] "GET /api/shared/config/config.env HTTP/1.1" 404 27844 "-" "Mozilla/5.0 (Windows NT 10.0; Win64; x64; rv:128.0) Gecko/20100101 Firefox/128.0"
91.242.215.79 - - [21/Mar/2026:01:04:32 +0000] "GET /api/.env HTTP/1.1" 403 1242 "-" "Mozilla/5.0 (Windows NT 10.0; Win64; x64; rv:128.0) Gecko/20100101 Firefox/128.0"
91.242.215.79 - - [21/Mar/2026:01:04:33 +0000] "GET /.env.local HTTP/1.1" 301 0 "-" "Mozilla/5.0 (Windows NT 10.0; Win64; x64; rv:128.0) Gecko/20100101 Firefox/128.0"
91.242.215.79 - - [21/Mar/2026:01:04:33 +0000] "GET /.env.local HTTP/1.1" 404 27844 "-" "Mozilla/5.0 (Windows NT 10.0; Win64; x64; rv:128.0) Gecko/20100101 Firefox/128.0"
91.242.215.79 - - [21/Mar/2026:01:04:34 +0000] "GET /wp-login.php HTTP/1.1" 200 5189 "-" "Mozilla/5.0 (Windows NT 10.0; Win64; x64; rv:128.0) Gecko/20100101 Firefox/128.0"
91.242.215.79 - - [21/Mar/2026:01:04:35 +0000] "GET /?author=1 HTTP/1.1" 301 0 "-" "Mozilla/5.0 (Windows NT 10.0; Win64; x64; rv:128.0) Gecko/20100101 Firefox/128.0"
91.242.215.79 - - [21/Mar/2026:01:04:35 +0000] "GET /author/malaz/ HTTP/1.1" 200 38996 "-" "Mozilla/5.0 (Windows NT 10.0; Win64; x64; rv:128.0) Gecko/20100101 Firefox/128.0"
91.242.215.79 - - [21/Mar/2026:01:04:36 +0000] "GET /?author=2 HTTP/1.1" 301 0 "-" "Mozilla/5.0 (Windows NT 10.0; Win64; x64; rv:128.0) Gecko/20100101 Firefox/128.0"
91.242.215.79 - - [21/Mar/2026:01:04:36 +0000] "GET /?author=2 HTTP/1.1" 404 27844 "-" "Mozilla/5.0 (Windows NT 10.0; Win64; x64; rv:128.0) Gecko/20100101 Firefox/128.0"
91.242.215.79 - - [21/Mar/2026:01:04:00 +0000] "GET / HTTP/1.1" 301 0 "-" "Mozilla/5.0 (Windows NT 10.0; Win64; x64; rv:128.0) Gecko/20100101 Firefox/128.0"
170.10.162.87 - - [21/Mar/2026:01:04:02 +0000] "POST /wp-cron.php?doing_wp_cron=1774055042.6562631130218505859375 HTTP/1.1" 200 0 "-" "WordPress/6.9.4; https://test.kwalies.sd"
91.242.215.79 - - [21/Mar/2026:01:04:04 +0000] "GET /_profiler/phpinfo.php HTTP/1.1" 404 27844 "-" "Mozilla/5.0 (Windows NT 10.0; Win64; x64; rv:128.0) Gecko/20100101 Firefox/128.0"
91.242.215.79 - - [21/Mar/2026:01:04:05 +0000] "GET /_profiler/phpinfo.php HTTP/1.1" 404 27844 "-" "Mozilla/5.0 (Windows NT 10.0; Win64; x64; rv:128.0) Gecko/20100101 Firefox/128.0"
91.242.215.79 - - [21/Mar/2026:01:04:08 +0000] "GET /_profiler/phpinfo HTTP/1.1" 404 27844 "-" "Mozilla/5.0 (Windows NT 10.0; Win64; x64; rv:128.0) Gecko/20100101 Firefox/128.0"
91.242.215.79 - - [21/Mar/2026:01:04:12 +0000] "GET /php_info.php HTTP/1.1" 404 27844 "-" "Mozilla/5.0 (Windows NT 10.0; Win64; x64; rv:128.0) Gecko/20100101 Firefox/128.0"
170.10.162.87 - - [21/Mar/2026:01:04:13 +0000] "POST /wp-cron.php?doing_wp_cron=1774055053.7542090415954589843750 HTTP/1.1" 200 0 "-" "WordPress/6.9.4; https://test.kwalies.sd"
91.242.215.79 - - [21/Mar/2026:01:04:16 +0000] "GET /php_info.php HTTP/1.1" 301 0 "-" "Mozilla/5.0 (Windows NT 10.0; Win64; x64; rv:128.0) Gecko/20100101 Firefox/128.0"
91.242.215.79 - - [21/Mar/2026:01:04:17 +0000] "GET /php_info.php HTTP/1.1" 404 27844 "-" "Mozilla/5.0 (Windows NT 10.0; Win64; x64; rv:128.0) Gecko/20100101 Firefox/128.0"
91.242.215.79 - - [21/Mar/2026:01:04:19 +0000] "GET /phpinfo.php HTTP/1.1" 301 0 "-" "Mozilla/5.0 (Windows NT 10.0; Win64; x64; rv:128.0) Gecko/20100101 Firefox/128.0"
91.242.215.79 - - [21/Mar/2026:01:04:23 +0000] "GET /info.php HTTP/1.1" 301 0 "-" "Mozilla/5.0 (Windows NT 10.0; Win64; x64; rv:128.0) Gecko/20100101 Firefox/128.0"
91.242.215.79 - - [21/Mar/2026:01:04:24 +0000] "GET /info.php HTTP/1.1" 404 27844 "-" "Mozilla/5.0 (Windows NT 10.0; Win64; x64; rv:128.0) Gecko/20100101 Firefox/128.0"
91.242.215.79 - - [21/Mar/2026:01:04:29 +0000] "GET /.env.save HTTP/1.1" 404 27844 "-" "Mozilla/5.0 (Windows NT 10.0; Win64; x64; rv:128.0) Gecko/20100101 Firefox/128.0"
91.242.215.79 - - [21/Mar/2026:01:04:31 +0000] "POST /wp-login.php HTTP/1.1" 200 5647 "https://test.kwalies.sd/wp-login.php" "Mozilla/5.0 (Windows NT 10.0; Win64; x64) AppleWebKit/537.36 (KHTML, like Gecko) Chrome/143.0.0.0 Safari/537.36"
91.242.215.79 - - [21/Mar/2026:01:04:32 +0000] "GET /wp-admin/index.php HTTP/1.1" 302 0 "https://test.kwalies.sd/wp-login.php" "Mozilla/5.0 (Windows NT 10.0; Win64; x64) AppleWebKit/537.36 (KHTML, like Gecko) Chrome/143.0.0.0 Safari/537.36"
91.242.215.79 - - [21/Mar/2026:01:04:33 +0000] "GET /wp-admin/profile.php HTTP/1.1" 302 0 "https://test.kwalies.sd/wp-login.php" "Mozilla/5.0 (Windows NT 10.0; Win64; x64) AppleWebKit/537.36 (KHTML, like Gecko) Chrome/143.0.0.0 Safari/537.36"
91.242.215.79 - - [21/Mar/2026:01:04:34 +0000] "GET /wp-admin/edit.php HTTP/1.1" 302 0 "https://test.kwalies.sd/wp-login.php" "Mozilla/5.0 (Windows NT 10.0; Win64; x64) AppleWebKit/537.36 (KHTML, like Gecko) Chrome/143.0.0.0 Safari/537.36"
91.242.215.79 - - [21/Mar/2026:01:04:34 +0000] "GET /wp-admin/plugins.php HTTP/1.1" 302 0 "https://test.kwalies.sd/wp-login.php" "Mozilla/5.0 (Windows NT 10.0; Win64; x64) AppleWebKit/537.36 (KHTML, like Gecko) Chrome/143.0.0.0 Safari/537.36"
91.242.215.79 - - [21/Mar/2026:01:04:35 +0000] "POST /wp-login.php HTTP/1.1" 200 5647 "https://test.kwalies.sd/wp-login.php" "Mozilla/5.0 (Windows NT 10.0; Win64; x64) AppleWebKit/537.36 (KHTML, like Gecko) Chrome/143.0.0.0 Safari/537.36"
91.242.215.79 - - [21/Mar/2026:01:04:36 +0000] "GET /wp-admin/index.php HTTP/1.1" 302 0 "https://test.kwalies.sd/wp-login.php" "Mozilla/5.0 (Windows NT 10.0; Win64; x64) AppleWebKit/537.36 (KHTML, like Gecko) Chrome/143.0.0.0 Safari/537.36"
91.242.215.79 - - [21/Mar/2026:01:04:00 +0000] "GET / HTTP/1.1" 200 45833 "-" "Mozilla/5.0 (Windows NT 10.0; Win64; x64; rv:128.0) Gecko/20100101 Firefox/128.0"
91.242.215.79 - - [21/Mar/2026:01:04:03 +0000] "GET / HTTP/1.1" 200 45833 "-" "Mozilla/5.0 (Windows NT 10.0; Win64; x64; rv:128.0) Gecko/20100101 Firefox/128.0"
91.242.215.79 - - [21/Mar/2026:01:04:07 +0000] "GET /phpinfo HTTP/1.1" 301 0 "-" "Mozilla/5.0 (Windows NT 10.0; Win64; x64; rv:128.0) Gecko/20100101 Firefox/128.0"
91.242.215.79 - - [21/Mar/2026:01:04:10 +0000] "GET /info HTTP/1.1" 404 27844 "-" "Mozilla/5.0 (Windows NT 10.0; Win64; x64; rv:128.0) Gecko/20100101 Firefox/128.0"
91.242.215.79 - - [21/Mar/2026:01:04:13 +0000] "GET /info HTTP/1.1" 301 0 "-" "Mozilla/5.0 (Windows NT 10.0; Win64; x64; rv:128.0) Gecko/20100101 Firefox/128.0"
91.242.215.79 - - [21/Mar/2026:01:04:14 +0000] "GET /phpinfo.php HTTP/1.1" 404 27844 "-" "Mozilla/5.0 (Windows NT 10.0; Win64; x64; rv:128.0) Gecko/20100101 Firefox/128.0"
91.242.215.79 - - [21/Mar/2026:01:04:14 +0000] "GET /info HTTP/1.1" 404 27844 "-" "Mozilla/5.0 (Windows NT 10.0; Win64; x64; rv:128.0) Gecko/20100101 Firefox/128.0"
91.242.215.79 - - [21/Mar/2026:01:04:16 +0000] "GET /info.php HTTP/1.1" 404 27844 "-" "Mozilla/5.0 (Windows NT 10.0; Win64; x64; rv:128.0) Gecko/20100101 Firefox/128.0"
91.242.215.79 - - [21/Mar/2026:01:04:20 +0000] "GET /phpinfo.php HTTP/1.1" 404 27844 "-" "Mozilla/5.0 (Windows NT 10.0; Win64; x64; rv:128.0) Gecko/20100101 Firefox/128.0"
91.242.215.79 - - [21/Mar/2026:01:04:37 +0000] "GET /?author=3 HTTP/1.1" 301 0 "-" "Mozilla/5.0 (Windows NT 10.0; Win64; x64; rv:128.0) Gecko/20100101 Firefox/128.0"
91.242.215.79 - - [21/Mar/2026:01:04:37 +0000] "GET /?author=3 HTTP/1.1" 404 27844 "-" "Mozilla/5.0 (Windows NT 10.0; Win64; x64; rv:128.0) Gecko/20100101 Firefox/128.0"
91.242.215.79 - - [21/Mar/2026:01:04:39 +0000] "GET /?author=4 HTTP/1.1" 301 0 "-" "Mozilla/5.0 (Windows NT 10.0; Win64; x64; rv:128.0) Gecko/20100101 Firefox/128.0"
91.242.215.79 - - [21/Mar/2026:01:04:39 +0000] "GET /?author=4 HTTP/1.1" 404 27844 "-" "Mozilla/5.0 (Windows NT 10.0; Win64; x64; rv:128.0) Gecko/20100101 Firefox/128.0"
91.242.215.79 - - [21/Mar/2026:01:04:40 +0000] "GET /?author=5 HTTP/1.1" 301 0 "-" "Mozilla/5.0 (Windows NT 10.0; Win64; x64; rv:128.0) Gecko/20100101 Firefox/128.0"
91.242.215.79 - - [21/Mar/2026:01:04:37 +0000] "GET /wp-admin/profile.php HTTP/1.1" 302 0 "https://test.kwalies.sd/wp-login.php" "Mozilla/5.0 (Windows NT 10.0; Win64; x64) AppleWebKit/537.36 (KHTML, like Gecko) Chrome/143.0.0.0 Safari/537.36"
91.242.215.79 - - [21/Mar/2026:01:04:38 +0000] "GET /wp-admin/edit.php HTTP/1.1" 302 0 "https://test.kwalies.sd/wp-login.php" "Mozilla/5.0 (Windows NT 10.0; Win64; x64) AppleWebKit/537.36 (KHTML, like Gecko) Chrome/143.0.0.0 Safari/537.36"
91.242.215.79 - - [21/Mar/2026:01:04:38 +0000] "GET /wp-admin/plugins.php HTTP/1.1" 302 0 "https://test.kwalies.sd/wp-login.php" "Mozilla/5.0 (Windows NT 10.0; Win64; x64) AppleWebKit/537.36 (KHTML, like Gecko) Chrome/143.0.0.0 Safari/537.36"
91.242.215.79 - - [21/Mar/2026:01:04:39 +0000] "POST /wp-login.php HTTP/1.1" 403 0 "https://test.kwalies.sd/wp-login.php" "Mozilla/5.0 (Windows NT 10.0; Win64; x64) AppleWebKit/537.36 (KHTML, like Gecko) Chrome/143.0.0.0 Safari/537.36"
94.72.107.34 - - [21/Mar/2026:03:04:47 +0000] "GET /wp-login.php HTTP/1.1" 200 1778 "-" "Mozilla/5.0 (X11; Linux x86_64) AppleWebKit/537.36 (KHTML, like Gecko) Chrome/143.0.0.0 Safari/537.36"
94.72.107.34 - - [21/Mar/2026:03:04:47 +0000] "GET /xmlrpc.php HTTP/1.1" 405 46 "-" "Mozilla/5.0 (X11; Linux x86_64) AppleWebKit/537.36 (KHTML, like Gecko) Chrome/143.0.0.0 Safari/537.36"
170.10.162.87 - - [21/Mar/2026:03:04:49 +0000] "POST /wp-cron.php?doing_wp_cron=1774062289.3054299354553222656250 HTTP/1.1" 200 0 "-" "WordPress/6.9.4; https://test.kwalies.sd"
170.10.162.87 - - [21/Mar/2026:03:04:49 +0000] "POST /wp-admin/admin-ajax.php?action=async_litespeed&nonce=Tpmy0Y6stz3gD2GwZpah97S4aY4tJGoF&litespeed_type=imgoptm HTTP/1.1" 200 5 "-" "WordPress/6.9.4; https://test.kwalies.sd"
57.141.6.44 - - [21/Mar/2026:09:21:42 +0000] "GET /wp-sitemap-users-1.xml HTTP/2" 200 250 "-" "meta-externalagent/1.1 (+https://developers.facebook.com/docs/sharing/webmasters/crawler)"
74.7.242.21 - - [21/Mar/2026:10:03:49 +0000] "GET / HTTP/2" 200 9655 "-" "Mozilla/5.0 AppleWebKit/537.36 (KHTML, like Gecko; compatible; GPTBot/1.3; +https://openai.com/gptbot)"
170.10.162.87 - - [21/Mar/2026:10:03:51 +0000] "POST /wp-admin/admin-ajax.php?action=async_litespeed&nonce=1FXR9XzrEOfb0K6sgjZjneWbUKxMbPdM&litespeed_type=imgoptm HTTP/1.1" 200 5 "-" "WordPress/6.9.4; https://test.kwalies.sd"
74.7.242.21 - - [21/Mar/2026:10:03:52 +0000] "GET /wp-content/themes/newscard/assets/library/match-height/jquery.matchHeight-min.js?ver=0.7.2 HTTP/2" 200 1264 "https://test.kwalies.sd/" "Mozilla/5.0 AppleWebKit/537.36 (KHTML, like Gecko; compatible; GPTBot/1.3; +https://openai.com/gptbot)"
74.7.242.21 - - [21/Mar/2026:10:03:54 +0000] "GET /wp-includes/js/jquery/jquery.min.js?ver=3.7.1 HTTP/2" 200 29744 "https://test.kwalies.sd/" "Mozilla/5.0 AppleWebKit/537.36 (KHTML, like Gecko; compatible; GPTBot/1.3; +https://openai.com/gptbot)"
74.7.242.21 - - [21/Mar/2026:10:03:57 +0000] "GET /wp-content/themes/newscard/assets/library/bootstrap/js/popper.min.js?ver=1.12.9 HTTP/2" 200 6619 "https://test.kwalies.sd/" "Mozilla/5.0 AppleWebKit/537.36 (KHTML, like Gecko; compatible; GPTBot/1.3; +https://openai.com/gptbot)"
74.7.242.21 - - [21/Mar/2026:10:03:59 +0000] "GET /feed/ HTTP/2" 200 681 "https://test.kwalies.sd/" "Mozilla/5.0 AppleWebKit/537.36 (KHTML, like Gecko; compatible; GPTBot/1.3; +https://openai.com/gptbot)"
74.7.242.21 - - [21/Mar/2026:10:04:01 +0000] "GET /sample-page/ HTTP/2" 200 9842 "https://test.kwalies.sd/" "Mozilla/5.0 AppleWebKit/537.36 (KHTML, like Gecko; compatible; GPTBot/1.3; +https://openai.com/gptbot)"
74.7.242.21 - - [21/Mar/2026:10:04:03 +0000] "GET /author/malaz/ HTTP/2" 200 9272 "https://test.kwalies.sd/" "Mozilla/5.0 AppleWebKit/537.36 (KHTML, like Gecko; compatible; GPTBot/1.3; +https://openai.com/gptbot)"
74.7.242.21 - - [21/Mar/2026:10:04:05 +0000] "GET /wp-content/themes/newscard/assets/library/bootstrap/css/bootstrap.min.css?ver=4.0.0 HTTP/2" 200 18543 "https://test.kwalies.sd/" "Mozilla/5.0 AppleWebKit/537.36 (KHTML, like Gecko; compatible; GPTBot/1.3; +https://openai.com/gptbot)"
74.7.242.21 - - [21/Mar/2026:10:04:06 +0000] "GET /comments/feed/ HTTP/2" 200 710 "https://test.kwalies.sd/" "Mozilla/5.0 AppleWebKit/537.36 (KHTML, like Gecko; compatible; GPTBot/1.3; +https://openai.com/gptbot)"
74.7.242.21 - - [21/Mar/2026:10:04:08 +0000] "GET /2022/08/25/hello-world/ HTTP/2" 200 10616 "https://test.kwalies.sd/" "Mozilla/5.0 AppleWebKit/537.36 (KHTML, like Gecko; compatible; GPTBot/1.3; +https://openai.com/gptbot)"
74.7.242.21 - - [21/Mar/2026:10:04:09 +0000] "GET /wp-content/themes/newscard/assets/library/bootstrap/js/bootstrap.min.js?ver=4.0.0 HTTP/2" 200 12513 "https://test.kwalies.sd/" "Mozilla/5.0 AppleWebKit/537.36 (KHTML, like Gecko; compatible; GPTBot/1.3; +https://openai.com/gptbot)"
74.7.242.21 - - [21/Mar/2026:10:04:10 +0000] "GET /xmlrpc.php?rsd HTTP/2" 200 291 "https://test.kwalies.sd/" "Mozilla/5.0 AppleWebKit/537.36 (KHTML, like Gecko; compatible; GPTBot/1.3; +https://openai.com/gptbot)"
74.7.242.21 - - [21/Mar/2026:10:04:11 +0000] "GET /wp-includes/js/jquery/jquery-migrate.min.js?ver=3.4.1 HTTP/2" 200 4678 "https://test.kwalies.sd/" "Mozilla/5.0 AppleWebKit/537.36 (KHTML, like Gecko; compatible; GPTBot/1.3; +https://openai.com/gptbot)"
74.7.242.21 - - [21/Mar/2026:10:04:12 +0000] "GET /wp-content/themes/newscard/assets/js/skip-link-focus-fix.js?ver=20151215 HTTP/2" 200 332 "https://test.kwalies.sd/" "Mozilla/5.0 AppleWebKit/537.36 (KHTML, like Gecko; compatible; GPTBot/1.3; +https://openai.com/gptbot)"
74.7.242.21 - - [21/Mar/2026:10:04:13 +0000] "GET /wp-content/themes/newscard/assets/library/owl-carousel/owl.carousel.min.js?ver=2.3.4 HTTP/2" 200 11139 "https://test.kwalies.sd/" "Mozilla/5.0 AppleWebKit/537.36 (KHTML, like Gecko; compatible; GPTBot/1.3; +https://openai.com/gptbot)"
74.7.242.21 - - [21/Mar/2026:10:04:13 +0000] "GET /wp-content/themes/newscard/assets/library/sticky/jquery.sticky.js?ver=1.0.4 HTTP/2" 200 2421 "https://test.kwalies.sd/" "Mozilla/5.0 AppleWebKit/537.36 (KHTML, like Gecko; compatible; GPTBot/1.3; +https://openai.com/gptbot)"
74.7.242.21 - - [21/Mar/2026:10:04:14 +0000] "GET /?p=2 HTTP/2" 301 0 "https://test.kwalies.sd/sample-page/" "Mozilla/5.0 AppleWebKit/537.36 (KHTML, like Gecko; compatible; GPTBot/1.3; +https://openai.com/gptbot)"
74.7.242.21 - - [21/Mar/2026:10:04:14 +0000] "GET /sample-page/ HTTP/2" 200 9844 "https://test.kwalies.sd/?p=2" "Mozilla/5.0 AppleWebKit/537.36 (KHTML, like Gecko; compatible; GPTBot/1.3; +https://openai.com/gptbot)"
74.7.242.21 - - [21/Mar/2026:10:04:15 +0000] "GET /xmlrpc.php HTTP/2" 405 46 "https://test.kwalies.sd/sample-page/" "Mozilla/5.0 AppleWebKit/537.36 (KHTML, like Gecko; compatible; GPTBot/1.3; +https://openai.com/gptbot)"
74.7.242.21 - - [21/Mar/2026:10:04:15 +0000] "GET /author/malaz/feed/ HTTP/2" 200 702 "https://test.kwalies.sd/author/malaz/" "Mozilla/5.0 AppleWebKit/537.36 (KHTML, like Gecko; compatible; GPTBot/1.3; +https://openai.com/gptbot)"
74.7.242.21 - - [21/Mar/2026:10:04:16 +0000] "GET /sample-page/feed/ HTTP/2" 200 380 "https://test.kwalies.sd/sample-page/" "Mozilla/5.0 AppleWebKit/537.36 (KHTML, like Gecko; compatible; GPTBot/1.3; +https://openai.com/gptbot)"
74.7.242.21 - - [21/Mar/2026:10:04:16 +0000] "GET /?p=1 HTTP/2" 301 0 "https://test.kwalies.sd/2022/08/25/hello-world/" "Mozilla/5.0 AppleWebKit/537.36 (KHTML, like Gecko; compatible; GPTBot/1.3; +https://openai.com/gptbot)"
74.7.242.21 - - [21/Mar/2026:10:04:17 +0000] "GET /2022/08/25/hello-world/ HTTP/2" 200 10616 "https://test.kwalies.sd/?p=1" "Mozilla/5.0 AppleWebKit/537.36 (KHTML, like Gecko; compatible; GPTBot/1.3; +https://openai.com/gptbot)"
74.7.242.21 - - [21/Mar/2026:10:04:17 +0000] "GET /2022/ HTTP/2" 200 9206 "https://test.kwalies.sd/2022/08/25/hello-world/" "Mozilla/5.0 AppleWebKit/537.36 (KHTML, like Gecko; compatible; GPTBot/1.3; +https://openai.com/gptbot)"
74.7.242.21 - - [21/Mar/2026:10:04:18 +0000] "GET /2022/08/ HTTP/2" 200 9225 "https://test.kwalies.sd/2022/08/25/hello-world/" "Mozilla/5.0 AppleWebKit/537.36 (KHTML, like Gecko; compatible; GPTBot/1.3; +https://openai.com/gptbot)"
74.7.242.21 - - [21/Mar/2026:10:04:18 +0000] "GET /2022/08/25/ HTTP/2" 200 9247 "https://test.kwalies.sd/2022/08/25/hello-world/" "Mozilla/5.0 AppleWebKit/537.36 (KHTML, like Gecko; compatible; GPTBot/1.3; +https://openai.com/gptbot)"
74.7.242.21 - - [21/Mar/2026:10:04:19 +0000] "GET /2022/08/25/hello-world/feed/ HTTP/2" 200 701 "https://test.kwalies.sd/2022/08/25/hello-world/" "Mozilla/5.0 AppleWebKit/537.36 (KHTML, like Gecko; compatible; GPTBot/1.3; +https://openai.com/gptbot)"
74.7.242.21 - - [21/Mar/2026:10:04:19 +0000] "GET /wp-json/wp/v2/users/1 HTTP/2" 200 305 "https://test.kwalies.sd/author/malaz/" "Mozilla/5.0 AppleWebKit/537.36 (KHTML, like Gecko; compatible; GPTBot/1.3; +https://openai.com/gptbot)"
74.7.242.21 - - [21/Mar/2026:10:04:20 +0000] "GET /wp-json/oembed/1.0/embed?url=https%3A%2F%2Ftest.kwalies.sd%2F2022%2F08%2F25%2Fhello-world%2F HTTP/2" 200 1056 "https://test.kwalies.sd/2022/08/25/hello-world/" "Mozilla/5.0 AppleWebKit/537.36 (KHTML, like Gecko; compatible; GPTBot/1.3; +https://openai.com/gptbot)"
74.7.242.21 - - [21/Mar/2026:10:04:20 +0000] "GET /wp-json/wp/v2/pages/2 HTTP/2" 200 1118 "https://test.kwalies.sd/sample-page/" "Mozilla/5.0 AppleWebKit/537.36 (KHTML, like Gecko; compatible; GPTBot/1.3; +https://openai.com/gptbot)"
74.7.242.21 - - [21/Mar/2026:10:04:21 +0000] "GET /wp-json/oembed/1.0/embed?url=https%3A%2F%2Ftest.kwalies.sd%2Fsample-page%2F HTTP/2" 200 1043 "https://test.kwalies.sd/sample-page/" "Mozilla/5.0 AppleWebKit/537.36 (KHTML, like Gecko; compatible; GPTBot/1.3; +https://openai.com/gptbot)"
170.10.162.87 - - [21/Mar/2026:09:21:44 +0000] "POST /wp-cron.php?doing_wp_cron=1774084904.4366719722747802734375 HTTP/1.1" 200 0 "-" "WordPress/6.9.4; https://test.kwalies.sd"
170.10.162.87 - - [21/Mar/2026:09:21:44 +0000] "POST /wp-admin/admin-ajax.php?action=async_litespeed&nonce=3IaTADPHbO3iO6bpHqczf1NMxOdKxFF1&litespeed_type=imgoptm HTTP/1.1" 200 5 "-" "WordPress/6.9.4; https://test.kwalies.sd"
170.10.162.87 - - [21/Mar/2026:10:03:51 +0000] "POST /wp-cron.php?doing_wp_cron=1774087431.0767900943756103515625 HTTP/1.1" 200 0 "-" "WordPress/6.9.4; https://test.kwalies.sd"
74.7.175.165 - - [21/Mar/2026:10:03:49 +0000] "GET /robots.txt HTTP/2" 200 94 "-" "Mozilla/5.0 (Macintosh; Intel Mac OS X 10_15_7) AppleWebKit/537.36 (KHTML, like Gecko) Chrome/131.0.0.0 Safari/537.36; compatible; OAI-SearchBot/1.3; robots.txt; +https://openai.com/searchbot"
57.141.6.51 - - [21/Mar/2026:10:04:05 +0000] "GET /wp-sitemap-posts-post-1.xml HTTP/2" 200 304 "-" "meta-externalagent/1.1 (+https://developers.facebook.com/docs/sharing/webmasters/crawler)"
170.10.162.87 - - [21/Mar/2026:10:04:14 +0000] "POST /wp-cron.php?doing_wp_cron=1774087454.7564499378204345703125 HTTP/1.1" 200 0 "-" "WordPress/6.9.4; https://test.kwalies.sd"
170.10.162.87 - - [21/Mar/2026:10:05:56 +0000] "POST /wp-cron.php?doing_wp_cron=1774087556.4684669971466064453125 HTTP/1.1" 200 0 "-" "WordPress/6.9.4; https://test.kwalies.sd"
170.10.162.87 - - [21/Mar/2026:10:05:56 +0000] "POST /wp-admin/admin-ajax.php?action=async_litespeed&nonce=XPYNVz6GhYtyJa3CJmZxAdkElZGs5r55&litespeed_type=imgoptm HTTP/1.1" 200 5 "-" "WordPress/6.9.4; https://test.kwalies.sd"
74.7.242.21 - - [21/Mar/2026:10:04:21 +0000] "GET /wp-json/wp/v2/posts/1 HTTP/2" 200 670 "https://test.kwalies.sd/2022/08/25/hello-world/" "Mozilla/5.0 AppleWebKit/537.36 (KHTML, like Gecko; compatible; GPTBot/1.3; +https://openai.com/gptbot)"
74.7.242.21 - - [21/Mar/2026:10:04:22 +0000] "GET /wp-includes/js/comment-reply.min.js?ver=6.9.4 HTTP/2" 200 1247 "https://test.kwalies.sd/2022/08/25/hello-world/" "Mozilla/5.0 AppleWebKit/537.36 (KHTML, like Gecko; compatible; GPTBot/1.3; +https://openai.com/gptbot)"
74.7.242.21 - - [21/Mar/2026:10:04:22 +0000] "GET /wp-json/oembed/1.0/embed?format=xml&url=https%3A%2F%2Ftest.kwalies.sd%2F2022%2F08%2F25%2Fhello-world%2F HTTP/2" 200 1098 "https://test.kwalies.sd/2022/08/25/hello-world/" "Mozilla/5.0 AppleWebKit/537.36 (KHTML, like Gecko; compatible; GPTBot/1.3; +https://openai.com/gptbot)"
74.7.242.21 - - [21/Mar/2026:10:04:23 +0000] "GET /wp-json/oembed/1.0/embed?format=xml&url=https%3A%2F%2Ftest.kwalies.sd%2Fsample-page%2F HTTP/2" 200 1088 "https://test.kwalies.sd/sample-page/" "Mozilla/5.0 AppleWebKit/537.36 (KHTML, like Gecko; compatible; GPTBot/1.3; +https://openai.com/gptbot)"
74.7.242.21 - - [21/Mar/2026:10:04:23 +0000] "GET /wp-content/themes/newscard/assets/library/owl-carousel/owl.carousel.min.css?ver=2.3.4 HTTP/2" 200 915 "https://test.kwalies.sd/" "Mozilla/5.0 AppleWebKit/537.36 (KHTML, like Gecko; compatible; GPTBot/1.3; +https://openai.com/gptbot)"
57.141.6.3 - - [21/Mar/2026:10:05:56 +0000] "GET /wp-sitemap-posts-page-1.xml HTTP/2" 200 383 "-" "meta-externalagent/1.1 (+https://developers.facebook.com/docs/sharing/webmasters/crawler)"
170.10.162.87 - - [21/Mar/2026:10:12:44 +0000] "POST /wp-admin/admin-ajax.php?action=async_litespeed&nonce=1rbnxyarCUOEz3ZlplXYEKiDD6mKXtml&litespeed_type=imgoptm HTTP/1.1" 200 5 "-" "WordPress/6.9.4; https://test.kwalies.sd"
173.252.70.14 - - [21/Mar/2026:10:25:26 +0000] "GET /robots.txt HTTP/2" 200 116 "-" "facebookexternalhit/1.1 (+http://www.facebook.com/externalhit_uatext.php)"
170.10.162.87 - - [21/Mar/2026:10:58:44 +0000] "POST /wp-cron.php?doing_wp_cron=1774090724.4238619804382324218750 HTTP/1.1" 200 0 "-" "WordPress/6.9.4; https://test.kwalies.sd"
170.10.162.87 - - [21/Mar/2026:10:58:44 +0000] "POST /wp-admin/admin-ajax.php?action=async_litespeed&nonce=78KoUSUOVlQ26Jr4xpOgk32lb4IfHIUc&litespeed_type=imgoptm HTTP/1.1" 200 5 "-" "WordPress/6.9.4; https://test.kwalies.sd"
205.210.31.39 - - [21/Mar/2026:10:58:44 +0000] "GET / HTTP/1.1" 200 45833 "-" "Hello from Palo Alto Networks, find out more about our scans in https://docs-cortex.paloaltonetworks.com/r/1/Cortex-Xpanse/Scanning-activity"
170.10.162.87 - - [21/Mar/2026:10:12:44 +0000] "POST /wp-cron.php?doing_wp_cron=1774087964.4090960025787353515625 HTTP/1.1" 200 0 "-" "WordPress/6.9.4; https://test.kwalies.sd"
57.141.6.12 - - [21/Mar/2026:10:12:42 +0000] "GET /wp-sitemap-taxonomies-category-1.xml HTTP/2" 200 260 "-" "meta-externalagent/1.1 (+https://developers.facebook.com/docs/sharing/webmasters/crawler)"
173.252.70.23 - - [21/Mar/2026:10:25:24 +0000] "GET /robots.txt HTTP/2" 200 0 "-" "facebookexternalhit/1.1 (+http://www.facebook.com/externalhit_uatext.php)"
170.10.162.87 - - [21/Mar/2026:10:25:26 +0000] "POST /wp-cron.php?doing_wp_cron=1774088726.3297109603881835937500 HTTP/1.1" 200 0 "-" "WordPress/6.9.4; https://test.kwalies.sd"
170.10.162.87 - - [21/Mar/2026:10:25:26 +0000] "POST /wp-admin/admin-ajax.php?action=async_litespeed&nonce=lFhqZ5Wm5ESYOp7LmWeBBw0eVOe7AvTA&litespeed_type=imgoptm HTTP/1.1" 200 5 "-" "WordPress/6.9.4; https://test.kwalies.sd"
57.141.6.9 - - [21/Mar/2026:10:25:27 +0000] "GET /wp-sitemap.xml HTTP/2" 200 537 "-" "meta-externalagent/1.1 (+https://developers.facebook.com/docs/sharing/webmasters/crawler)"
205.210.31.39 - - [21/Mar/2026:10:58:42 +0000] "GET / HTTP/1.1" 301 0 "-" "Hello from Palo Alto Networks, find out more about our scans in https://docs-cortex.paloaltonetworks.com/r/1/Cortex-Xpanse/Scanning-activity"
74.7.228.55 - - [21/Mar/2026:12:18:12 +0000] "GET /robots.txt HTTP/2" 301 0 "-" "Mozilla/5.0 (Macintosh; Intel Mac OS X 10_15_7) AppleWebKit/537.36 (KHTML, like Gecko) Chrome/131.0.0.0 Safari/537.36; compatible; OAI-SearchBot/1.3; robots.txt; +https://openai.com/searchbot"
170.10.162.87 - - [21/Mar/2026:12:18:14 +0000] "POST /wp-admin/admin-ajax.php?action=async_litespeed&nonce=nIbQkLD2dOmAutd0zv1Ec8dlK9ecW3zG&litespeed_type=imgoptm HTTP/1.1" 200 5 "-" "WordPress/6.9.4; https://test.kwalies.sd"
170.10.162.87 - - [21/Mar/2026:12:18:14 +0000] "POST /wp-cron.php?doing_wp_cron=1774095493.9831030368804931640625 HTTP/1.1" 200 0 "-" "WordPress/6.9.4; https://test.kwalies.sd"
170.10.162.87 - - [21/Mar/2026:12:18:14 +0000] "POST /wp-cron.php?doing_wp_cron=1774095493.9846589565277099609375 HTTP/1.1" 200 0 "-" "WordPress/6.9.4; https://test.kwalies.sd"
74.7.227.153 - - [21/Mar/2026:12:18:12 +0000] "GET / HTTP/2" 301 0 "-" "Mozilla/5.0 AppleWebKit/537.36 (KHTML, like Gecko; compatible; GPTBot/1.3; +https://openai.com/gptbot)"
74.7.228.55 - - [21/Mar/2026:12:18:14 +0000] "GET /robots.txt HTTP/2" 200 94 "https://www.test.kwalies.sd/robots.txt" "Mozilla/5.0 (Macintosh; Intel Mac OS X 10_15_7) AppleWebKit/537.36 (KHTML, like Gecko) Chrome/131.0.0.0 Safari/537.36; compatible; OAI-SearchBot/1.3; robots.txt; +https://openai.com/searchbot"
/home/kwaliess/public_html/ce7bb/../../tmp/../access-logs/test.kwalies.sd-ssl_log